{"id":500,"date":"2022-01-20T17:09:52","date_gmt":"2022-01-20T17:09:52","guid":{"rendered":"https:\/\/lubrimas.pe\/empresas\/?post_type=product&#038;p=500"},"modified":"2022-02-28T18:55:41","modified_gmt":"2022-02-28T18:55:41","slug":"akron-vektor-refcom-ab-68","status":"publish","type":"product","link":"https:\/\/lubrimas.pe\/empresas\/productos\/akron-vektor-refcom-ab-68\/","title":{"rendered":"AKRON VEKTOR REFCOM AB 68"},"content":{"rendered":"","protected":false},"excerpt":{"rendered":"<div class=\"bDfMI\" role=\"gridcell\">\n<div id=\"comp-kawle1pi1__1ced1dfd-0851-4117-8042-b24d9efaa4b5\" class=\"_1HpZ_\">\n<div class=\"\" data-mesh-id=\"comp-kawle1pi1__1ced1dfd-0851-4117-8042-b24d9efaa4b5inlineContent\" data-testid=\"inline-content\">\n<div data-mesh-id=\"comp-kawle1pi1__1ced1dfd-0851-4117-8042-b24d9efaa4b5inlineContent-gridContainer\" data-testid=\"mesh-container-content\">\n<div id=\"comp-kawle1qs__1ced1dfd-0851-4117-8042-b24d9efaa4b5\" class=\"_1Z_nJ\" data-testid=\"richTextElement\">\n<div class=\"bDfMI\" role=\"gridcell\">\n<div id=\"comp-kawle1pi1__106fd2ee-050a-4985-ac83-bdc1e313eab1\" class=\"_1HpZ_\">\n<div class=\"\" data-mesh-id=\"comp-kawle1pi1__106fd2ee-050a-4985-ac83-bdc1e313eab1inlineContent\" data-testid=\"inline-content\">\n<div data-mesh-id=\"comp-kawle1pi1__106fd2ee-050a-4985-ac83-bdc1e313eab1inlineContent-gridContainer\" data-testid=\"mesh-container-content\">\n<div id=\"comp-kawle1qs__106fd2ee-050a-4985-ac83-bdc1e313eab1\" class=\"_1Z_nJ\" data-testid=\"richTextElement\">\n<div class=\"bDfMI\" role=\"gridcell\">\n<div id=\"comp-kawle1pi1__ad1ff7bf-add1-48ba-baa5-18fa2ea78bc3\" class=\"_1HpZ_\">\n<div class=\"\" data-mesh-id=\"comp-kawle1pi1__ad1ff7bf-add1-48ba-baa5-18fa2ea78bc3inlineContent\" data-testid=\"inline-content\">\n<div data-mesh-id=\"comp-kawle1pi1__ad1ff7bf-add1-48ba-baa5-18fa2ea78bc3inlineContent-gridContainer\" data-testid=\"mesh-container-content\">\n<div id=\"comp-kawle1qs__ad1ff7bf-add1-48ba-baa5-18fa2ea78bc3\" class=\"_1Z_nJ\" data-testid=\"richTextElement\">\n<p class=\"font_8\">Aceite sint\u00e9tico base alquilbenceno (AB) para compresores de refrigeraci\u00f3n que utilicen amon\u00edaco o CFC como refrigerante.<\/p>\n<\/div>\n<\/div>\n<\/div>\n<\/div>\n<\/div>\n<\/div>\n<\/div>\n<\/div>\n<\/div>\n<\/div>\n<div class=\"bDfMI\" role=\"gridcell\">\n<div id=\"comp-kawle1pi1__ad1ff7bf-add1-48ba-baa5-18fa2ea78bc3\" class=\"_1HpZ_\">\n<div id=\"bgLayers_comp-kawle1pi1\" class=\"_3_wbk\"><\/div>\n<\/div>\n<\/div>\n<\/div>\n<\/div>\n<\/div>\n<\/div>\n<\/div>\n<div class=\"bDfMI\" role=\"gridcell\">\n<div id=\"comp-kawle1pi1__c18e1817-d852-477c-a3c2-72a3da83e64e\" class=\"_1HpZ_\">\n<div id=\"bgLayers_comp-kawle1pi1\" class=\"_3_wbk\"><\/div>\n<\/div>\n<\/div>\n","protected":false},"featured_media":816,"comment_status":"closed","ping_status":"closed","template":"","meta":[],"product_brand":[],"product_cat":[104],"product_tag":[26],"class_list":{"0":"post-500","1":"product","2":"type-product","3":"status-publish","4":"has-post-thumbnail","6":"product_cat-embarcaciones","7":"product_tag-marinos-y-pesca","8":"pa_marca-akron","9":"pa_presentacion-5gl-20lt","10":"pa_presentacion-cilindro-55gl","12":"first","13":"instock","14":"shipping-taxable","15":"purchasable","16":"product-type-variable","17":"has-default-attributes"},"yoast_head":"<!-- This site is optimized with the Yoast SEO plugin v27.1.1 - https:\/\/yoast.com\/product\/yoast-seo-wordpress\/ -->\n<title>AKRON VEKTOR REFCOM AB 68 - Lubrim\u00e1s Empresas<\/title>\n<meta name=\"robots\" content=\"index, follow, max-snippet:-1, max-image-preview:large, max-video-preview:-1\" \/>\n<link rel=\"canonical\" href=\"https:\/\/lubrimas.pe\/empresas\/productos\/akron-vektor-refcom-ab-68\/\" \/>\n<meta property=\"og:locale\" content=\"es_ES\" \/>\n<meta property=\"og:type\" content=\"article\" \/>\n<meta property=\"og:title\" content=\"AKRON VEKTOR REFCOM AB 68 - Lubrim\u00e1s Empresas\" \/>\n<meta property=\"og:description\" content=\"Aceite sint\u00e9tico base alquilbenceno (AB) para compresores de refrigeraci\u00f3n que utilicen amon\u00edaco o CFC como refrigerante.\" \/>\n<meta property=\"og:url\" content=\"https:\/\/lubrimas.pe\/empresas\/productos\/akron-vektor-refcom-ab-68\/\" \/>\n<meta property=\"og:site_name\" content=\"Lubrim\u00e1s Empresas\" \/>\n<meta property=\"article:publisher\" content=\"https:\/\/www.facebook.com\/lubrimasperu\" \/>\n<meta property=\"article:modified_time\" content=\"2022-02-28T18:55:41+00:00\" \/>\n<meta property=\"og:image\" content=\"https:\/\/lubrimas.pe\/empresas\/wp-content\/uploads\/sites\/2\/2022\/02\/lubrimasperu-aceite-akron-quartolitro-balde-20l-losolivos-lima-peru.jpg.webp\" \/>\n\t<meta property=\"og:image:width\" content=\"850\" \/>\n\t<meta property=\"og:image:height\" content=\"1000\" \/>\n\t<meta property=\"og:image:type\" content=\"image\/webp\" \/>\n<meta name=\"twitter:card\" content=\"summary_large_image\" \/>\n<script type=\"application\/ld+json\" class=\"yoast-schema-graph\">{\"@context\":\"https:\/\/schema.org\",\"@graph\":[{\"@type\":\"WebPage\",\"@id\":\"https:\/\/lubrimas.pe\/empresas\/productos\/akron-vektor-refcom-ab-68\/\",\"url\":\"https:\/\/lubrimas.pe\/empresas\/productos\/akron-vektor-refcom-ab-68\/\",\"name\":\"AKRON VEKTOR REFCOM AB 68 - Lubrim\u00e1s Empresas\",\"isPartOf\":{\"@id\":\"https:\/\/lubrimas.pe\/empresas\/#website\"},\"primaryImageOfPage\":{\"@id\":\"https:\/\/lubrimas.pe\/empresas\/productos\/akron-vektor-refcom-ab-68\/#primaryimage\"},\"image\":{\"@id\":\"https:\/\/lubrimas.pe\/empresas\/productos\/akron-vektor-refcom-ab-68\/#primaryimage\"},\"thumbnailUrl\":\"https:\/\/lubrimas.pe\/empresas\/wp-content\/uploads\/sites\/2\/2022\/02\/lubrimasperu-aceite-akron-quartolitro-balde-20l-losolivos-lima-peru.jpg.webp\",\"datePublished\":\"2022-01-20T17:09:52+00:00\",\"dateModified\":\"2022-02-28T18:55:41+00:00\",\"breadcrumb\":{\"@id\":\"https:\/\/lubrimas.pe\/empresas\/productos\/akron-vektor-refcom-ab-68\/#breadcrumb\"},\"inLanguage\":\"es\",\"potentialAction\":[{\"@type\":\"ReadAction\",\"target\":[\"https:\/\/lubrimas.pe\/empresas\/productos\/akron-vektor-refcom-ab-68\/\"]}]},{\"@type\":\"ImageObject\",\"inLanguage\":\"es\",\"@id\":\"https:\/\/lubrimas.pe\/empresas\/productos\/akron-vektor-refcom-ab-68\/#primaryimage\",\"url\":\"https:\/\/lubrimas.pe\/empresas\/wp-content\/uploads\/sites\/2\/2022\/02\/lubrimasperu-aceite-akron-quartolitro-balde-20l-losolivos-lima-peru.jpg.webp\",\"contentUrl\":\"https:\/\/lubrimas.pe\/empresas\/wp-content\/uploads\/sites\/2\/2022\/02\/lubrimasperu-aceite-akron-quartolitro-balde-20l-losolivos-lima-peru.jpg.webp\",\"width\":850,\"height\":1000},{\"@type\":\"BreadcrumbList\",\"@id\":\"https:\/\/lubrimas.pe\/empresas\/productos\/akron-vektor-refcom-ab-68\/#breadcrumb\",\"itemListElement\":[{\"@type\":\"ListItem\",\"position\":1,\"name\":\"Portada\",\"item\":\"https:\/\/lubrimas.pe\/empresas\/\"},{\"@type\":\"ListItem\",\"position\":2,\"name\":\"Lubricantes (Cat\u00e1logo)\",\"item\":\"https:\/\/lubrimas.pe\/empresas\/productos\/\"},{\"@type\":\"ListItem\",\"position\":3,\"name\":\"AKRON VEKTOR REFCOM AB 68\"}]},{\"@type\":\"WebSite\",\"@id\":\"https:\/\/lubrimas.pe\/empresas\/#website\",\"url\":\"https:\/\/lubrimas.pe\/empresas\/\",\"name\":\"Lubrim\u00e1s Empresas\",\"description\":\"Distribuidor Autorizado de Lubricantes para el sector Automotor e Industrial\",\"publisher\":{\"@id\":\"https:\/\/lubrimas.pe\/empresas\/#organization\"},\"potentialAction\":[{\"@type\":\"SearchAction\",\"target\":{\"@type\":\"EntryPoint\",\"urlTemplate\":\"https:\/\/lubrimas.pe\/empresas\/?s={search_term_string}\"},\"query-input\":{\"@type\":\"PropertyValueSpecification\",\"valueRequired\":true,\"valueName\":\"search_term_string\"}}],\"inLanguage\":\"es\"},{\"@type\":\"Organization\",\"@id\":\"https:\/\/lubrimas.pe\/empresas\/#organization\",\"name\":\"Lubrimas.pe\",\"url\":\"https:\/\/lubrimas.pe\/empresas\/\",\"logo\":{\"@type\":\"ImageObject\",\"inLanguage\":\"es\",\"@id\":\"https:\/\/lubrimas.pe\/empresas\/#\/schema\/logo\/image\/\",\"url\":\"https:\/\/lubrimas.pe\/empresas\/wp-content\/uploads\/sites\/2\/2022\/03\/tarjeta-empresas.webp\",\"contentUrl\":\"https:\/\/lubrimas.pe\/empresas\/wp-content\/uploads\/sites\/2\/2022\/03\/tarjeta-empresas.webp\",\"width\":250,\"height\":250,\"caption\":\"Lubrimas.pe\"},\"image\":{\"@id\":\"https:\/\/lubrimas.pe\/empresas\/#\/schema\/logo\/image\/\"},\"sameAs\":[\"https:\/\/www.facebook.com\/lubrimasperu\",\"https:\/\/www.instagram.com\/lubrimas_pe\",\"https:\/\/www.youtube.com\/channel\/UCkp38n2qqb8SU60_v_gaKlg\"]}]}<\/script>\n<!-- \/ Yoast SEO plugin. -->","yoast_head_json":{"title":"AKRON VEKTOR REFCOM AB 68 - Lubrim\u00e1s Empresas","robots":{"index":"index","follow":"follow","max-snippet":"max-snippet:-1","max-image-preview":"max-image-preview:large","max-video-preview":"max-video-preview:-1"},"canonical":"https:\/\/lubrimas.pe\/empresas\/productos\/akron-vektor-refcom-ab-68\/","og_locale":"es_ES","og_type":"article","og_title":"AKRON VEKTOR REFCOM AB 68 - Lubrim\u00e1s Empresas","og_description":"Aceite sint\u00e9tico base alquilbenceno (AB) para compresores de refrigeraci\u00f3n que utilicen amon\u00edaco o CFC como refrigerante.","og_url":"https:\/\/lubrimas.pe\/empresas\/productos\/akron-vektor-refcom-ab-68\/","og_site_name":"Lubrim\u00e1s Empresas","article_publisher":"https:\/\/www.facebook.com\/lubrimasperu","article_modified_time":"2022-02-28T18:55:41+00:00","og_image":[{"width":850,"height":1000,"url":"https:\/\/lubrimas.pe\/empresas\/wp-content\/uploads\/sites\/2\/2022\/02\/lubrimasperu-aceite-akron-quartolitro-balde-20l-losolivos-lima-peru.jpg.webp","type":"image\/webp"}],"twitter_card":"summary_large_image","schema":{"@context":"https:\/\/schema.org","@graph":[{"@type":"WebPage","@id":"https:\/\/lubrimas.pe\/empresas\/productos\/akron-vektor-refcom-ab-68\/","url":"https:\/\/lubrimas.pe\/empresas\/productos\/akron-vektor-refcom-ab-68\/","name":"AKRON VEKTOR REFCOM AB 68 - Lubrim\u00e1s Empresas","isPartOf":{"@id":"https:\/\/lubrimas.pe\/empresas\/#website"},"primaryImageOfPage":{"@id":"https:\/\/lubrimas.pe\/empresas\/productos\/akron-vektor-refcom-ab-68\/#primaryimage"},"image":{"@id":"https:\/\/lubrimas.pe\/empresas\/productos\/akron-vektor-refcom-ab-68\/#primaryimage"},"thumbnailUrl":"https:\/\/lubrimas.pe\/empresas\/wp-content\/uploads\/sites\/2\/2022\/02\/lubrimasperu-aceite-akron-quartolitro-balde-20l-losolivos-lima-peru.jpg.webp","datePublished":"2022-01-20T17:09:52+00:00","dateModified":"2022-02-28T18:55:41+00:00","breadcrumb":{"@id":"https:\/\/lubrimas.pe\/empresas\/productos\/akron-vektor-refcom-ab-68\/#breadcrumb"},"inLanguage":"es","potentialAction":[{"@type":"ReadAction","target":["https:\/\/lubrimas.pe\/empresas\/productos\/akron-vektor-refcom-ab-68\/"]}]},{"@type":"ImageObject","inLanguage":"es","@id":"https:\/\/lubrimas.pe\/empresas\/productos\/akron-vektor-refcom-ab-68\/#primaryimage","url":"https:\/\/lubrimas.pe\/empresas\/wp-content\/uploads\/sites\/2\/2022\/02\/lubrimasperu-aceite-akron-quartolitro-balde-20l-losolivos-lima-peru.jpg.webp","contentUrl":"https:\/\/lubrimas.pe\/empresas\/wp-content\/uploads\/sites\/2\/2022\/02\/lubrimasperu-aceite-akron-quartolitro-balde-20l-losolivos-lima-peru.jpg.webp","width":850,"height":1000},{"@type":"BreadcrumbList","@id":"https:\/\/lubrimas.pe\/empresas\/productos\/akron-vektor-refcom-ab-68\/#breadcrumb","itemListElement":[{"@type":"ListItem","position":1,"name":"Portada","item":"https:\/\/lubrimas.pe\/empresas\/"},{"@type":"ListItem","position":2,"name":"Lubricantes (Cat\u00e1logo)","item":"https:\/\/lubrimas.pe\/empresas\/productos\/"},{"@type":"ListItem","position":3,"name":"AKRON VEKTOR REFCOM AB 68"}]},{"@type":"WebSite","@id":"https:\/\/lubrimas.pe\/empresas\/#website","url":"https:\/\/lubrimas.pe\/empresas\/","name":"Lubrim\u00e1s Empresas","description":"Distribuidor Autorizado de Lubricantes para el sector Automotor e Industrial","publisher":{"@id":"https:\/\/lubrimas.pe\/empresas\/#organization"},"potentialAction":[{"@type":"SearchAction","target":{"@type":"EntryPoint","urlTemplate":"https:\/\/lubrimas.pe\/empresas\/?s={search_term_string}"},"query-input":{"@type":"PropertyValueSpecification","valueRequired":true,"valueName":"search_term_string"}}],"inLanguage":"es"},{"@type":"Organization","@id":"https:\/\/lubrimas.pe\/empresas\/#organization","name":"Lubrimas.pe","url":"https:\/\/lubrimas.pe\/empresas\/","logo":{"@type":"ImageObject","inLanguage":"es","@id":"https:\/\/lubrimas.pe\/empresas\/#\/schema\/logo\/image\/","url":"https:\/\/lubrimas.pe\/empresas\/wp-content\/uploads\/sites\/2\/2022\/03\/tarjeta-empresas.webp","contentUrl":"https:\/\/lubrimas.pe\/empresas\/wp-content\/uploads\/sites\/2\/2022\/03\/tarjeta-empresas.webp","width":250,"height":250,"caption":"Lubrimas.pe"},"image":{"@id":"https:\/\/lubrimas.pe\/empresas\/#\/schema\/logo\/image\/"},"sameAs":["https:\/\/www.facebook.com\/lubrimasperu","https:\/\/www.instagram.com\/lubrimas_pe","https:\/\/www.youtube.com\/channel\/UCkp38n2qqb8SU60_v_gaKlg"]}]}},"_links":{"self":[{"href":"https:\/\/lubrimas.pe\/empresas\/wp-json\/wp\/v2\/product\/500","targetHints":{"allow":["GET"]}}],"collection":[{"href":"https:\/\/lubrimas.pe\/empresas\/wp-json\/wp\/v2\/product"}],"about":[{"href":"https:\/\/lubrimas.pe\/empresas\/wp-json\/wp\/v2\/types\/product"}],"replies":[{"embeddable":true,"href":"https:\/\/lubrimas.pe\/empresas\/wp-json\/wp\/v2\/comments?post=500"}],"wp:featuredmedia":[{"embeddable":true,"href":"https:\/\/lubrimas.pe\/empresas\/wp-json\/wp\/v2\/media\/816"}],"wp:attachment":[{"href":"https:\/\/lubrimas.pe\/empresas\/wp-json\/wp\/v2\/media?parent=500"}],"wp:term":[{"taxonomy":"product_brand","embeddable":true,"href":"https:\/\/lubrimas.pe\/empresas\/wp-json\/wp\/v2\/product_brand?post=500"},{"taxonomy":"product_cat","embeddable":true,"href":"https:\/\/lubrimas.pe\/empresas\/wp-json\/wp\/v2\/product_cat?post=500"},{"taxonomy":"product_tag","embeddable":true,"href":"https:\/\/lubrimas.pe\/empresas\/wp-json\/wp\/v2\/product_tag?post=500"}],"curies":[{"name":"wp","href":"https:\/\/api.w.org\/{rel}","templated":true}]}}