{"id":527,"date":"2022-01-20T17:10:01","date_gmt":"2022-01-20T17:10:01","guid":{"rendered":"https:\/\/lubrimas.pe\/empresas\/?post_type=product&#038;p=527"},"modified":"2022-02-28T18:12:33","modified_gmt":"2022-02-28T18:12:33","slug":"akron-custom-ci-4-plus-sae-15w40","status":"publish","type":"product","link":"https:\/\/lubrimas.pe\/empresas\/productos\/akron-custom-ci-4-plus-sae-15w40\/","title":{"rendered":"AKRON CUSTOM CI-4 PLUS SAE 15W40"},"content":{"rendered":"","protected":false},"excerpt":{"rendered":"<div class=\"bDfMI\" role=\"gridcell\">\n<div id=\"comp-kawle1pi1__1ced1dfd-0851-4117-8042-b24d9efaa4b5\" class=\"_1HpZ_\">\n<div class=\"\" data-mesh-id=\"comp-kawle1pi1__1ced1dfd-0851-4117-8042-b24d9efaa4b5inlineContent\" data-testid=\"inline-content\">\n<div data-mesh-id=\"comp-kawle1pi1__1ced1dfd-0851-4117-8042-b24d9efaa4b5inlineContent-gridContainer\" data-testid=\"mesh-container-content\">\n<div id=\"comp-kawle1qs__1ced1dfd-0851-4117-8042-b24d9efaa4b5\" class=\"_1Z_nJ\" data-testid=\"richTextElement\">\n<div class=\"bDfMI\" role=\"gridcell\">\n<div id=\"comp-kawle1pi1__106fd2ee-050a-4985-ac83-bdc1e313eab1\" class=\"_1HpZ_\">\n<div class=\"\" data-mesh-id=\"comp-kawle1pi1__106fd2ee-050a-4985-ac83-bdc1e313eab1inlineContent\" data-testid=\"inline-content\">\n<div data-mesh-id=\"comp-kawle1pi1__106fd2ee-050a-4985-ac83-bdc1e313eab1inlineContent-gridContainer\" data-testid=\"mesh-container-content\">\n<div id=\"comp-kawle1qs__106fd2ee-050a-4985-ac83-bdc1e313eab1\" class=\"_1Z_nJ\" data-testid=\"richTextElement\">\n<div class=\"bDfMI\" role=\"gridcell\">\n<div id=\"comp-kawle1pi1__ad1ff7bf-add1-48ba-baa5-18fa2ea78bc3\" class=\"_1HpZ_\">\n<div class=\"\" data-mesh-id=\"comp-kawle1pi1__ad1ff7bf-add1-48ba-baa5-18fa2ea78bc3inlineContent\" data-testid=\"inline-content\">\n<div data-mesh-id=\"comp-kawle1pi1__ad1ff7bf-add1-48ba-baa5-18fa2ea78bc3inlineContent-gridContainer\" data-testid=\"mesh-container-content\">\n<div id=\"comp-kawle1qs__ad1ff7bf-add1-48ba-baa5-18fa2ea78bc3\" class=\"_1Z_nJ\" data-testid=\"richTextElement\">\n<div class=\"bDfMI\" role=\"gridcell\">\n<div id=\"comp-kawle1pi1__3b9e3131-8855-4c4e-bc0d-f25c5c0919e0\" class=\"_1HpZ_\">\n<div class=\"\" data-mesh-id=\"comp-kawle1pi1__3b9e3131-8855-4c4e-bc0d-f25c5c0919e0inlineContent\" data-testid=\"inline-content\">\n<div data-mesh-id=\"comp-kawle1pi1__3b9e3131-8855-4c4e-bc0d-f25c5c0919e0inlineContent-gridContainer\" data-testid=\"mesh-container-content\">\n<div id=\"comp-kawle1qs__3b9e3131-8855-4c4e-bc0d-f25c5c0919e0\" class=\"_1Z_nJ\" data-testid=\"richTextElement\">\n<div class=\"bDfMI\" role=\"gridcell\">\n<div id=\"comp-kawmj6xk__2b86aff6-f685-4341-a43d-c33aca6e5526\" class=\"_1HpZ_\">\n<div class=\"\" data-mesh-id=\"comp-kawmj6xk__2b86aff6-f685-4341-a43d-c33aca6e5526inlineContent\" data-testid=\"inline-content\">\n<div data-mesh-id=\"comp-kawmj6xk__2b86aff6-f685-4341-a43d-c33aca6e5526inlineContent-gridContainer\" data-testid=\"mesh-container-content\">\n<div id=\"comp-kawmj6yu__2b86aff6-f685-4341-a43d-c33aca6e5526\" class=\"_1Z_nJ\" data-testid=\"richTextElement\">\n<div class=\"bDfMI\" role=\"gridcell\">\n<div id=\"comp-kawmj6xk__d4fb8713-5768-447e-94f9-12486cb8a06e\" class=\"_1HpZ_\">\n<div class=\"\" data-mesh-id=\"comp-kawmj6xk__d4fb8713-5768-447e-94f9-12486cb8a06einlineContent\" data-testid=\"inline-content\">\n<div data-mesh-id=\"comp-kawmj6xk__d4fb8713-5768-447e-94f9-12486cb8a06einlineContent-gridContainer\" data-testid=\"mesh-container-content\">\n<div id=\"comp-kawmj6yu__d4fb8713-5768-447e-94f9-12486cb8a06e\" class=\"_1Z_nJ\" data-testid=\"richTextElement\">\n<div class=\"bDfMI\" role=\"gridcell\">\n<div id=\"comp-kawmj6xk__47badc55-31a5-4c9c-8355-224ed55f046b\" class=\"_1HpZ_\">\n<div class=\"\" data-mesh-id=\"comp-kawmj6xk__47badc55-31a5-4c9c-8355-224ed55f046binlineContent\" data-testid=\"inline-content\">\n<div data-mesh-id=\"comp-kawmj6xk__47badc55-31a5-4c9c-8355-224ed55f046binlineContent-gridContainer\" data-testid=\"mesh-container-content\">\n<div id=\"comp-kawmj6yu__47badc55-31a5-4c9c-8355-224ed55f046b\" class=\"_1Z_nJ\" data-testid=\"richTextElement\">\n<div class=\"bDfMI\" role=\"gridcell\">\n<div id=\"comp-kawmj6xk__8e308949-a500-438e-9940-d2d925088790\" class=\"_1HpZ_\">\n<div class=\"\" data-mesh-id=\"comp-kawmj6xk__8e308949-a500-438e-9940-d2d925088790inlineContent\" data-testid=\"inline-content\">\n<div data-mesh-id=\"comp-kawmj6xk__8e308949-a500-438e-9940-d2d925088790inlineContent-gridContainer\" data-testid=\"mesh-container-content\">\n<div id=\"comp-kawmj6yu__8e308949-a500-438e-9940-d2d925088790\" class=\"_1Z_nJ\" data-testid=\"richTextElement\">\n<div class=\"bDfMI\" role=\"gridcell\">\n<div id=\"comp-kawmj6xk__272b00fa-cba3-4400-b08a-be9e38f04947\" class=\"_1HpZ_\">\n<div class=\"\" data-mesh-id=\"comp-kawmj6xk__272b00fa-cba3-4400-b08a-be9e38f04947inlineContent\" data-testid=\"inline-content\">\n<div data-mesh-id=\"comp-kawmj6xk__272b00fa-cba3-4400-b08a-be9e38f04947inlineContent-gridContainer\" data-testid=\"mesh-container-content\">\n<div id=\"comp-kawmj6yu__272b00fa-cba3-4400-b08a-be9e38f04947\" class=\"_1Z_nJ\" data-testid=\"richTextElement\">\n<div class=\"bDfMI\" role=\"gridcell\">\n<div id=\"comp-kawmj6xk__3bc615ca-4bc3-4d40-8d28-26eaa4173874\" class=\"_1HpZ_\">\n<div class=\"\" data-mesh-id=\"comp-kawmj6xk__3bc615ca-4bc3-4d40-8d28-26eaa4173874inlineContent\" data-testid=\"inline-content\">\n<div data-mesh-id=\"comp-kawmj6xk__3bc615ca-4bc3-4d40-8d28-26eaa4173874inlineContent-gridContainer\" data-testid=\"mesh-container-content\">\n<div id=\"comp-kawmj6yu__3bc615ca-4bc3-4d40-8d28-26eaa4173874\" class=\"_1Z_nJ\" data-testid=\"richTextElement\">\n<p class=\"font_8\">Aceite multigrado para motor di\u00e9sel con sistema EGR que trabajan bajo severas condiciones de operaci\u00f3n. Cuenta con aprobaciones Volvo, Cummins, Mack, Detroit Diesel, Mercedes Benz. Recomendado para motores de transporte pesado de carga, pasajeros, construcci\u00f3n, miner\u00eda, marina, flotas mixtas, etc.<\/p>\n<\/div>\n<\/div>\n<\/div>\n<\/div>\n<\/div>\n<\/div>\n<\/div>\n<\/div>\n<\/div>\n<\/div>\n<div class=\"bDfMI\" role=\"gridcell\">\n<div id=\"comp-kawmj6xk__3bc615ca-4bc3-4d40-8d28-26eaa4173874\" class=\"_1HpZ_\">\n<div id=\"bgLayers_comp-kawmj6xk\" class=\"_3_wbk\"><\/div>\n<\/div>\n<\/div>\n<\/div>\n<\/div>\n<\/div>\n<\/div>\n<\/div>\n<div class=\"bDfMI\" role=\"gridcell\">\n<div id=\"comp-kawmj6xk__5987ac68-f52c-47d1-bd1d-9e7538607c1d\" class=\"_1HpZ_\">\n<div id=\"bgLayers_comp-kawmj6xk\" class=\"_3_wbk\"><\/div>\n<\/div>\n<\/div>\n<\/div>\n<\/div>\n<\/div>\n<\/div>\n<\/div>\n<\/div>\n<\/div>\n<\/div>\n<\/div>\n<\/div>\n<div class=\"bDfMI\" role=\"gridcell\">\n<div id=\"comp-kawmj6xk__47badc55-31a5-4c9c-8355-224ed55f046b\" class=\"_1HpZ_\">\n<div id=\"bgLayers_comp-kawmj6xk\" class=\"_3_wbk\"><\/div>\n<\/div>\n<\/div>\n<\/div>\n<\/div>\n<\/div>\n<\/div>\n<\/div>\n<div class=\"bDfMI\" role=\"gridcell\">\n<div id=\"comp-kawmj6xk__9cf4ae78-d55b-4217-97b2-b03891596362\" class=\"_1HpZ_\">\n<div id=\"bgLayers_comp-kawmj6xk\" class=\"_3_wbk\"><\/div>\n<\/div>\n<\/div>\n<\/div>\n<\/div>\n<\/div>\n<\/div>\n<\/div>\n<\/div>\n<\/div>\n<\/div>\n<\/div>\n<\/div>\n<\/div>\n<\/div>\n<\/div>\n<\/div>\n<\/div>\n<div class=\"bDfMI\" role=\"gridcell\">\n<div id=\"comp-kawle1pi1__ad1ff7bf-add1-48ba-baa5-18fa2ea78bc3\" class=\"_1HpZ_\">\n<div id=\"bgLayers_comp-kawle1pi1\" class=\"_3_wbk\"><\/div>\n<\/div>\n<\/div>\n<\/div>\n<\/div>\n<\/div>\n<\/div>\n<\/div>\n<div class=\"bDfMI\" role=\"gridcell\">\n<div id=\"comp-kawle1pi1__c18e1817-d852-477c-a3c2-72a3da83e64e\" class=\"_1HpZ_\">\n<div id=\"bgLayers_comp-kawle1pi1\" class=\"_3_wbk\"><\/div>\n<\/div>\n<\/div>\n","protected":false},"featured_media":817,"comment_status":"closed","ping_status":"closed","template":"","meta":[],"product_brand":[],"product_cat":[19],"product_tag":[25,101],"class_list":{"0":"post-527","1":"product","2":"type-product","3":"status-publish","4":"has-post-thumbnail","6":"product_cat-motor-diesel","7":"product_tag-agroindustria","8":"product_tag-industria-alimenticia","9":"pa_marca-akron","10":"pa_presentacion-5gl-20lt","11":"pa_presentacion-cilindro-55gl","13":"first","14":"instock","15":"taxable","16":"shipping-taxable","17":"purchasable","18":"product-type-variable","19":"has-default-attributes"},"yoast_head":"<!-- This site is optimized with the Yoast SEO plugin v27.4 - https:\/\/yoast.com\/product\/yoast-seo-wordpress\/ -->\n<title>AKRON CUSTOM CI-4 PLUS SAE 15W40 - Lubrim\u00e1s Empresas<\/title>\n<meta name=\"robots\" content=\"index, follow, max-snippet:-1, max-image-preview:large, max-video-preview:-1\" \/>\n<link rel=\"canonical\" href=\"https:\/\/lubrimas.pe\/empresas\/productos\/akron-custom-ci-4-plus-sae-15w40\/\" \/>\n<meta property=\"og:locale\" content=\"es_ES\" \/>\n<meta property=\"og:type\" content=\"article\" \/>\n<meta property=\"og:title\" content=\"AKRON CUSTOM CI-4 PLUS SAE 15W40 - Lubrim\u00e1s Empresas\" \/>\n<meta property=\"og:description\" content=\"Aceite multigrado para motor di\u00e9sel con sistema EGR que trabajan bajo severas condiciones de operaci\u00f3n. Cuenta con aprobaciones Volvo, Cummins, Mack, Detroit Diesel, Mercedes Benz. Recomendado para motores de transporte pesado de carga, pasajeros, construcci\u00f3n, miner\u00eda, marina, flotas mixtas, etc.\" \/>\n<meta property=\"og:url\" content=\"https:\/\/lubrimas.pe\/empresas\/productos\/akron-custom-ci-4-plus-sae-15w40\/\" \/>\n<meta property=\"og:site_name\" content=\"Lubrim\u00e1s Empresas\" \/>\n<meta property=\"article:publisher\" content=\"https:\/\/www.facebook.com\/lubrimasperu\" \/>\n<meta property=\"article:modified_time\" content=\"2022-02-28T18:12:33+00:00\" \/>\n<meta property=\"og:image\" content=\"https:\/\/lubrimas.pe\/empresas\/wp-content\/uploads\/sites\/2\/2022\/02\/lubrimasperu-aceite-akron-quartolitro-cilindro-losolivos-lima-peru.jpg.webp\" \/>\n\t<meta property=\"og:image:width\" content=\"850\" \/>\n\t<meta property=\"og:image:height\" content=\"1000\" \/>\n\t<meta property=\"og:image:type\" content=\"image\/webp\" \/>\n<meta name=\"twitter:card\" content=\"summary_large_image\" \/>\n<script type=\"application\/ld+json\" class=\"yoast-schema-graph\">{\"@context\":\"https:\\\/\\\/schema.org\",\"@graph\":[{\"@type\":\"WebPage\",\"@id\":\"https:\\\/\\\/lubrimas.pe\\\/empresas\\\/productos\\\/akron-custom-ci-4-plus-sae-15w40\\\/\",\"url\":\"https:\\\/\\\/lubrimas.pe\\\/empresas\\\/productos\\\/akron-custom-ci-4-plus-sae-15w40\\\/\",\"name\":\"AKRON CUSTOM CI-4 PLUS SAE 15W40 - Lubrim\u00e1s Empresas\",\"isPartOf\":{\"@id\":\"https:\\\/\\\/lubrimas.pe\\\/empresas\\\/#website\"},\"primaryImageOfPage\":{\"@id\":\"https:\\\/\\\/lubrimas.pe\\\/empresas\\\/productos\\\/akron-custom-ci-4-plus-sae-15w40\\\/#primaryimage\"},\"image\":{\"@id\":\"https:\\\/\\\/lubrimas.pe\\\/empresas\\\/productos\\\/akron-custom-ci-4-plus-sae-15w40\\\/#primaryimage\"},\"thumbnailUrl\":\"https:\\\/\\\/lubrimas.pe\\\/empresas\\\/wp-content\\\/uploads\\\/sites\\\/2\\\/2022\\\/02\\\/lubrimasperu-aceite-akron-quartolitro-cilindro-losolivos-lima-peru.jpg.webp\",\"datePublished\":\"2022-01-20T17:10:01+00:00\",\"dateModified\":\"2022-02-28T18:12:33+00:00\",\"breadcrumb\":{\"@id\":\"https:\\\/\\\/lubrimas.pe\\\/empresas\\\/productos\\\/akron-custom-ci-4-plus-sae-15w40\\\/#breadcrumb\"},\"inLanguage\":\"es\",\"potentialAction\":[{\"@type\":\"ReadAction\",\"target\":[\"https:\\\/\\\/lubrimas.pe\\\/empresas\\\/productos\\\/akron-custom-ci-4-plus-sae-15w40\\\/\"]}]},{\"@type\":\"ImageObject\",\"inLanguage\":\"es\",\"@id\":\"https:\\\/\\\/lubrimas.pe\\\/empresas\\\/productos\\\/akron-custom-ci-4-plus-sae-15w40\\\/#primaryimage\",\"url\":\"https:\\\/\\\/lubrimas.pe\\\/empresas\\\/wp-content\\\/uploads\\\/sites\\\/2\\\/2022\\\/02\\\/lubrimasperu-aceite-akron-quartolitro-cilindro-losolivos-lima-peru.jpg.webp\",\"contentUrl\":\"https:\\\/\\\/lubrimas.pe\\\/empresas\\\/wp-content\\\/uploads\\\/sites\\\/2\\\/2022\\\/02\\\/lubrimasperu-aceite-akron-quartolitro-cilindro-losolivos-lima-peru.jpg.webp\",\"width\":850,\"height\":1000},{\"@type\":\"BreadcrumbList\",\"@id\":\"https:\\\/\\\/lubrimas.pe\\\/empresas\\\/productos\\\/akron-custom-ci-4-plus-sae-15w40\\\/#breadcrumb\",\"itemListElement\":[{\"@type\":\"ListItem\",\"position\":1,\"name\":\"Portada\",\"item\":\"https:\\\/\\\/lubrimas.pe\\\/empresas\\\/\"},{\"@type\":\"ListItem\",\"position\":2,\"name\":\"Lubricantes (Cat\u00e1logo)\",\"item\":\"https:\\\/\\\/lubrimas.pe\\\/empresas\\\/productos\\\/\"},{\"@type\":\"ListItem\",\"position\":3,\"name\":\"AKRON CUSTOM CI-4 PLUS SAE 15W40\"}]},{\"@type\":\"WebSite\",\"@id\":\"https:\\\/\\\/lubrimas.pe\\\/empresas\\\/#website\",\"url\":\"https:\\\/\\\/lubrimas.pe\\\/empresas\\\/\",\"name\":\"Lubrim\u00e1s Empresas\",\"description\":\"Distribuidor Autorizado de Lubricantes para el sector Automotor e Industrial\",\"publisher\":{\"@id\":\"https:\\\/\\\/lubrimas.pe\\\/empresas\\\/#organization\"},\"potentialAction\":[{\"@type\":\"SearchAction\",\"target\":{\"@type\":\"EntryPoint\",\"urlTemplate\":\"https:\\\/\\\/lubrimas.pe\\\/empresas\\\/?s={search_term_string}\"},\"query-input\":{\"@type\":\"PropertyValueSpecification\",\"valueRequired\":true,\"valueName\":\"search_term_string\"}}],\"inLanguage\":\"es\"},{\"@type\":\"Organization\",\"@id\":\"https:\\\/\\\/lubrimas.pe\\\/empresas\\\/#organization\",\"name\":\"Lubrimas.pe\",\"url\":\"https:\\\/\\\/lubrimas.pe\\\/empresas\\\/\",\"logo\":{\"@type\":\"ImageObject\",\"inLanguage\":\"es\",\"@id\":\"https:\\\/\\\/lubrimas.pe\\\/empresas\\\/#\\\/schema\\\/logo\\\/image\\\/\",\"url\":\"https:\\\/\\\/lubrimas.pe\\\/empresas\\\/wp-content\\\/uploads\\\/sites\\\/2\\\/2022\\\/03\\\/tarjeta-empresas.webp\",\"contentUrl\":\"https:\\\/\\\/lubrimas.pe\\\/empresas\\\/wp-content\\\/uploads\\\/sites\\\/2\\\/2022\\\/03\\\/tarjeta-empresas.webp\",\"width\":250,\"height\":250,\"caption\":\"Lubrimas.pe\"},\"image\":{\"@id\":\"https:\\\/\\\/lubrimas.pe\\\/empresas\\\/#\\\/schema\\\/logo\\\/image\\\/\"},\"sameAs\":[\"https:\\\/\\\/www.facebook.com\\\/lubrimasperu\",\"https:\\\/\\\/www.instagram.com\\\/lubrimas_pe\",\"https:\\\/\\\/www.youtube.com\\\/channel\\\/UCkp38n2qqb8SU60_v_gaKlg\"]}]}<\/script>\n<!-- \/ Yoast SEO plugin. -->","yoast_head_json":{"title":"AKRON CUSTOM CI-4 PLUS SAE 15W40 - Lubrim\u00e1s Empresas","robots":{"index":"index","follow":"follow","max-snippet":"max-snippet:-1","max-image-preview":"max-image-preview:large","max-video-preview":"max-video-preview:-1"},"canonical":"https:\/\/lubrimas.pe\/empresas\/productos\/akron-custom-ci-4-plus-sae-15w40\/","og_locale":"es_ES","og_type":"article","og_title":"AKRON CUSTOM CI-4 PLUS SAE 15W40 - Lubrim\u00e1s Empresas","og_description":"Aceite multigrado para motor di\u00e9sel con sistema EGR que trabajan bajo severas condiciones de operaci\u00f3n. Cuenta con aprobaciones Volvo, Cummins, Mack, Detroit Diesel, Mercedes Benz. Recomendado para motores de transporte pesado de carga, pasajeros, construcci\u00f3n, miner\u00eda, marina, flotas mixtas, etc.","og_url":"https:\/\/lubrimas.pe\/empresas\/productos\/akron-custom-ci-4-plus-sae-15w40\/","og_site_name":"Lubrim\u00e1s Empresas","article_publisher":"https:\/\/www.facebook.com\/lubrimasperu","article_modified_time":"2022-02-28T18:12:33+00:00","og_image":[{"width":850,"height":1000,"url":"https:\/\/lubrimas.pe\/empresas\/wp-content\/uploads\/sites\/2\/2022\/02\/lubrimasperu-aceite-akron-quartolitro-cilindro-losolivos-lima-peru.jpg.webp","type":"image\/webp"}],"twitter_card":"summary_large_image","schema":{"@context":"https:\/\/schema.org","@graph":[{"@type":"WebPage","@id":"https:\/\/lubrimas.pe\/empresas\/productos\/akron-custom-ci-4-plus-sae-15w40\/","url":"https:\/\/lubrimas.pe\/empresas\/productos\/akron-custom-ci-4-plus-sae-15w40\/","name":"AKRON CUSTOM CI-4 PLUS SAE 15W40 - Lubrim\u00e1s Empresas","isPartOf":{"@id":"https:\/\/lubrimas.pe\/empresas\/#website"},"primaryImageOfPage":{"@id":"https:\/\/lubrimas.pe\/empresas\/productos\/akron-custom-ci-4-plus-sae-15w40\/#primaryimage"},"image":{"@id":"https:\/\/lubrimas.pe\/empresas\/productos\/akron-custom-ci-4-plus-sae-15w40\/#primaryimage"},"thumbnailUrl":"https:\/\/lubrimas.pe\/empresas\/wp-content\/uploads\/sites\/2\/2022\/02\/lubrimasperu-aceite-akron-quartolitro-cilindro-losolivos-lima-peru.jpg.webp","datePublished":"2022-01-20T17:10:01+00:00","dateModified":"2022-02-28T18:12:33+00:00","breadcrumb":{"@id":"https:\/\/lubrimas.pe\/empresas\/productos\/akron-custom-ci-4-plus-sae-15w40\/#breadcrumb"},"inLanguage":"es","potentialAction":[{"@type":"ReadAction","target":["https:\/\/lubrimas.pe\/empresas\/productos\/akron-custom-ci-4-plus-sae-15w40\/"]}]},{"@type":"ImageObject","inLanguage":"es","@id":"https:\/\/lubrimas.pe\/empresas\/productos\/akron-custom-ci-4-plus-sae-15w40\/#primaryimage","url":"https:\/\/lubrimas.pe\/empresas\/wp-content\/uploads\/sites\/2\/2022\/02\/lubrimasperu-aceite-akron-quartolitro-cilindro-losolivos-lima-peru.jpg.webp","contentUrl":"https:\/\/lubrimas.pe\/empresas\/wp-content\/uploads\/sites\/2\/2022\/02\/lubrimasperu-aceite-akron-quartolitro-cilindro-losolivos-lima-peru.jpg.webp","width":850,"height":1000},{"@type":"BreadcrumbList","@id":"https:\/\/lubrimas.pe\/empresas\/productos\/akron-custom-ci-4-plus-sae-15w40\/#breadcrumb","itemListElement":[{"@type":"ListItem","position":1,"name":"Portada","item":"https:\/\/lubrimas.pe\/empresas\/"},{"@type":"ListItem","position":2,"name":"Lubricantes (Cat\u00e1logo)","item":"https:\/\/lubrimas.pe\/empresas\/productos\/"},{"@type":"ListItem","position":3,"name":"AKRON CUSTOM CI-4 PLUS SAE 15W40"}]},{"@type":"WebSite","@id":"https:\/\/lubrimas.pe\/empresas\/#website","url":"https:\/\/lubrimas.pe\/empresas\/","name":"Lubrim\u00e1s Empresas","description":"Distribuidor Autorizado de Lubricantes para el sector Automotor e Industrial","publisher":{"@id":"https:\/\/lubrimas.pe\/empresas\/#organization"},"potentialAction":[{"@type":"SearchAction","target":{"@type":"EntryPoint","urlTemplate":"https:\/\/lubrimas.pe\/empresas\/?s={search_term_string}"},"query-input":{"@type":"PropertyValueSpecification","valueRequired":true,"valueName":"search_term_string"}}],"inLanguage":"es"},{"@type":"Organization","@id":"https:\/\/lubrimas.pe\/empresas\/#organization","name":"Lubrimas.pe","url":"https:\/\/lubrimas.pe\/empresas\/","logo":{"@type":"ImageObject","inLanguage":"es","@id":"https:\/\/lubrimas.pe\/empresas\/#\/schema\/logo\/image\/","url":"https:\/\/lubrimas.pe\/empresas\/wp-content\/uploads\/sites\/2\/2022\/03\/tarjeta-empresas.webp","contentUrl":"https:\/\/lubrimas.pe\/empresas\/wp-content\/uploads\/sites\/2\/2022\/03\/tarjeta-empresas.webp","width":250,"height":250,"caption":"Lubrimas.pe"},"image":{"@id":"https:\/\/lubrimas.pe\/empresas\/#\/schema\/logo\/image\/"},"sameAs":["https:\/\/www.facebook.com\/lubrimasperu","https:\/\/www.instagram.com\/lubrimas_pe","https:\/\/www.youtube.com\/channel\/UCkp38n2qqb8SU60_v_gaKlg"]}]}},"_links":{"self":[{"href":"https:\/\/lubrimas.pe\/empresas\/wp-json\/wp\/v2\/product\/527","targetHints":{"allow":["GET"]}}],"collection":[{"href":"https:\/\/lubrimas.pe\/empresas\/wp-json\/wp\/v2\/product"}],"about":[{"href":"https:\/\/lubrimas.pe\/empresas\/wp-json\/wp\/v2\/types\/product"}],"replies":[{"embeddable":true,"href":"https:\/\/lubrimas.pe\/empresas\/wp-json\/wp\/v2\/comments?post=527"}],"wp:featuredmedia":[{"embeddable":true,"href":"https:\/\/lubrimas.pe\/empresas\/wp-json\/wp\/v2\/media\/817"}],"wp:attachment":[{"href":"https:\/\/lubrimas.pe\/empresas\/wp-json\/wp\/v2\/media?parent=527"}],"wp:term":[{"taxonomy":"product_brand","embeddable":true,"href":"https:\/\/lubrimas.pe\/empresas\/wp-json\/wp\/v2\/product_brand?post=527"},{"taxonomy":"product_cat","embeddable":true,"href":"https:\/\/lubrimas.pe\/empresas\/wp-json\/wp\/v2\/product_cat?post=527"},{"taxonomy":"product_tag","embeddable":true,"href":"https:\/\/lubrimas.pe\/empresas\/wp-json\/wp\/v2\/product_tag?post=527"}],"curies":[{"name":"wp","href":"https:\/\/api.w.org\/{rel}","templated":true}]}}