{"id":640,"date":"2022-01-20T17:10:46","date_gmt":"2022-01-20T17:10:46","guid":{"rendered":"https:\/\/lubrimas.pe\/empresas\/?post_type=product&#038;p=640"},"modified":"2022-08-04T13:23:34","modified_gmt":"2022-08-04T18:23:34","slug":"mobil-rarus-800-series","status":"publish","type":"product","link":"https:\/\/lubrimas.pe\/empresas\/productos\/mobil-rarus-800-series\/","title":{"rendered":"MOBIL RARUS 800 SERIES"},"content":{"rendered":"","protected":false},"excerpt":{"rendered":"<p>Mobil RarusTM 800 Series es una l\u00ednea de lubricantes de muy alto rendimiento dise\u00f1ados para la lubricaci\u00f3n de compresores de aire alternativos que trabajan en condiciones de servicio severo, pero no es recomendada para compresores de aire utilizados en aplicaciones de aire para respirar. Han sido desarrollados para cumplir o exceder los m\u00e1s estrictos requerimientos impuestos por los principales fabricantes de compresores. Son lubricantes formulados a partir de aceites base sint\u00e9ticos y un sistema de aditivos de alta tecnolog\u00eda que aseguran una excepcional protecci\u00f3n a aquellos compresores que trabajan bajo condiciones donde los aceites minerales no cubren las expectativas de calidad. La serie Mobil Rarus 800 proporciona una excelente protecci\u00f3n contra el desgaste y una insuperable resistencia a la oxidaci\u00f3n y a la degradaci\u00f3n t\u00e9rmica. Su formulaci\u00f3n \u00fanica ayuda a reducir los costos de mantenimiento gracias a minimizar los problemas en los equipos y el mejor manejo de los posibles dep\u00f3sitos formados. La serie Mobil Rarus 800 son lubricantes que reducen significativamente el riesgo potencial de incendios y explosiones, en comparaci\u00f3n con los aceites minerales. Muestran una menor capacidad de formaci\u00f3n de dep\u00f3sitos y mayores temperaturas de autoignici\u00f3n, lo que mejora tanto el rendimiento como la seguridad. Sus excepcionales caracter\u00edsticas de separaci\u00f3n del agua reducen los problemas de formaci\u00f3n de emulsiones. Son lubricantes recomendados o aprobados por la mayor\u00eda de los principales fabricantes de compresores.<\/p>\n","protected":false},"featured_media":1317,"comment_status":"closed","ping_status":"closed","template":"","meta":[],"product_brand":[],"product_cat":[22],"product_tag":[],"class_list":{"0":"post-640","1":"product","2":"type-product","3":"status-publish","4":"has-post-thumbnail","6":"product_cat-engranajes-y-transmisiones","7":"pa_marca-mobil","8":"pa_presentacion-cilindro-55gl","10":"first","11":"instock","12":"taxable","13":"shipping-taxable","14":"purchasable","15":"product-type-variable","16":"has-default-attributes"},"yoast_head":"<!-- This site is optimized with the Yoast SEO plugin v27.4 - https:\/\/yoast.com\/product\/yoast-seo-wordpress\/ -->\n<title>MOBIL RARUS 800 SERIES - Lubrim\u00e1s Empresas<\/title>\n<meta name=\"robots\" content=\"index, follow, max-snippet:-1, max-image-preview:large, max-video-preview:-1\" \/>\n<link rel=\"canonical\" href=\"https:\/\/lubrimas.pe\/empresas\/productos\/mobil-rarus-800-series\/\" \/>\n<meta property=\"og:locale\" content=\"es_ES\" \/>\n<meta property=\"og:type\" content=\"article\" \/>\n<meta property=\"og:title\" content=\"MOBIL RARUS 800 SERIES - Lubrim\u00e1s Empresas\" \/>\n<meta property=\"og:description\" content=\"Mobil RarusTM 800 Series es una l\u00ednea de lubricantes de muy alto rendimiento dise\u00f1ados para la lubricaci\u00f3n de compresores de aire alternativos que trabajan en condiciones de servicio severo, pero no es recomendada para compresores de aire utilizados en aplicaciones de aire para respirar. Han sido desarrollados para cumplir o exceder los m\u00e1s estrictos requerimientos impuestos por los principales fabricantes de compresores. Son lubricantes formulados a partir de aceites base sint\u00e9ticos y un sistema de aditivos de alta tecnolog\u00eda que aseguran una excepcional protecci\u00f3n a aquellos compresores que trabajan bajo condiciones donde los aceites minerales no cubren las expectativas de calidad. La serie Mobil Rarus 800 proporciona una excelente protecci\u00f3n contra el desgaste y una insuperable resistencia a la oxidaci\u00f3n y a la degradaci\u00f3n t\u00e9rmica. Su formulaci\u00f3n \u00fanica ayuda a reducir los costos de mantenimiento gracias a minimizar los problemas en los equipos y el mejor manejo de los posibles dep\u00f3sitos formados. La serie Mobil Rarus 800 son lubricantes que reducen significativamente el riesgo potencial de incendios y explosiones, en comparaci\u00f3n con los aceites minerales. Muestran una menor capacidad de formaci\u00f3n de dep\u00f3sitos y mayores temperaturas de autoignici\u00f3n, lo que mejora tanto el rendimiento como la seguridad. Sus excepcionales caracter\u00edsticas de separaci\u00f3n del agua reducen los problemas de formaci\u00f3n de emulsiones. Son lubricantes recomendados o aprobados por la mayor\u00eda de los principales fabricantes de compresores.\" \/>\n<meta property=\"og:url\" content=\"https:\/\/lubrimas.pe\/empresas\/productos\/mobil-rarus-800-series\/\" \/>\n<meta property=\"og:site_name\" content=\"Lubrim\u00e1s Empresas\" \/>\n<meta property=\"article:publisher\" content=\"https:\/\/www.facebook.com\/lubrimasperu\" \/>\n<meta property=\"article:modified_time\" content=\"2022-08-04T18:23:34+00:00\" \/>\n<meta property=\"og:image\" content=\"https:\/\/lubrimas.pe\/empresas\/wp-content\/uploads\/sites\/2\/2022\/08\/lubrimasperu-lubrimaspe-empresas-cotizaciones-aceite-mobil-balde-cilindro-losolivos-lima-peru.webp\" \/>\n\t<meta property=\"og:image:width\" content=\"850\" \/>\n\t<meta property=\"og:image:height\" content=\"1000\" \/>\n\t<meta property=\"og:image:type\" content=\"image\/webp\" \/>\n<meta name=\"twitter:card\" content=\"summary_large_image\" \/>\n<script type=\"application\/ld+json\" class=\"yoast-schema-graph\">{\"@context\":\"https:\\\/\\\/schema.org\",\"@graph\":[{\"@type\":\"WebPage\",\"@id\":\"https:\\\/\\\/lubrimas.pe\\\/empresas\\\/productos\\\/mobil-rarus-800-series\\\/\",\"url\":\"https:\\\/\\\/lubrimas.pe\\\/empresas\\\/productos\\\/mobil-rarus-800-series\\\/\",\"name\":\"MOBIL RARUS 800 SERIES - Lubrim\u00e1s Empresas\",\"isPartOf\":{\"@id\":\"https:\\\/\\\/lubrimas.pe\\\/empresas\\\/#website\"},\"primaryImageOfPage\":{\"@id\":\"https:\\\/\\\/lubrimas.pe\\\/empresas\\\/productos\\\/mobil-rarus-800-series\\\/#primaryimage\"},\"image\":{\"@id\":\"https:\\\/\\\/lubrimas.pe\\\/empresas\\\/productos\\\/mobil-rarus-800-series\\\/#primaryimage\"},\"thumbnailUrl\":\"https:\\\/\\\/lubrimas.pe\\\/empresas\\\/wp-content\\\/uploads\\\/sites\\\/2\\\/2022\\\/08\\\/lubrimasperu-lubrimaspe-empresas-cotizaciones-aceite-mobil-balde-cilindro-losolivos-lima-peru.webp\",\"datePublished\":\"2022-01-20T17:10:46+00:00\",\"dateModified\":\"2022-08-04T18:23:34+00:00\",\"breadcrumb\":{\"@id\":\"https:\\\/\\\/lubrimas.pe\\\/empresas\\\/productos\\\/mobil-rarus-800-series\\\/#breadcrumb\"},\"inLanguage\":\"es\",\"potentialAction\":[{\"@type\":\"ReadAction\",\"target\":[\"https:\\\/\\\/lubrimas.pe\\\/empresas\\\/productos\\\/mobil-rarus-800-series\\\/\"]}]},{\"@type\":\"ImageObject\",\"inLanguage\":\"es\",\"@id\":\"https:\\\/\\\/lubrimas.pe\\\/empresas\\\/productos\\\/mobil-rarus-800-series\\\/#primaryimage\",\"url\":\"https:\\\/\\\/lubrimas.pe\\\/empresas\\\/wp-content\\\/uploads\\\/sites\\\/2\\\/2022\\\/08\\\/lubrimasperu-lubrimaspe-empresas-cotizaciones-aceite-mobil-balde-cilindro-losolivos-lima-peru.webp\",\"contentUrl\":\"https:\\\/\\\/lubrimas.pe\\\/empresas\\\/wp-content\\\/uploads\\\/sites\\\/2\\\/2022\\\/08\\\/lubrimasperu-lubrimaspe-empresas-cotizaciones-aceite-mobil-balde-cilindro-losolivos-lima-peru.webp\",\"width\":850,\"height\":1000},{\"@type\":\"BreadcrumbList\",\"@id\":\"https:\\\/\\\/lubrimas.pe\\\/empresas\\\/productos\\\/mobil-rarus-800-series\\\/#breadcrumb\",\"itemListElement\":[{\"@type\":\"ListItem\",\"position\":1,\"name\":\"Portada\",\"item\":\"https:\\\/\\\/lubrimas.pe\\\/empresas\\\/\"},{\"@type\":\"ListItem\",\"position\":2,\"name\":\"Lubricantes (Cat\u00e1logo)\",\"item\":\"https:\\\/\\\/lubrimas.pe\\\/empresas\\\/productos\\\/\"},{\"@type\":\"ListItem\",\"position\":3,\"name\":\"MOBIL RARUS 800 SERIES\"}]},{\"@type\":\"WebSite\",\"@id\":\"https:\\\/\\\/lubrimas.pe\\\/empresas\\\/#website\",\"url\":\"https:\\\/\\\/lubrimas.pe\\\/empresas\\\/\",\"name\":\"Lubrim\u00e1s Empresas\",\"description\":\"Distribuidor Autorizado de Lubricantes para el sector Automotor e Industrial\",\"publisher\":{\"@id\":\"https:\\\/\\\/lubrimas.pe\\\/empresas\\\/#organization\"},\"potentialAction\":[{\"@type\":\"SearchAction\",\"target\":{\"@type\":\"EntryPoint\",\"urlTemplate\":\"https:\\\/\\\/lubrimas.pe\\\/empresas\\\/?s={search_term_string}\"},\"query-input\":{\"@type\":\"PropertyValueSpecification\",\"valueRequired\":true,\"valueName\":\"search_term_string\"}}],\"inLanguage\":\"es\"},{\"@type\":\"Organization\",\"@id\":\"https:\\\/\\\/lubrimas.pe\\\/empresas\\\/#organization\",\"name\":\"Lubrimas.pe\",\"url\":\"https:\\\/\\\/lubrimas.pe\\\/empresas\\\/\",\"logo\":{\"@type\":\"ImageObject\",\"inLanguage\":\"es\",\"@id\":\"https:\\\/\\\/lubrimas.pe\\\/empresas\\\/#\\\/schema\\\/logo\\\/image\\\/\",\"url\":\"https:\\\/\\\/lubrimas.pe\\\/empresas\\\/wp-content\\\/uploads\\\/sites\\\/2\\\/2022\\\/03\\\/tarjeta-empresas.webp\",\"contentUrl\":\"https:\\\/\\\/lubrimas.pe\\\/empresas\\\/wp-content\\\/uploads\\\/sites\\\/2\\\/2022\\\/03\\\/tarjeta-empresas.webp\",\"width\":250,\"height\":250,\"caption\":\"Lubrimas.pe\"},\"image\":{\"@id\":\"https:\\\/\\\/lubrimas.pe\\\/empresas\\\/#\\\/schema\\\/logo\\\/image\\\/\"},\"sameAs\":[\"https:\\\/\\\/www.facebook.com\\\/lubrimasperu\",\"https:\\\/\\\/www.instagram.com\\\/lubrimas_pe\",\"https:\\\/\\\/www.youtube.com\\\/channel\\\/UCkp38n2qqb8SU60_v_gaKlg\"]}]}<\/script>\n<!-- \/ Yoast SEO plugin. -->","yoast_head_json":{"title":"MOBIL RARUS 800 SERIES - Lubrim\u00e1s Empresas","robots":{"index":"index","follow":"follow","max-snippet":"max-snippet:-1","max-image-preview":"max-image-preview:large","max-video-preview":"max-video-preview:-1"},"canonical":"https:\/\/lubrimas.pe\/empresas\/productos\/mobil-rarus-800-series\/","og_locale":"es_ES","og_type":"article","og_title":"MOBIL RARUS 800 SERIES - Lubrim\u00e1s Empresas","og_description":"Mobil RarusTM 800 Series es una l\u00ednea de lubricantes de muy alto rendimiento dise\u00f1ados para la lubricaci\u00f3n de compresores de aire alternativos que trabajan en condiciones de servicio severo, pero no es recomendada para compresores de aire utilizados en aplicaciones de aire para respirar. Han sido desarrollados para cumplir o exceder los m\u00e1s estrictos requerimientos impuestos por los principales fabricantes de compresores. Son lubricantes formulados a partir de aceites base sint\u00e9ticos y un sistema de aditivos de alta tecnolog\u00eda que aseguran una excepcional protecci\u00f3n a aquellos compresores que trabajan bajo condiciones donde los aceites minerales no cubren las expectativas de calidad. La serie Mobil Rarus 800 proporciona una excelente protecci\u00f3n contra el desgaste y una insuperable resistencia a la oxidaci\u00f3n y a la degradaci\u00f3n t\u00e9rmica. Su formulaci\u00f3n \u00fanica ayuda a reducir los costos de mantenimiento gracias a minimizar los problemas en los equipos y el mejor manejo de los posibles dep\u00f3sitos formados. La serie Mobil Rarus 800 son lubricantes que reducen significativamente el riesgo potencial de incendios y explosiones, en comparaci\u00f3n con los aceites minerales. Muestran una menor capacidad de formaci\u00f3n de dep\u00f3sitos y mayores temperaturas de autoignici\u00f3n, lo que mejora tanto el rendimiento como la seguridad. Sus excepcionales caracter\u00edsticas de separaci\u00f3n del agua reducen los problemas de formaci\u00f3n de emulsiones. Son lubricantes recomendados o aprobados por la mayor\u00eda de los principales fabricantes de compresores.","og_url":"https:\/\/lubrimas.pe\/empresas\/productos\/mobil-rarus-800-series\/","og_site_name":"Lubrim\u00e1s Empresas","article_publisher":"https:\/\/www.facebook.com\/lubrimasperu","article_modified_time":"2022-08-04T18:23:34+00:00","og_image":[{"width":850,"height":1000,"url":"https:\/\/lubrimas.pe\/empresas\/wp-content\/uploads\/sites\/2\/2022\/08\/lubrimasperu-lubrimaspe-empresas-cotizaciones-aceite-mobil-balde-cilindro-losolivos-lima-peru.webp","type":"image\/webp"}],"twitter_card":"summary_large_image","schema":{"@context":"https:\/\/schema.org","@graph":[{"@type":"WebPage","@id":"https:\/\/lubrimas.pe\/empresas\/productos\/mobil-rarus-800-series\/","url":"https:\/\/lubrimas.pe\/empresas\/productos\/mobil-rarus-800-series\/","name":"MOBIL RARUS 800 SERIES - Lubrim\u00e1s Empresas","isPartOf":{"@id":"https:\/\/lubrimas.pe\/empresas\/#website"},"primaryImageOfPage":{"@id":"https:\/\/lubrimas.pe\/empresas\/productos\/mobil-rarus-800-series\/#primaryimage"},"image":{"@id":"https:\/\/lubrimas.pe\/empresas\/productos\/mobil-rarus-800-series\/#primaryimage"},"thumbnailUrl":"https:\/\/lubrimas.pe\/empresas\/wp-content\/uploads\/sites\/2\/2022\/08\/lubrimasperu-lubrimaspe-empresas-cotizaciones-aceite-mobil-balde-cilindro-losolivos-lima-peru.webp","datePublished":"2022-01-20T17:10:46+00:00","dateModified":"2022-08-04T18:23:34+00:00","breadcrumb":{"@id":"https:\/\/lubrimas.pe\/empresas\/productos\/mobil-rarus-800-series\/#breadcrumb"},"inLanguage":"es","potentialAction":[{"@type":"ReadAction","target":["https:\/\/lubrimas.pe\/empresas\/productos\/mobil-rarus-800-series\/"]}]},{"@type":"ImageObject","inLanguage":"es","@id":"https:\/\/lubrimas.pe\/empresas\/productos\/mobil-rarus-800-series\/#primaryimage","url":"https:\/\/lubrimas.pe\/empresas\/wp-content\/uploads\/sites\/2\/2022\/08\/lubrimasperu-lubrimaspe-empresas-cotizaciones-aceite-mobil-balde-cilindro-losolivos-lima-peru.webp","contentUrl":"https:\/\/lubrimas.pe\/empresas\/wp-content\/uploads\/sites\/2\/2022\/08\/lubrimasperu-lubrimaspe-empresas-cotizaciones-aceite-mobil-balde-cilindro-losolivos-lima-peru.webp","width":850,"height":1000},{"@type":"BreadcrumbList","@id":"https:\/\/lubrimas.pe\/empresas\/productos\/mobil-rarus-800-series\/#breadcrumb","itemListElement":[{"@type":"ListItem","position":1,"name":"Portada","item":"https:\/\/lubrimas.pe\/empresas\/"},{"@type":"ListItem","position":2,"name":"Lubricantes (Cat\u00e1logo)","item":"https:\/\/lubrimas.pe\/empresas\/productos\/"},{"@type":"ListItem","position":3,"name":"MOBIL RARUS 800 SERIES"}]},{"@type":"WebSite","@id":"https:\/\/lubrimas.pe\/empresas\/#website","url":"https:\/\/lubrimas.pe\/empresas\/","name":"Lubrim\u00e1s Empresas","description":"Distribuidor Autorizado de Lubricantes para el sector Automotor e Industrial","publisher":{"@id":"https:\/\/lubrimas.pe\/empresas\/#organization"},"potentialAction":[{"@type":"SearchAction","target":{"@type":"EntryPoint","urlTemplate":"https:\/\/lubrimas.pe\/empresas\/?s={search_term_string}"},"query-input":{"@type":"PropertyValueSpecification","valueRequired":true,"valueName":"search_term_string"}}],"inLanguage":"es"},{"@type":"Organization","@id":"https:\/\/lubrimas.pe\/empresas\/#organization","name":"Lubrimas.pe","url":"https:\/\/lubrimas.pe\/empresas\/","logo":{"@type":"ImageObject","inLanguage":"es","@id":"https:\/\/lubrimas.pe\/empresas\/#\/schema\/logo\/image\/","url":"https:\/\/lubrimas.pe\/empresas\/wp-content\/uploads\/sites\/2\/2022\/03\/tarjeta-empresas.webp","contentUrl":"https:\/\/lubrimas.pe\/empresas\/wp-content\/uploads\/sites\/2\/2022\/03\/tarjeta-empresas.webp","width":250,"height":250,"caption":"Lubrimas.pe"},"image":{"@id":"https:\/\/lubrimas.pe\/empresas\/#\/schema\/logo\/image\/"},"sameAs":["https:\/\/www.facebook.com\/lubrimasperu","https:\/\/www.instagram.com\/lubrimas_pe","https:\/\/www.youtube.com\/channel\/UCkp38n2qqb8SU60_v_gaKlg"]}]}},"_links":{"self":[{"href":"https:\/\/lubrimas.pe\/empresas\/wp-json\/wp\/v2\/product\/640","targetHints":{"allow":["GET"]}}],"collection":[{"href":"https:\/\/lubrimas.pe\/empresas\/wp-json\/wp\/v2\/product"}],"about":[{"href":"https:\/\/lubrimas.pe\/empresas\/wp-json\/wp\/v2\/types\/product"}],"replies":[{"embeddable":true,"href":"https:\/\/lubrimas.pe\/empresas\/wp-json\/wp\/v2\/comments?post=640"}],"wp:featuredmedia":[{"embeddable":true,"href":"https:\/\/lubrimas.pe\/empresas\/wp-json\/wp\/v2\/media\/1317"}],"wp:attachment":[{"href":"https:\/\/lubrimas.pe\/empresas\/wp-json\/wp\/v2\/media?parent=640"}],"wp:term":[{"taxonomy":"product_brand","embeddable":true,"href":"https:\/\/lubrimas.pe\/empresas\/wp-json\/wp\/v2\/product_brand?post=640"},{"taxonomy":"product_cat","embeddable":true,"href":"https:\/\/lubrimas.pe\/empresas\/wp-json\/wp\/v2\/product_cat?post=640"},{"taxonomy":"product_tag","embeddable":true,"href":"https:\/\/lubrimas.pe\/empresas\/wp-json\/wp\/v2\/product_tag?post=640"}],"curies":[{"name":"wp","href":"https:\/\/api.w.org\/{rel}","templated":true}]}}