{"id":743,"date":"2022-01-20T17:11:18","date_gmt":"2022-01-20T17:11:18","guid":{"rendered":"https:\/\/lubrimas.pe\/empresas\/?post_type=product&#038;p=743"},"modified":"2026-04-06T13:08:17","modified_gmt":"2026-04-06T18:08:17","slug":"shell-rimula-r6-lm-10w40","status":"publish","type":"product","link":"https:\/\/lubrimas.pe\/empresas\/productos\/shell-rimula-r6-lm-10w40\/","title":{"rendered":"SHELL RIMULA R6 LM 10W40"},"content":{"rendered":"<p>Shell Rimula R6 LM ofrece una soluci\u00f3n con tecnolog\u00eda\u00a0innovadora destinada a satisfacer las necesidades t\u00e9cnicas y\u00a0operativas de los conductores de flotas de buses y camiones pesados, que funcionan con diesel y gas natural comprimido\u00a0(CNG). Al brindar una protecci\u00f3n vers\u00e1til, Shell Rimula R6 LM\u00a0puede contribuir a lograr una eficiente operaci\u00f3n de transporte\u00a0por v\u00eda de:<\/p>\n<ul>\n<li><strong>Bajas emisiones<\/strong>: Catalizador y filtro de part\u00edculas compatible que ayuda a mantener el rendimiento y la vida del sistema de emisiones del veh\u00edculo.<\/li>\n<li><strong>Ahorro en mantenci\u00f3n<\/strong>: Capacidad prolongada de drenaje y versatilidad, lo que contribuye a controlar eficientemente los costos de mantenci\u00f3n e inventario.<\/li>\n<\/ul>\n<p>Shell Rimula R6 LM se enfoca en tres aspectos para brindar protecci\u00f3n:<\/p>\n<ul>\n<li>Aceites base con tecnolog\u00eda sint\u00e9tica que permiten una mayor activaci\u00f3n de los aditivos.<\/li>\n<li>Tecnolog\u00eda \u00fanica de aditivos.<\/li>\n<li>Exclusivo reforzador antidesgaste.<\/li>\n<\/ul>\n","protected":false},"excerpt":{"rendered":"<p>Shell Rimula R6 LM ofrece una soluci\u00f3n con tecnolog\u00eda innovadora destinada a satisfacer las necesidades t\u00e9cnicas y operativas de los conductores de flotas de buses y camiones pesados, que funcionan con diesel y gas natural comprimido (CNG).<\/p>\n","protected":false},"featured_media":755,"comment_status":"closed","ping_status":"closed","template":"","meta":[],"product_brand":[],"product_cat":[19],"product_tag":[20],"class_list":{"0":"post-743","1":"product","2":"type-product","3":"status-publish","4":"has-post-thumbnail","6":"product_cat-motor-diesel","7":"product_tag-industria-automotriz","8":"pa_marca-shell","9":"pa_presentacion-5gl-20lt","10":"pa_presentacion-cilindro-55gl","12":"first","13":"instock","14":"taxable","15":"shipping-taxable","16":"purchasable","17":"product-type-variable","18":"has-default-attributes"},"yoast_head":"<!-- This site is optimized with the Yoast SEO plugin v27.4 - https:\/\/yoast.com\/product\/yoast-seo-wordpress\/ -->\n<title>SHELL RIMULA R6 LM 10W40 - Lubrim\u00e1s Empresas<\/title>\n<meta name=\"description\" content=\"SHELL RIMULA R2 25W50 posee una formulaci\u00f3n de aceite multigrado de mayor viscosidad permite mantener la presi\u00f3n de aceite y reducir el consumo de aceite.\" \/>\n<meta name=\"robots\" content=\"index, follow, max-snippet:-1, max-image-preview:large, max-video-preview:-1\" \/>\n<link rel=\"canonical\" href=\"https:\/\/lubrimas.pe\/empresas\/productos\/shell-rimula-r6-lm-10w40\/\" \/>\n<meta property=\"og:locale\" content=\"es_ES\" \/>\n<meta property=\"og:type\" content=\"article\" \/>\n<meta property=\"og:title\" content=\"SHELL RIMULA R6 LM 10W40 - Lubrim\u00e1s Empresas\" \/>\n<meta property=\"og:description\" content=\"SHELL RIMULA R2 25W50 posee una formulaci\u00f3n de aceite multigrado de mayor viscosidad permite mantener la presi\u00f3n de aceite y reducir el consumo de aceite.\" \/>\n<meta property=\"og:url\" content=\"https:\/\/lubrimas.pe\/empresas\/productos\/shell-rimula-r6-lm-10w40\/\" \/>\n<meta property=\"og:site_name\" content=\"Lubrim\u00e1s Empresas\" \/>\n<meta property=\"article:publisher\" content=\"https:\/\/www.facebook.com\/lubrimasperu\" \/>\n<meta property=\"article:modified_time\" content=\"2026-04-06T18:08:17+00:00\" \/>\n<meta property=\"og:image\" content=\"https:\/\/lubrimas.pe\/empresas\/wp-content\/uploads\/sites\/2\/2022\/01\/lubrimasperu-aceite-shell-rimula-r6-lm-10w40-full-sintetico-balde-losolivos-lima-peru.webp\" \/>\n\t<meta property=\"og:image:width\" content=\"835\" \/>\n\t<meta property=\"og:image:height\" content=\"982\" \/>\n\t<meta property=\"og:image:type\" content=\"image\/webp\" \/>\n<meta name=\"twitter:card\" content=\"summary_large_image\" \/>\n<meta name=\"twitter:label1\" content=\"Tiempo de lectura\" \/>\n\t<meta name=\"twitter:data1\" content=\"1 minuto\" \/>\n<script type=\"application\/ld+json\" class=\"yoast-schema-graph\">{\"@context\":\"https:\\\/\\\/schema.org\",\"@graph\":[{\"@type\":\"WebPage\",\"@id\":\"https:\\\/\\\/lubrimas.pe\\\/empresas\\\/productos\\\/shell-rimula-r6-lm-10w40\\\/\",\"url\":\"https:\\\/\\\/lubrimas.pe\\\/empresas\\\/productos\\\/shell-rimula-r6-lm-10w40\\\/\",\"name\":\"SHELL RIMULA R6 LM 10W40 - Lubrim\u00e1s Empresas\",\"isPartOf\":{\"@id\":\"https:\\\/\\\/lubrimas.pe\\\/empresas\\\/#website\"},\"primaryImageOfPage\":{\"@id\":\"https:\\\/\\\/lubrimas.pe\\\/empresas\\\/productos\\\/shell-rimula-r6-lm-10w40\\\/#primaryimage\"},\"image\":{\"@id\":\"https:\\\/\\\/lubrimas.pe\\\/empresas\\\/productos\\\/shell-rimula-r6-lm-10w40\\\/#primaryimage\"},\"thumbnailUrl\":\"https:\\\/\\\/lubrimas.pe\\\/empresas\\\/wp-content\\\/uploads\\\/sites\\\/2\\\/2022\\\/01\\\/lubrimasperu-aceite-shell-rimula-r6-lm-10w40-full-sintetico-balde-losolivos-lima-peru.webp\",\"datePublished\":\"2022-01-20T17:11:18+00:00\",\"dateModified\":\"2026-04-06T18:08:17+00:00\",\"description\":\"SHELL RIMULA R2 25W50 posee una formulaci\u00f3n de aceite multigrado de mayor viscosidad permite mantener la presi\u00f3n de aceite y reducir el consumo de aceite.\",\"breadcrumb\":{\"@id\":\"https:\\\/\\\/lubrimas.pe\\\/empresas\\\/productos\\\/shell-rimula-r6-lm-10w40\\\/#breadcrumb\"},\"inLanguage\":\"es\",\"potentialAction\":[{\"@type\":\"ReadAction\",\"target\":[\"https:\\\/\\\/lubrimas.pe\\\/empresas\\\/productos\\\/shell-rimula-r6-lm-10w40\\\/\"]}]},{\"@type\":\"ImageObject\",\"inLanguage\":\"es\",\"@id\":\"https:\\\/\\\/lubrimas.pe\\\/empresas\\\/productos\\\/shell-rimula-r6-lm-10w40\\\/#primaryimage\",\"url\":\"https:\\\/\\\/lubrimas.pe\\\/empresas\\\/wp-content\\\/uploads\\\/sites\\\/2\\\/2022\\\/01\\\/lubrimasperu-aceite-shell-rimula-r6-lm-10w40-full-sintetico-balde-losolivos-lima-peru.webp\",\"contentUrl\":\"https:\\\/\\\/lubrimas.pe\\\/empresas\\\/wp-content\\\/uploads\\\/sites\\\/2\\\/2022\\\/01\\\/lubrimasperu-aceite-shell-rimula-r6-lm-10w40-full-sintetico-balde-losolivos-lima-peru.webp\",\"width\":835,\"height\":982},{\"@type\":\"BreadcrumbList\",\"@id\":\"https:\\\/\\\/lubrimas.pe\\\/empresas\\\/productos\\\/shell-rimula-r6-lm-10w40\\\/#breadcrumb\",\"itemListElement\":[{\"@type\":\"ListItem\",\"position\":1,\"name\":\"Portada\",\"item\":\"https:\\\/\\\/lubrimas.pe\\\/empresas\\\/\"},{\"@type\":\"ListItem\",\"position\":2,\"name\":\"Lubricantes (Cat\u00e1logo)\",\"item\":\"https:\\\/\\\/lubrimas.pe\\\/empresas\\\/productos\\\/\"},{\"@type\":\"ListItem\",\"position\":3,\"name\":\"SHELL RIMULA R6 LM 10W40\"}]},{\"@type\":\"WebSite\",\"@id\":\"https:\\\/\\\/lubrimas.pe\\\/empresas\\\/#website\",\"url\":\"https:\\\/\\\/lubrimas.pe\\\/empresas\\\/\",\"name\":\"Lubrim\u00e1s Empresas\",\"description\":\"Distribuidor Autorizado de Lubricantes para el sector Automotor e Industrial\",\"publisher\":{\"@id\":\"https:\\\/\\\/lubrimas.pe\\\/empresas\\\/#organization\"},\"potentialAction\":[{\"@type\":\"SearchAction\",\"target\":{\"@type\":\"EntryPoint\",\"urlTemplate\":\"https:\\\/\\\/lubrimas.pe\\\/empresas\\\/?s={search_term_string}\"},\"query-input\":{\"@type\":\"PropertyValueSpecification\",\"valueRequired\":true,\"valueName\":\"search_term_string\"}}],\"inLanguage\":\"es\"},{\"@type\":\"Organization\",\"@id\":\"https:\\\/\\\/lubrimas.pe\\\/empresas\\\/#organization\",\"name\":\"Lubrimas.pe\",\"url\":\"https:\\\/\\\/lubrimas.pe\\\/empresas\\\/\",\"logo\":{\"@type\":\"ImageObject\",\"inLanguage\":\"es\",\"@id\":\"https:\\\/\\\/lubrimas.pe\\\/empresas\\\/#\\\/schema\\\/logo\\\/image\\\/\",\"url\":\"https:\\\/\\\/lubrimas.pe\\\/empresas\\\/wp-content\\\/uploads\\\/sites\\\/2\\\/2022\\\/03\\\/tarjeta-empresas.webp\",\"contentUrl\":\"https:\\\/\\\/lubrimas.pe\\\/empresas\\\/wp-content\\\/uploads\\\/sites\\\/2\\\/2022\\\/03\\\/tarjeta-empresas.webp\",\"width\":250,\"height\":250,\"caption\":\"Lubrimas.pe\"},\"image\":{\"@id\":\"https:\\\/\\\/lubrimas.pe\\\/empresas\\\/#\\\/schema\\\/logo\\\/image\\\/\"},\"sameAs\":[\"https:\\\/\\\/www.facebook.com\\\/lubrimasperu\",\"https:\\\/\\\/www.instagram.com\\\/lubrimas_pe\",\"https:\\\/\\\/www.youtube.com\\\/channel\\\/UCkp38n2qqb8SU60_v_gaKlg\"]}]}<\/script>\n<!-- \/ Yoast SEO plugin. -->","yoast_head_json":{"title":"SHELL RIMULA R6 LM 10W40 - Lubrim\u00e1s Empresas","description":"SHELL RIMULA R2 25W50 posee una formulaci\u00f3n de aceite multigrado de mayor viscosidad permite mantener la presi\u00f3n de aceite y reducir el consumo de aceite.","robots":{"index":"index","follow":"follow","max-snippet":"max-snippet:-1","max-image-preview":"max-image-preview:large","max-video-preview":"max-video-preview:-1"},"canonical":"https:\/\/lubrimas.pe\/empresas\/productos\/shell-rimula-r6-lm-10w40\/","og_locale":"es_ES","og_type":"article","og_title":"SHELL RIMULA R6 LM 10W40 - Lubrim\u00e1s Empresas","og_description":"SHELL RIMULA R2 25W50 posee una formulaci\u00f3n de aceite multigrado de mayor viscosidad permite mantener la presi\u00f3n de aceite y reducir el consumo de aceite.","og_url":"https:\/\/lubrimas.pe\/empresas\/productos\/shell-rimula-r6-lm-10w40\/","og_site_name":"Lubrim\u00e1s Empresas","article_publisher":"https:\/\/www.facebook.com\/lubrimasperu","article_modified_time":"2026-04-06T18:08:17+00:00","og_image":[{"width":835,"height":982,"url":"https:\/\/lubrimas.pe\/empresas\/wp-content\/uploads\/sites\/2\/2022\/01\/lubrimasperu-aceite-shell-rimula-r6-lm-10w40-full-sintetico-balde-losolivos-lima-peru.webp","type":"image\/webp"}],"twitter_card":"summary_large_image","twitter_misc":{"Tiempo de lectura":"1 minuto"},"schema":{"@context":"https:\/\/schema.org","@graph":[{"@type":"WebPage","@id":"https:\/\/lubrimas.pe\/empresas\/productos\/shell-rimula-r6-lm-10w40\/","url":"https:\/\/lubrimas.pe\/empresas\/productos\/shell-rimula-r6-lm-10w40\/","name":"SHELL RIMULA R6 LM 10W40 - Lubrim\u00e1s Empresas","isPartOf":{"@id":"https:\/\/lubrimas.pe\/empresas\/#website"},"primaryImageOfPage":{"@id":"https:\/\/lubrimas.pe\/empresas\/productos\/shell-rimula-r6-lm-10w40\/#primaryimage"},"image":{"@id":"https:\/\/lubrimas.pe\/empresas\/productos\/shell-rimula-r6-lm-10w40\/#primaryimage"},"thumbnailUrl":"https:\/\/lubrimas.pe\/empresas\/wp-content\/uploads\/sites\/2\/2022\/01\/lubrimasperu-aceite-shell-rimula-r6-lm-10w40-full-sintetico-balde-losolivos-lima-peru.webp","datePublished":"2022-01-20T17:11:18+00:00","dateModified":"2026-04-06T18:08:17+00:00","description":"SHELL RIMULA R2 25W50 posee una formulaci\u00f3n de aceite multigrado de mayor viscosidad permite mantener la presi\u00f3n de aceite y reducir el consumo de aceite.","breadcrumb":{"@id":"https:\/\/lubrimas.pe\/empresas\/productos\/shell-rimula-r6-lm-10w40\/#breadcrumb"},"inLanguage":"es","potentialAction":[{"@type":"ReadAction","target":["https:\/\/lubrimas.pe\/empresas\/productos\/shell-rimula-r6-lm-10w40\/"]}]},{"@type":"ImageObject","inLanguage":"es","@id":"https:\/\/lubrimas.pe\/empresas\/productos\/shell-rimula-r6-lm-10w40\/#primaryimage","url":"https:\/\/lubrimas.pe\/empresas\/wp-content\/uploads\/sites\/2\/2022\/01\/lubrimasperu-aceite-shell-rimula-r6-lm-10w40-full-sintetico-balde-losolivos-lima-peru.webp","contentUrl":"https:\/\/lubrimas.pe\/empresas\/wp-content\/uploads\/sites\/2\/2022\/01\/lubrimasperu-aceite-shell-rimula-r6-lm-10w40-full-sintetico-balde-losolivos-lima-peru.webp","width":835,"height":982},{"@type":"BreadcrumbList","@id":"https:\/\/lubrimas.pe\/empresas\/productos\/shell-rimula-r6-lm-10w40\/#breadcrumb","itemListElement":[{"@type":"ListItem","position":1,"name":"Portada","item":"https:\/\/lubrimas.pe\/empresas\/"},{"@type":"ListItem","position":2,"name":"Lubricantes (Cat\u00e1logo)","item":"https:\/\/lubrimas.pe\/empresas\/productos\/"},{"@type":"ListItem","position":3,"name":"SHELL RIMULA R6 LM 10W40"}]},{"@type":"WebSite","@id":"https:\/\/lubrimas.pe\/empresas\/#website","url":"https:\/\/lubrimas.pe\/empresas\/","name":"Lubrim\u00e1s Empresas","description":"Distribuidor Autorizado de Lubricantes para el sector Automotor e Industrial","publisher":{"@id":"https:\/\/lubrimas.pe\/empresas\/#organization"},"potentialAction":[{"@type":"SearchAction","target":{"@type":"EntryPoint","urlTemplate":"https:\/\/lubrimas.pe\/empresas\/?s={search_term_string}"},"query-input":{"@type":"PropertyValueSpecification","valueRequired":true,"valueName":"search_term_string"}}],"inLanguage":"es"},{"@type":"Organization","@id":"https:\/\/lubrimas.pe\/empresas\/#organization","name":"Lubrimas.pe","url":"https:\/\/lubrimas.pe\/empresas\/","logo":{"@type":"ImageObject","inLanguage":"es","@id":"https:\/\/lubrimas.pe\/empresas\/#\/schema\/logo\/image\/","url":"https:\/\/lubrimas.pe\/empresas\/wp-content\/uploads\/sites\/2\/2022\/03\/tarjeta-empresas.webp","contentUrl":"https:\/\/lubrimas.pe\/empresas\/wp-content\/uploads\/sites\/2\/2022\/03\/tarjeta-empresas.webp","width":250,"height":250,"caption":"Lubrimas.pe"},"image":{"@id":"https:\/\/lubrimas.pe\/empresas\/#\/schema\/logo\/image\/"},"sameAs":["https:\/\/www.facebook.com\/lubrimasperu","https:\/\/www.instagram.com\/lubrimas_pe","https:\/\/www.youtube.com\/channel\/UCkp38n2qqb8SU60_v_gaKlg"]}]}},"_links":{"self":[{"href":"https:\/\/lubrimas.pe\/empresas\/wp-json\/wp\/v2\/product\/743","targetHints":{"allow":["GET"]}}],"collection":[{"href":"https:\/\/lubrimas.pe\/empresas\/wp-json\/wp\/v2\/product"}],"about":[{"href":"https:\/\/lubrimas.pe\/empresas\/wp-json\/wp\/v2\/types\/product"}],"replies":[{"embeddable":true,"href":"https:\/\/lubrimas.pe\/empresas\/wp-json\/wp\/v2\/comments?post=743"}],"wp:featuredmedia":[{"embeddable":true,"href":"https:\/\/lubrimas.pe\/empresas\/wp-json\/wp\/v2\/media\/755"}],"wp:attachment":[{"href":"https:\/\/lubrimas.pe\/empresas\/wp-json\/wp\/v2\/media?parent=743"}],"wp:term":[{"taxonomy":"product_brand","embeddable":true,"href":"https:\/\/lubrimas.pe\/empresas\/wp-json\/wp\/v2\/product_brand?post=743"},{"taxonomy":"product_cat","embeddable":true,"href":"https:\/\/lubrimas.pe\/empresas\/wp-json\/wp\/v2\/product_cat?post=743"},{"taxonomy":"product_tag","embeddable":true,"href":"https:\/\/lubrimas.pe\/empresas\/wp-json\/wp\/v2\/product_tag?post=743"}],"curies":[{"name":"wp","href":"https:\/\/api.w.org\/{rel}","templated":true}]}}