{"id":12008,"date":"2022-05-30T15:46:18","date_gmt":"2022-05-30T20:46:18","guid":{"rendered":"https:\/\/lubrimas.pe\/tienda\/?post_type=product&#038;p=12008"},"modified":"2026-05-05T14:21:35","modified_gmt":"2026-05-05T19:21:35","slug":"mannol-atf-cvt-8216","status":"publish","type":"product","link":"https:\/\/lubrimas.pe\/tienda\/aceite-de-caja\/mannol-atf-cvt-8216\/","title":{"rendered":"MANNOL ATF CVT 8216 &#8211; Aceite de Tranmisi\u00f3n"},"content":{"rendered":"<p><strong>MANNOL ATF CVT 8216<\/strong> es un aceite sint\u00e9tico especial para engranajes <em><strong>CVT<\/strong> <\/em>(Transmisi\u00f3n variable continua): engranajes de velocidad variable. Fue desarrollado especialmente para su uso en transmisiones continuamente variables con una cadena articulada r\u00edgida o una cadena de tracci\u00f3n de acero.\u00a0Asegura un funcionamiento impecable de una caja de cambios autom\u00e1tica, garantiza un desgaste m\u00ednimo, una vida \u00fatil duradera de una transmisi\u00f3n y econom\u00eda de combustible.<\/p>\n<p>El aceite es un producto de servicio que requiere un enfoque profesional para su selecci\u00f3n.\u00a0Su selecci\u00f3n depende del tipo de engranaje de velocidad variable en lugar de la marca de un veh\u00edculo.\u00a0El aceite ha sido probado y ha demostrado ser efectivo especialmente en cajas de cambios Autotronic Mercedes-Benz Clase A y B, y en transmisiones autom\u00e1ticas continuamente variables (Multitronic) en veh\u00edculos Audi.<\/p>\n<h5><strong>APROBACIONES \/ ESPECIFICACIONES<\/strong><\/h5>\n<p>VOLKSWAGEN G 052 180, BMW 83 22 0 429 154, BMW CVT EZL 799A,\u00a0L\u00cdQUIDO CHRYSLER CVT NS-2,\u00a0FLUIDO DC DAIHATSU AMIX CVT,\u00a0FORD WSS M2C928-A,\u00a0FORD WSS M2C933-A,\u00a0FORD FLUIDO CVT 23,\u00a0FORD CVT FLUIDO 30,\u00a0FORD Mercon C,\u00a0GM DEX-CVT,\u00a0HONDA HMMF (08260-99904),\u00a0HONDA HCF-2,\u00a0HYUNDAI ATF SP-III,\u00a0INFINITI,\u00a0L\u00cdQUIDO JEEP CVT NS-2,\u00a0KIA ATF-SP-III,\u00a0LEXUS,\u00a0L\u00cdQUIDO CVT MAZDA JWS 3320,\u00a0MB 236.20,\u00a0MINI 83 22 0 429 154,\u00a0MINI CVT EZL 799A,\u00a0MITSUBISHI DIAQUEEN FLUIDO CVT J1,\u00a0MITSUBISHI DIAQUEEN FLUIDO CVT J4,\u00a0MITSUBISHI CVT ATF SP-III,\u00a0MOPAR CVTF +4, FLUIDO NISSAN CVT NS-1, NISSAN NS-2 (KLE52-00004), ACEITE SUBARU CVT PARA LINEARTRONIC (K0425Y0710), L\u00cdQUIDO SUBARU i-CVT, SUBARU i-CVT FLUIDO FG, L\u00cdQUIDO SUZUKI SCVT, ACEITE SUZUKI CVT, SUZUKI CVT FLUIDO VERDE 1, SUZUKI CVT FLUIDO VERDE 2, SUZUKI NS-2, FLUIDO TC TOYOTA CVT, FLUIDO FE TOYOTA CVT<\/p>\n<p>&nbsp;<\/p>\n","protected":false},"excerpt":{"rendered":"<p>MANNOL ATF CVT 8216 es un aceite sint\u00e9tico especial para engranajes CVT (Transmisi\u00f3n variable continua): engranajes de velocidad variable. Fue desarrollado especialmente para su uso en transmisiones continuamente variables con<\/p>\n","protected":false},"featured_media":15596,"template":"","meta":[],"product_brand":[],"product_cat":[27,32],"product_tag":[],"class_list":{"0":"post-12008","1":"product","2":"type-product","3":"status-publish","4":"has-post-thumbnail","6":"product_cat-aceite-de-caja","7":"product_cat-caja-automatica","8":"pa_marca-mannol","9":"pa_transmision-atf","10":"pa_transmision-cvt","12":"first","13":"instock","14":"shipping-taxable","15":"purchasable","16":"product-type-variable","17":"has-default-attributes"},"yoast_head":"<!-- This site is optimized with the Yoast SEO plugin v27.5 - https:\/\/yoast.com\/product\/yoast-seo-wordpress\/ -->\n<title>MANNOL ATF CVT 8216 - Aceite de Tranmisi\u00f3n | Lubrimas.pe | Tienda Online<\/title>\n<meta name=\"robots\" content=\"index, follow, max-snippet:-1, max-image-preview:large, max-video-preview:-1\" \/>\n<link rel=\"canonical\" href=\"https:\/\/lubrimas.pe\/tienda\/aceite-de-caja\/mannol-atf-cvt-8216\/\" \/>\n<meta property=\"og:locale\" content=\"es_ES\" \/>\n<meta property=\"og:type\" content=\"article\" \/>\n<meta property=\"og:title\" content=\"MANNOL ATF CVT 8216 - Aceite de Tranmisi\u00f3n | Lubrimas.pe | Tienda Online\" \/>\n<meta property=\"og:description\" content=\"MANNOL ATF CVT 8216 es un aceite sint\u00e9tico especial para engranajes CVT (Transmisi\u00f3n variable continua): engranajes de velocidad variable. Fue desarrollado especialmente para su uso en transmisiones continuamente variables con\" \/>\n<meta property=\"og:url\" content=\"https:\/\/lubrimas.pe\/tienda\/aceite-de-caja\/mannol-atf-cvt-8216\/\" \/>\n<meta property=\"og:site_name\" content=\"Lubrimas.pe | Tienda Online\" \/>\n<meta property=\"article:modified_time\" content=\"2026-05-05T19:21:35+00:00\" \/>\n<meta property=\"og:image\" content=\"https:\/\/lubrimas.pe\/tienda\/wp-content\/uploads\/sites\/3\/2022\/05\/MANNOL-ATF-CVT-8216.webp\" \/>\n\t<meta property=\"og:image:width\" content=\"850\" \/>\n\t<meta property=\"og:image:height\" content=\"1000\" \/>\n\t<meta property=\"og:image:type\" content=\"image\/webp\" \/>\n<meta name=\"twitter:card\" content=\"summary_large_image\" \/>\n<meta name=\"twitter:label1\" content=\"Tiempo de lectura\" \/>\n\t<meta name=\"twitter:data1\" content=\"2 minutos\" \/>\n<script type=\"application\/ld+json\" class=\"yoast-schema-graph\">{\"@context\":\"https:\\\/\\\/schema.org\",\"@graph\":[{\"@type\":[\"WebPage\",\"ItemPage\"],\"@id\":\"https:\\\/\\\/lubrimas.pe\\\/tienda\\\/aceite-de-caja\\\/mannol-atf-cvt-8216\\\/\",\"url\":\"https:\\\/\\\/lubrimas.pe\\\/tienda\\\/aceite-de-caja\\\/mannol-atf-cvt-8216\\\/\",\"name\":\"MANNOL ATF CVT 8216 - Aceite de Tranmisi\u00f3n | Lubrimas.pe | Tienda Online\",\"isPartOf\":{\"@id\":\"https:\\\/\\\/lubrimas.pe\\\/tienda\\\/#website\"},\"primaryImageOfPage\":{\"@id\":\"https:\\\/\\\/lubrimas.pe\\\/tienda\\\/aceite-de-caja\\\/mannol-atf-cvt-8216\\\/#primaryimage\"},\"image\":{\"@id\":\"https:\\\/\\\/lubrimas.pe\\\/tienda\\\/aceite-de-caja\\\/mannol-atf-cvt-8216\\\/#primaryimage\"},\"thumbnailUrl\":\"https:\\\/\\\/lubrimas.pe\\\/tienda\\\/wp-content\\\/uploads\\\/sites\\\/3\\\/2022\\\/05\\\/MANNOL-ATF-CVT-8216.webp\",\"datePublished\":\"2022-05-30T20:46:18+00:00\",\"dateModified\":\"2026-05-05T19:21:35+00:00\",\"breadcrumb\":{\"@id\":\"https:\\\/\\\/lubrimas.pe\\\/tienda\\\/aceite-de-caja\\\/mannol-atf-cvt-8216\\\/#breadcrumb\"},\"inLanguage\":\"es\",\"potentialAction\":[{\"@type\":\"ReadAction\",\"target\":[\"https:\\\/\\\/lubrimas.pe\\\/tienda\\\/aceite-de-caja\\\/mannol-atf-cvt-8216\\\/\"]}]},{\"@type\":\"ImageObject\",\"inLanguage\":\"es\",\"@id\":\"https:\\\/\\\/lubrimas.pe\\\/tienda\\\/aceite-de-caja\\\/mannol-atf-cvt-8216\\\/#primaryimage\",\"url\":\"https:\\\/\\\/lubrimas.pe\\\/tienda\\\/wp-content\\\/uploads\\\/sites\\\/3\\\/2022\\\/05\\\/MANNOL-ATF-CVT-8216.webp\",\"contentUrl\":\"https:\\\/\\\/lubrimas.pe\\\/tienda\\\/wp-content\\\/uploads\\\/sites\\\/3\\\/2022\\\/05\\\/MANNOL-ATF-CVT-8216.webp\",\"width\":850,\"height\":1000},{\"@type\":\"BreadcrumbList\",\"@id\":\"https:\\\/\\\/lubrimas.pe\\\/tienda\\\/aceite-de-caja\\\/mannol-atf-cvt-8216\\\/#breadcrumb\",\"itemListElement\":[{\"@type\":\"ListItem\",\"position\":1,\"name\":\"Portada\",\"item\":\"https:\\\/\\\/lubrimas.pe\\\/tienda\\\/\"},{\"@type\":\"ListItem\",\"position\":2,\"name\":\"Cat\u00e1logo\",\"item\":\"https:\\\/\\\/lubrimas.pe\\\/tienda\\\/productos\\\/\"},{\"@type\":\"ListItem\",\"position\":3,\"name\":\"MANNOL ATF CVT 8216 &#8211; Aceite de Tranmisi\u00f3n\"}]},{\"@type\":\"WebSite\",\"@id\":\"https:\\\/\\\/lubrimas.pe\\\/tienda\\\/#website\",\"url\":\"https:\\\/\\\/lubrimas.pe\\\/tienda\\\/\",\"name\":\"Lubrimas.pe | Tienda Online\",\"description\":\"Tus lubricantes favoritos al mejor precio!\",\"publisher\":{\"@id\":\"https:\\\/\\\/lubrimas.pe\\\/tienda\\\/#organization\"},\"potentialAction\":[{\"@type\":\"SearchAction\",\"target\":{\"@type\":\"EntryPoint\",\"urlTemplate\":\"https:\\\/\\\/lubrimas.pe\\\/tienda\\\/?s={search_term_string}\"},\"query-input\":{\"@type\":\"PropertyValueSpecification\",\"valueRequired\":true,\"valueName\":\"search_term_string\"}}],\"inLanguage\":\"es\"},{\"@type\":\"Organization\",\"@id\":\"https:\\\/\\\/lubrimas.pe\\\/tienda\\\/#organization\",\"name\":\"Lubrimas.pe\",\"url\":\"https:\\\/\\\/lubrimas.pe\\\/tienda\\\/\",\"logo\":{\"@type\":\"ImageObject\",\"inLanguage\":\"es\",\"@id\":\"https:\\\/\\\/lubrimas.pe\\\/tienda\\\/#\\\/schema\\\/logo\\\/image\\\/\",\"url\":\"https:\\\/\\\/lubrimas.pe\\\/tienda\\\/wp-content\\\/uploads\\\/sites\\\/3\\\/2022\\\/07\\\/BANNERS-PROMO-CYBER-WOW-LUBRIMASPE-2022-07.webp\",\"contentUrl\":\"https:\\\/\\\/lubrimas.pe\\\/tienda\\\/wp-content\\\/uploads\\\/sites\\\/3\\\/2022\\\/07\\\/BANNERS-PROMO-CYBER-WOW-LUBRIMASPE-2022-07.webp\",\"width\":500,\"height\":752,\"caption\":\"Lubrimas.pe\"},\"image\":{\"@id\":\"https:\\\/\\\/lubrimas.pe\\\/tienda\\\/#\\\/schema\\\/logo\\\/image\\\/\"}}]}<\/script>\n<!-- \/ Yoast SEO plugin. -->","yoast_head_json":{"title":"MANNOL ATF CVT 8216 - Aceite de Tranmisi\u00f3n | Lubrimas.pe | Tienda Online","robots":{"index":"index","follow":"follow","max-snippet":"max-snippet:-1","max-image-preview":"max-image-preview:large","max-video-preview":"max-video-preview:-1"},"canonical":"https:\/\/lubrimas.pe\/tienda\/aceite-de-caja\/mannol-atf-cvt-8216\/","og_locale":"es_ES","og_type":"article","og_title":"MANNOL ATF CVT 8216 - Aceite de Tranmisi\u00f3n | Lubrimas.pe | Tienda Online","og_description":"MANNOL ATF CVT 8216 es un aceite sint\u00e9tico especial para engranajes CVT (Transmisi\u00f3n variable continua): engranajes de velocidad variable. Fue desarrollado especialmente para su uso en transmisiones continuamente variables con","og_url":"https:\/\/lubrimas.pe\/tienda\/aceite-de-caja\/mannol-atf-cvt-8216\/","og_site_name":"Lubrimas.pe | Tienda Online","article_modified_time":"2026-05-05T19:21:35+00:00","og_image":[{"width":850,"height":1000,"url":"https:\/\/lubrimas.pe\/tienda\/wp-content\/uploads\/sites\/3\/2022\/05\/MANNOL-ATF-CVT-8216.webp","type":"image\/webp"}],"twitter_card":"summary_large_image","twitter_misc":{"Tiempo de lectura":"2 minutos"},"schema":{"@context":"https:\/\/schema.org","@graph":[{"@type":["WebPage","ItemPage"],"@id":"https:\/\/lubrimas.pe\/tienda\/aceite-de-caja\/mannol-atf-cvt-8216\/","url":"https:\/\/lubrimas.pe\/tienda\/aceite-de-caja\/mannol-atf-cvt-8216\/","name":"MANNOL ATF CVT 8216 - Aceite de Tranmisi\u00f3n | Lubrimas.pe | Tienda Online","isPartOf":{"@id":"https:\/\/lubrimas.pe\/tienda\/#website"},"primaryImageOfPage":{"@id":"https:\/\/lubrimas.pe\/tienda\/aceite-de-caja\/mannol-atf-cvt-8216\/#primaryimage"},"image":{"@id":"https:\/\/lubrimas.pe\/tienda\/aceite-de-caja\/mannol-atf-cvt-8216\/#primaryimage"},"thumbnailUrl":"https:\/\/lubrimas.pe\/tienda\/wp-content\/uploads\/sites\/3\/2022\/05\/MANNOL-ATF-CVT-8216.webp","datePublished":"2022-05-30T20:46:18+00:00","dateModified":"2026-05-05T19:21:35+00:00","breadcrumb":{"@id":"https:\/\/lubrimas.pe\/tienda\/aceite-de-caja\/mannol-atf-cvt-8216\/#breadcrumb"},"inLanguage":"es","potentialAction":[{"@type":"ReadAction","target":["https:\/\/lubrimas.pe\/tienda\/aceite-de-caja\/mannol-atf-cvt-8216\/"]}]},{"@type":"ImageObject","inLanguage":"es","@id":"https:\/\/lubrimas.pe\/tienda\/aceite-de-caja\/mannol-atf-cvt-8216\/#primaryimage","url":"https:\/\/lubrimas.pe\/tienda\/wp-content\/uploads\/sites\/3\/2022\/05\/MANNOL-ATF-CVT-8216.webp","contentUrl":"https:\/\/lubrimas.pe\/tienda\/wp-content\/uploads\/sites\/3\/2022\/05\/MANNOL-ATF-CVT-8216.webp","width":850,"height":1000},{"@type":"BreadcrumbList","@id":"https:\/\/lubrimas.pe\/tienda\/aceite-de-caja\/mannol-atf-cvt-8216\/#breadcrumb","itemListElement":[{"@type":"ListItem","position":1,"name":"Portada","item":"https:\/\/lubrimas.pe\/tienda\/"},{"@type":"ListItem","position":2,"name":"Cat\u00e1logo","item":"https:\/\/lubrimas.pe\/tienda\/productos\/"},{"@type":"ListItem","position":3,"name":"MANNOL ATF CVT 8216 &#8211; Aceite de Tranmisi\u00f3n"}]},{"@type":"WebSite","@id":"https:\/\/lubrimas.pe\/tienda\/#website","url":"https:\/\/lubrimas.pe\/tienda\/","name":"Lubrimas.pe | Tienda Online","description":"Tus lubricantes favoritos al mejor precio!","publisher":{"@id":"https:\/\/lubrimas.pe\/tienda\/#organization"},"potentialAction":[{"@type":"SearchAction","target":{"@type":"EntryPoint","urlTemplate":"https:\/\/lubrimas.pe\/tienda\/?s={search_term_string}"},"query-input":{"@type":"PropertyValueSpecification","valueRequired":true,"valueName":"search_term_string"}}],"inLanguage":"es"},{"@type":"Organization","@id":"https:\/\/lubrimas.pe\/tienda\/#organization","name":"Lubrimas.pe","url":"https:\/\/lubrimas.pe\/tienda\/","logo":{"@type":"ImageObject","inLanguage":"es","@id":"https:\/\/lubrimas.pe\/tienda\/#\/schema\/logo\/image\/","url":"https:\/\/lubrimas.pe\/tienda\/wp-content\/uploads\/sites\/3\/2022\/07\/BANNERS-PROMO-CYBER-WOW-LUBRIMASPE-2022-07.webp","contentUrl":"https:\/\/lubrimas.pe\/tienda\/wp-content\/uploads\/sites\/3\/2022\/07\/BANNERS-PROMO-CYBER-WOW-LUBRIMASPE-2022-07.webp","width":500,"height":752,"caption":"Lubrimas.pe"},"image":{"@id":"https:\/\/lubrimas.pe\/tienda\/#\/schema\/logo\/image\/"}}]}},"_links":{"self":[{"href":"https:\/\/lubrimas.pe\/tienda\/wp-json\/wp\/v2\/product\/12008","targetHints":{"allow":["GET"]}}],"collection":[{"href":"https:\/\/lubrimas.pe\/tienda\/wp-json\/wp\/v2\/product"}],"about":[{"href":"https:\/\/lubrimas.pe\/tienda\/wp-json\/wp\/v2\/types\/product"}],"wp:featuredmedia":[{"embeddable":true,"href":"https:\/\/lubrimas.pe\/tienda\/wp-json\/wp\/v2\/media\/15596"}],"wp:attachment":[{"href":"https:\/\/lubrimas.pe\/tienda\/wp-json\/wp\/v2\/media?parent=12008"}],"wp:term":[{"taxonomy":"product_brand","embeddable":true,"href":"https:\/\/lubrimas.pe\/tienda\/wp-json\/wp\/v2\/product_brand?post=12008"},{"taxonomy":"product_cat","embeddable":true,"href":"https:\/\/lubrimas.pe\/tienda\/wp-json\/wp\/v2\/product_cat?post=12008"},{"taxonomy":"product_tag","embeddable":true,"href":"https:\/\/lubrimas.pe\/tienda\/wp-json\/wp\/v2\/product_tag?post=12008"}],"curies":[{"name":"wp","href":"https:\/\/api.w.org\/{rel}","templated":true}]}}