{"id":12018,"date":"2022-05-30T16:27:53","date_gmt":"2022-05-30T21:27:53","guid":{"rendered":"https:\/\/lubrimas.pe\/tienda\/?post_type=product&#038;p=12018"},"modified":"2024-04-26T12:09:44","modified_gmt":"2024-04-26T17:09:44","slug":"mannol-anticongelante-ag13-hightec-50-50-verde","status":"publish","type":"product","link":"https:\/\/lubrimas.pe\/tienda\/refrigerantes\/mannol-anticongelante-ag13-hightec-50-50-verde\/","title":{"rendered":"MANNOL ANTICONGELANTE AG13 HIGHTEC 50\/50 &#8211; VERDE"},"content":{"rendered":"<p><strong>MANNOL ANTICONGELANTE AG13 HIGHTEC 50\/50<\/strong>\u00a0es una soluci\u00f3n h\u00edbrida (HOAT &#8211; Hybrid Organic Acid Technology) de alta tecnolog\u00eda lista para usar (que no requiere diluci\u00f3n y protege el sistema de refrigeraci\u00f3n del coche a temperaturas de hasta -40 \u00b0C) con excelentes caracter\u00edsticas de funcionamiento pensada para todo el a\u00f1o uso en cualquier sistema de refrigeraci\u00f3n moderno para el que se recomiende el uso de anticongelante a base de monoetilenglicol. Garantiza una protecci\u00f3n fiable de cualquier sistema de refrigeraci\u00f3n.<\/p>\n<h5><strong>APROBACIONES \/ ESPECIFICACIONES<\/strong><\/h5>\n<p>SAE J1034, FNOR FRANCIA NF R15-601, ASTM EE. UU. D3306, ASTM EE. UU. D4340, ASTM EE. UU. D4985, BSI GB BS 6580:2010, OTAN S-759, BMWGS 94000, CHRYSLER MS-7170, FORD ESE-M978B4H-A, FORD AF Plus, GM 1825M, GM 1899M, GM SATURNO, JAGUAR, JOHN DEERE, MAN 324 tipo NF, MB 325.0, MINIGS 94000, MTU MTL 5048, OPEL GME L1301, OPEL GM QL130100, OPEL GME L1301<\/p>\n","protected":false},"excerpt":{"rendered":"<p>MANNOL ANTICONGELANTE AG13 HIGHTEC 50\/50\u00a0es una soluci\u00f3n h\u00edbrida (HOAT &#8211; Hybrid Organic Acid Technology) de alta tecnolog\u00eda lista para usar (que no requiere diluci\u00f3n y protege el sistema de refrigeraci\u00f3n<\/p>\n","protected":false},"featured_media":12020,"template":"","meta":[],"product_brand":[],"product_cat":[38],"product_tag":[],"class_list":{"0":"post-12018","1":"product","2":"type-product","3":"status-publish","4":"has-post-thumbnail","6":"product_cat-refrigerantes","7":"pa_concentrado-154","8":"pa_marca-mannol","10":"first","11":"instock","12":"shipping-taxable","13":"purchasable","14":"product-type-variable","15":"has-default-attributes"},"yoast_head":"<!-- This site is optimized with the Yoast SEO plugin v27.4 - https:\/\/yoast.com\/product\/yoast-seo-wordpress\/ -->\n<title>MANNOL ANTICONGELANTE AG13 HIGHTEC 50\/50 - VERDE | Lubrimas.pe | Tienda Online<\/title>\n<meta name=\"robots\" content=\"index, follow, max-snippet:-1, max-image-preview:large, max-video-preview:-1\" \/>\n<link rel=\"canonical\" href=\"https:\/\/lubrimas.pe\/tienda\/refrigerantes\/mannol-anticongelante-ag13-hightec-50-50-verde\/\" \/>\n<meta property=\"og:locale\" content=\"es_ES\" \/>\n<meta property=\"og:type\" content=\"article\" \/>\n<meta property=\"og:title\" content=\"MANNOL ANTICONGELANTE AG13 HIGHTEC 50\/50 - VERDE | Lubrimas.pe | Tienda Online\" \/>\n<meta property=\"og:description\" content=\"MANNOL ANTICONGELANTE AG13 HIGHTEC 50\/50\u00a0es una soluci\u00f3n h\u00edbrida (HOAT &#8211; Hybrid Organic Acid Technology) de alta tecnolog\u00eda lista para usar (que no requiere diluci\u00f3n y protege el sistema de refrigeraci\u00f3n\" \/>\n<meta property=\"og:url\" content=\"https:\/\/lubrimas.pe\/tienda\/refrigerantes\/mannol-anticongelante-ag13-hightec-50-50-verde\/\" \/>\n<meta property=\"og:site_name\" content=\"Lubrimas.pe | Tienda Online\" \/>\n<meta property=\"article:modified_time\" content=\"2024-04-26T17:09:44+00:00\" \/>\n<meta property=\"og:image\" content=\"https:\/\/lubrimas.pe\/tienda\/wp-content\/uploads\/sites\/3\/2022\/05\/lubrimaspe-lubrimasperu-refrigerante-anticongleante-antifreeze-mannol-4013-ag13-33-losolivos-lima-peru.webp\" \/>\n\t<meta property=\"og:image:width\" content=\"850\" \/>\n\t<meta property=\"og:image:height\" content=\"1000\" \/>\n\t<meta property=\"og:image:type\" content=\"image\/webp\" \/>\n<meta name=\"twitter:card\" content=\"summary_large_image\" \/>\n<meta name=\"twitter:label1\" content=\"Tiempo de lectura\" \/>\n\t<meta name=\"twitter:data1\" content=\"1 minuto\" \/>\n<script type=\"application\/ld+json\" class=\"yoast-schema-graph\">{\"@context\":\"https:\\\/\\\/schema.org\",\"@graph\":[{\"@type\":[\"WebPage\",\"ItemPage\"],\"@id\":\"https:\\\/\\\/lubrimas.pe\\\/tienda\\\/refrigerantes\\\/mannol-anticongelante-ag13-hightec-50-50-verde\\\/\",\"url\":\"https:\\\/\\\/lubrimas.pe\\\/tienda\\\/refrigerantes\\\/mannol-anticongelante-ag13-hightec-50-50-verde\\\/\",\"name\":\"MANNOL ANTICONGELANTE AG13 HIGHTEC 50\\\/50 - VERDE | Lubrimas.pe | Tienda Online\",\"isPartOf\":{\"@id\":\"https:\\\/\\\/lubrimas.pe\\\/tienda\\\/#website\"},\"primaryImageOfPage\":{\"@id\":\"https:\\\/\\\/lubrimas.pe\\\/tienda\\\/refrigerantes\\\/mannol-anticongelante-ag13-hightec-50-50-verde\\\/#primaryimage\"},\"image\":{\"@id\":\"https:\\\/\\\/lubrimas.pe\\\/tienda\\\/refrigerantes\\\/mannol-anticongelante-ag13-hightec-50-50-verde\\\/#primaryimage\"},\"thumbnailUrl\":\"https:\\\/\\\/lubrimas.pe\\\/tienda\\\/wp-content\\\/uploads\\\/sites\\\/3\\\/2022\\\/05\\\/lubrimaspe-lubrimasperu-refrigerante-anticongleante-antifreeze-mannol-4013-ag13-33-losolivos-lima-peru.webp\",\"datePublished\":\"2022-05-30T21:27:53+00:00\",\"dateModified\":\"2024-04-26T17:09:44+00:00\",\"breadcrumb\":{\"@id\":\"https:\\\/\\\/lubrimas.pe\\\/tienda\\\/refrigerantes\\\/mannol-anticongelante-ag13-hightec-50-50-verde\\\/#breadcrumb\"},\"inLanguage\":\"es\",\"potentialAction\":[{\"@type\":\"ReadAction\",\"target\":[\"https:\\\/\\\/lubrimas.pe\\\/tienda\\\/refrigerantes\\\/mannol-anticongelante-ag13-hightec-50-50-verde\\\/\"]}]},{\"@type\":\"ImageObject\",\"inLanguage\":\"es\",\"@id\":\"https:\\\/\\\/lubrimas.pe\\\/tienda\\\/refrigerantes\\\/mannol-anticongelante-ag13-hightec-50-50-verde\\\/#primaryimage\",\"url\":\"https:\\\/\\\/lubrimas.pe\\\/tienda\\\/wp-content\\\/uploads\\\/sites\\\/3\\\/2022\\\/05\\\/lubrimaspe-lubrimasperu-refrigerante-anticongleante-antifreeze-mannol-4013-ag13-33-losolivos-lima-peru.webp\",\"contentUrl\":\"https:\\\/\\\/lubrimas.pe\\\/tienda\\\/wp-content\\\/uploads\\\/sites\\\/3\\\/2022\\\/05\\\/lubrimaspe-lubrimasperu-refrigerante-anticongleante-antifreeze-mannol-4013-ag13-33-losolivos-lima-peru.webp\",\"width\":850,\"height\":1000},{\"@type\":\"BreadcrumbList\",\"@id\":\"https:\\\/\\\/lubrimas.pe\\\/tienda\\\/refrigerantes\\\/mannol-anticongelante-ag13-hightec-50-50-verde\\\/#breadcrumb\",\"itemListElement\":[{\"@type\":\"ListItem\",\"position\":1,\"name\":\"Portada\",\"item\":\"https:\\\/\\\/lubrimas.pe\\\/tienda\\\/\"},{\"@type\":\"ListItem\",\"position\":2,\"name\":\"Cat\u00e1logo\",\"item\":\"https:\\\/\\\/lubrimas.pe\\\/tienda\\\/productos\\\/\"},{\"@type\":\"ListItem\",\"position\":3,\"name\":\"MANNOL ANTICONGELANTE AG13 HIGHTEC 50\\\/50 &#8211; VERDE\"}]},{\"@type\":\"WebSite\",\"@id\":\"https:\\\/\\\/lubrimas.pe\\\/tienda\\\/#website\",\"url\":\"https:\\\/\\\/lubrimas.pe\\\/tienda\\\/\",\"name\":\"Lubrimas.pe | Tienda Online\",\"description\":\"Tus lubricantes favoritos al mejor precio!\",\"publisher\":{\"@id\":\"https:\\\/\\\/lubrimas.pe\\\/tienda\\\/#organization\"},\"potentialAction\":[{\"@type\":\"SearchAction\",\"target\":{\"@type\":\"EntryPoint\",\"urlTemplate\":\"https:\\\/\\\/lubrimas.pe\\\/tienda\\\/?s={search_term_string}\"},\"query-input\":{\"@type\":\"PropertyValueSpecification\",\"valueRequired\":true,\"valueName\":\"search_term_string\"}}],\"inLanguage\":\"es\"},{\"@type\":\"Organization\",\"@id\":\"https:\\\/\\\/lubrimas.pe\\\/tienda\\\/#organization\",\"name\":\"Lubrimas.pe\",\"url\":\"https:\\\/\\\/lubrimas.pe\\\/tienda\\\/\",\"logo\":{\"@type\":\"ImageObject\",\"inLanguage\":\"es\",\"@id\":\"https:\\\/\\\/lubrimas.pe\\\/tienda\\\/#\\\/schema\\\/logo\\\/image\\\/\",\"url\":\"https:\\\/\\\/lubrimas.pe\\\/tienda\\\/wp-content\\\/uploads\\\/sites\\\/3\\\/2022\\\/07\\\/BANNERS-PROMO-CYBER-WOW-LUBRIMASPE-2022-07.webp\",\"contentUrl\":\"https:\\\/\\\/lubrimas.pe\\\/tienda\\\/wp-content\\\/uploads\\\/sites\\\/3\\\/2022\\\/07\\\/BANNERS-PROMO-CYBER-WOW-LUBRIMASPE-2022-07.webp\",\"width\":500,\"height\":752,\"caption\":\"Lubrimas.pe\"},\"image\":{\"@id\":\"https:\\\/\\\/lubrimas.pe\\\/tienda\\\/#\\\/schema\\\/logo\\\/image\\\/\"}}]}<\/script>\n<!-- \/ Yoast SEO plugin. -->","yoast_head_json":{"title":"MANNOL ANTICONGELANTE AG13 HIGHTEC 50\/50 - VERDE | Lubrimas.pe | Tienda Online","robots":{"index":"index","follow":"follow","max-snippet":"max-snippet:-1","max-image-preview":"max-image-preview:large","max-video-preview":"max-video-preview:-1"},"canonical":"https:\/\/lubrimas.pe\/tienda\/refrigerantes\/mannol-anticongelante-ag13-hightec-50-50-verde\/","og_locale":"es_ES","og_type":"article","og_title":"MANNOL ANTICONGELANTE AG13 HIGHTEC 50\/50 - VERDE | Lubrimas.pe | Tienda Online","og_description":"MANNOL ANTICONGELANTE AG13 HIGHTEC 50\/50\u00a0es una soluci\u00f3n h\u00edbrida (HOAT &#8211; Hybrid Organic Acid Technology) de alta tecnolog\u00eda lista para usar (que no requiere diluci\u00f3n y protege el sistema de refrigeraci\u00f3n","og_url":"https:\/\/lubrimas.pe\/tienda\/refrigerantes\/mannol-anticongelante-ag13-hightec-50-50-verde\/","og_site_name":"Lubrimas.pe | Tienda Online","article_modified_time":"2024-04-26T17:09:44+00:00","og_image":[{"width":850,"height":1000,"url":"https:\/\/lubrimas.pe\/tienda\/wp-content\/uploads\/sites\/3\/2022\/05\/lubrimaspe-lubrimasperu-refrigerante-anticongleante-antifreeze-mannol-4013-ag13-33-losolivos-lima-peru.webp","type":"image\/webp"}],"twitter_card":"summary_large_image","twitter_misc":{"Tiempo de lectura":"1 minuto"},"schema":{"@context":"https:\/\/schema.org","@graph":[{"@type":["WebPage","ItemPage"],"@id":"https:\/\/lubrimas.pe\/tienda\/refrigerantes\/mannol-anticongelante-ag13-hightec-50-50-verde\/","url":"https:\/\/lubrimas.pe\/tienda\/refrigerantes\/mannol-anticongelante-ag13-hightec-50-50-verde\/","name":"MANNOL ANTICONGELANTE AG13 HIGHTEC 50\/50 - VERDE | Lubrimas.pe | Tienda Online","isPartOf":{"@id":"https:\/\/lubrimas.pe\/tienda\/#website"},"primaryImageOfPage":{"@id":"https:\/\/lubrimas.pe\/tienda\/refrigerantes\/mannol-anticongelante-ag13-hightec-50-50-verde\/#primaryimage"},"image":{"@id":"https:\/\/lubrimas.pe\/tienda\/refrigerantes\/mannol-anticongelante-ag13-hightec-50-50-verde\/#primaryimage"},"thumbnailUrl":"https:\/\/lubrimas.pe\/tienda\/wp-content\/uploads\/sites\/3\/2022\/05\/lubrimaspe-lubrimasperu-refrigerante-anticongleante-antifreeze-mannol-4013-ag13-33-losolivos-lima-peru.webp","datePublished":"2022-05-30T21:27:53+00:00","dateModified":"2024-04-26T17:09:44+00:00","breadcrumb":{"@id":"https:\/\/lubrimas.pe\/tienda\/refrigerantes\/mannol-anticongelante-ag13-hightec-50-50-verde\/#breadcrumb"},"inLanguage":"es","potentialAction":[{"@type":"ReadAction","target":["https:\/\/lubrimas.pe\/tienda\/refrigerantes\/mannol-anticongelante-ag13-hightec-50-50-verde\/"]}]},{"@type":"ImageObject","inLanguage":"es","@id":"https:\/\/lubrimas.pe\/tienda\/refrigerantes\/mannol-anticongelante-ag13-hightec-50-50-verde\/#primaryimage","url":"https:\/\/lubrimas.pe\/tienda\/wp-content\/uploads\/sites\/3\/2022\/05\/lubrimaspe-lubrimasperu-refrigerante-anticongleante-antifreeze-mannol-4013-ag13-33-losolivos-lima-peru.webp","contentUrl":"https:\/\/lubrimas.pe\/tienda\/wp-content\/uploads\/sites\/3\/2022\/05\/lubrimaspe-lubrimasperu-refrigerante-anticongleante-antifreeze-mannol-4013-ag13-33-losolivos-lima-peru.webp","width":850,"height":1000},{"@type":"BreadcrumbList","@id":"https:\/\/lubrimas.pe\/tienda\/refrigerantes\/mannol-anticongelante-ag13-hightec-50-50-verde\/#breadcrumb","itemListElement":[{"@type":"ListItem","position":1,"name":"Portada","item":"https:\/\/lubrimas.pe\/tienda\/"},{"@type":"ListItem","position":2,"name":"Cat\u00e1logo","item":"https:\/\/lubrimas.pe\/tienda\/productos\/"},{"@type":"ListItem","position":3,"name":"MANNOL ANTICONGELANTE AG13 HIGHTEC 50\/50 &#8211; VERDE"}]},{"@type":"WebSite","@id":"https:\/\/lubrimas.pe\/tienda\/#website","url":"https:\/\/lubrimas.pe\/tienda\/","name":"Lubrimas.pe | Tienda Online","description":"Tus lubricantes favoritos al mejor precio!","publisher":{"@id":"https:\/\/lubrimas.pe\/tienda\/#organization"},"potentialAction":[{"@type":"SearchAction","target":{"@type":"EntryPoint","urlTemplate":"https:\/\/lubrimas.pe\/tienda\/?s={search_term_string}"},"query-input":{"@type":"PropertyValueSpecification","valueRequired":true,"valueName":"search_term_string"}}],"inLanguage":"es"},{"@type":"Organization","@id":"https:\/\/lubrimas.pe\/tienda\/#organization","name":"Lubrimas.pe","url":"https:\/\/lubrimas.pe\/tienda\/","logo":{"@type":"ImageObject","inLanguage":"es","@id":"https:\/\/lubrimas.pe\/tienda\/#\/schema\/logo\/image\/","url":"https:\/\/lubrimas.pe\/tienda\/wp-content\/uploads\/sites\/3\/2022\/07\/BANNERS-PROMO-CYBER-WOW-LUBRIMASPE-2022-07.webp","contentUrl":"https:\/\/lubrimas.pe\/tienda\/wp-content\/uploads\/sites\/3\/2022\/07\/BANNERS-PROMO-CYBER-WOW-LUBRIMASPE-2022-07.webp","width":500,"height":752,"caption":"Lubrimas.pe"},"image":{"@id":"https:\/\/lubrimas.pe\/tienda\/#\/schema\/logo\/image\/"}}]}},"_links":{"self":[{"href":"https:\/\/lubrimas.pe\/tienda\/wp-json\/wp\/v2\/product\/12018","targetHints":{"allow":["GET"]}}],"collection":[{"href":"https:\/\/lubrimas.pe\/tienda\/wp-json\/wp\/v2\/product"}],"about":[{"href":"https:\/\/lubrimas.pe\/tienda\/wp-json\/wp\/v2\/types\/product"}],"wp:featuredmedia":[{"embeddable":true,"href":"https:\/\/lubrimas.pe\/tienda\/wp-json\/wp\/v2\/media\/12020"}],"wp:attachment":[{"href":"https:\/\/lubrimas.pe\/tienda\/wp-json\/wp\/v2\/media?parent=12018"}],"wp:term":[{"taxonomy":"product_brand","embeddable":true,"href":"https:\/\/lubrimas.pe\/tienda\/wp-json\/wp\/v2\/product_brand?post=12018"},{"taxonomy":"product_cat","embeddable":true,"href":"https:\/\/lubrimas.pe\/tienda\/wp-json\/wp\/v2\/product_cat?post=12018"},{"taxonomy":"product_tag","embeddable":true,"href":"https:\/\/lubrimas.pe\/tienda\/wp-json\/wp\/v2\/product_tag?post=12018"}],"curies":[{"name":"wp","href":"https:\/\/api.w.org\/{rel}","templated":true}]}}