{"id":12673,"date":"2022-10-06T09:46:46","date_gmt":"2022-10-06T14:46:46","guid":{"rendered":"https:\/\/lubrimas.pe\/tienda\/?post_type=product&#038;p=12673"},"modified":"2023-09-18T11:17:40","modified_gmt":"2023-09-18T16:17:40","slug":"kixx-cvtf-aceite-de-transmision-cvt","status":"publish","type":"product","link":"https:\/\/lubrimas.pe\/tienda\/aceite-de-caja\/kixx-cvtf-aceite-de-transmision-cvt\/","title":{"rendered":"KIXX CVTF &#8211; Aceite de Transmisi\u00f3n Variable Continua"},"content":{"rendered":"<p><strong>KIXX CVTF<\/strong> es un fluido de alta calidad para transmisi\u00f3n, dise\u00f1ado para satisfacer el uso en servicio de mantenimiento en una amplia gama de Transmisiones Variables Continuas (CVT).<br \/>\nKIXX CVTF es especialmente formulado para proporcionar un excelente confort al conducir, mayor vida \u00fatil de la transmisi\u00f3n, intervalo de mantenimiento extendido, excelente control del desgaste y durabilidad entre la banda y la polea.<br \/>\nSe recomienda para su uso en todo tipo de correa de empuje CVT.\u00a0Sin embargo, no se recomienda para ser utilizado en CVT de tipo\u00a0cadena como Audi Multitronic o Subaru Lineartronic y en Toyota\u00a0Prius que est\u00e1 equipado con CVT.<\/p>\n<h5><strong>CARACTER\u00cdSTICAS PRINCIPALES<\/strong><\/h5>\n<ul>\n<li>Compatible con m\u00faltiples tipos de transmisiones CVT<\/li>\n<li>Superior durabilidad contra saltos bruscos<\/li>\n<li>Mantiene sus caracter\u00edsticas ante las altas fricciones del acero<\/li>\n<li>Evita el desgaste en los puntos de contacto metal con metal en\u00a0el sistema de transmisi\u00f3n.<\/li>\n<li>Proporciona una excelente pel\u00edcula de aceite\/Buena estabilidad\u00a0al cizallamiento<\/li>\n<li>Excelente estabilidad t\u00e9rmica y a la oxidaci\u00f3n.<\/li>\n<li>Excelente compatibilidad con el material que compone las partes.<\/li>\n<\/ul>\n<h5><strong>APROBACIONES \/ ESPECIFICACIONES<\/strong><\/h5>\n<p><strong>KIXX CVTF es un fluido especialmente dise\u00f1ado <\/strong><strong>para satisfacer las exigencias de\u00a0<\/strong><strong>una amplia gama de transmisio<\/strong><strong>nes variables continuas:<\/strong><\/p>\n<ul>\n<li>Toyota CVTF TC, CVTF FE, Nissan NS-1, NS-2, NS-3, Honda HMMF<strong>*<\/strong>, HCF2, Mitsubishi CVTF-J1, SP-III, Mazda JWS 3320, Subaru ECVT, iCVT, Daihatsu Ammix CVT, Suzuki CVTF TC, NS-2, CVT Green 1, Hyundai\/Kia SP-III, Chrysler NS-2, CVTF+4, Ford CVT23, CVT30, Ford MERCON\u00ae C, GM DEX-CVT, Mercedes-Benz 236.20, Mini Cooper EZL799<\/li>\n<\/ul>\n<p><em><strong>(*) NOTA:<\/strong>\u00a0No se recomienda su uso en veh\u00edculos Honda CVT con arranque de embrague.<\/em><\/p>\n<h5><strong>INFORMACI\u00d3N ADICIONAL<\/strong><\/h5>\n<div class=\"aditional-info-tecnical-lp\"><a href=\"https:\/\/lubrimas.pe\/tienda\/wp-content\/uploads\/sites\/3\/2022\/10\/FICHA-TECNICA-PDS-ACEITE-DE-TRANSIMISION-KIXX-CVTF-LUBRIMASPE-LOS-OLIVOS-LIMA-PERU.pdf\" target=\"_blank\" rel=\"noopener\">FICHA T\u00c9CNICA<\/a><br \/>\n<a href=\"https:\/\/kixx.cl\/producto\/kixx-cvtf\/\" target=\"_blank\" rel=\"noopener\">SITIO OFICIAL<\/a><\/div>\n","protected":false},"excerpt":{"rendered":"<p>KIXX CVTF es un fluido de alta calidad para transmisi\u00f3n, dise\u00f1ado para satisfacer el uso en servicio de mantenimiento en una amplia gama de Transmisiones Variables Continuas (CVT). KIXX CVTF<\/p>\n","protected":false},"featured_media":12675,"template":"","meta":[],"product_brand":[],"product_cat":[27,32],"product_tag":[],"class_list":{"0":"post-12673","1":"product","2":"type-product","3":"status-publish","4":"has-post-thumbnail","6":"product_cat-aceite-de-caja","7":"product_cat-caja-automatica","8":"pa_especificaciones-chrysler-ns-2","9":"pa_especificaciones-cvtf-fe","10":"pa_especificaciones-cvtf4","11":"pa_especificaciones-daihatsu-ammix-cvt","12":"pa_especificaciones-ford-cvt23","13":"pa_especificaciones-ford-cvt30","14":"pa_especificaciones-ford-mercon-c","15":"pa_especificaciones-gm-dex-cvt","16":"pa_especificaciones-hcf2","17":"pa_especificaciones-honda-hmmf","18":"pa_especificaciones-hyundai-kia-sp-iii","19":"pa_especificaciones-mazda-jws-3320","20":"pa_especificaciones-mercedes-benz-236-20","21":"pa_especificaciones-mini-cooper-ezl799","22":"pa_especificaciones-mitsubishi-cvtf-j1","23":"pa_especificaciones-nissan-ns-1","24":"pa_especificaciones-nissan-ns-2","25":"pa_especificaciones-nissan-ns-3","26":"pa_especificaciones-sp-iii","27":"pa_especificaciones-subaru-ecvt","28":"pa_especificaciones-subaru-icvt","29":"pa_especificaciones-suzuki-cvt-green-1","30":"pa_especificaciones-suzuki-cvtf-tc","31":"pa_especificaciones-suzuki-ns-2","32":"pa_especificaciones-toyota-cvtf-tc","33":"pa_marca-kixx","34":"pa_transmision-cvt","35":"pa_transmision-cvtf4","36":"pa_transmision-multi-cvtf","38":"first","39":"instock","40":"sale","41":"shipping-taxable","42":"purchasable","43":"product-type-variable","44":"has-default-attributes"},"yoast_head":"<!-- This site is optimized with the Yoast SEO plugin v27.4 - https:\/\/yoast.com\/product\/yoast-seo-wordpress\/ -->\n<title>KIXX CVTF - Aceite de Transmisi\u00f3n CVT | Lubrimas.pe<\/title>\n<meta name=\"description\" content=\"KIXX CVTF es un fluido de alta calidad para transmisi\u00f3n, dise\u00f1ado para satisfacer el uso en una amplia gama de Transmisiones CVT.\" \/>\n<meta name=\"robots\" content=\"index, follow, max-snippet:-1, max-image-preview:large, max-video-preview:-1\" \/>\n<link rel=\"canonical\" href=\"https:\/\/lubrimas.pe\/tienda\/aceite-de-caja\/kixx-cvtf-aceite-de-transmision-cvt\/\" \/>\n<meta property=\"og:locale\" content=\"es_ES\" \/>\n<meta property=\"og:type\" content=\"article\" \/>\n<meta property=\"og:title\" content=\"KIXX CVTF - Aceite de Transmisi\u00f3n CVT | Lubrimas.pe\" \/>\n<meta property=\"og:description\" content=\"KIXX CVTF es un fluido de alta calidad para transmisi\u00f3n, dise\u00f1ado para satisfacer el uso en una amplia gama de Transmisiones CVT.\" \/>\n<meta property=\"og:url\" content=\"https:\/\/lubrimas.pe\/tienda\/aceite-de-caja\/kixx-cvtf-aceite-de-transmision-cvt\/\" \/>\n<meta property=\"og:site_name\" content=\"Lubrimas.pe | Tienda Online\" \/>\n<meta property=\"article:modified_time\" content=\"2023-09-18T16:17:40+00:00\" \/>\n<meta property=\"og:image\" content=\"https:\/\/lubrimas.pe\/tienda\/wp-content\/uploads\/sites\/3\/2022\/10\/lubrimaspe-lubrimasperu-com-kixx-cvtf-quarto-litro-1l-aceite-de-transmision-lima-peru-los-olivos.webp\" \/>\n\t<meta property=\"og:image:width\" content=\"850\" \/>\n\t<meta property=\"og:image:height\" content=\"1000\" \/>\n\t<meta property=\"og:image:type\" content=\"image\/webp\" \/>\n<meta name=\"twitter:card\" content=\"summary_large_image\" \/>\n<meta name=\"twitter:label1\" content=\"Tiempo de lectura\" \/>\n\t<meta name=\"twitter:data1\" content=\"1 minuto\" \/>\n<script type=\"application\/ld+json\" class=\"yoast-schema-graph\">{\"@context\":\"https:\\\/\\\/schema.org\",\"@graph\":[{\"@type\":[\"WebPage\",\"ItemPage\"],\"@id\":\"https:\\\/\\\/lubrimas.pe\\\/tienda\\\/aceite-de-caja\\\/kixx-cvtf-aceite-de-transmision-cvt\\\/\",\"url\":\"https:\\\/\\\/lubrimas.pe\\\/tienda\\\/aceite-de-caja\\\/kixx-cvtf-aceite-de-transmision-cvt\\\/\",\"name\":\"KIXX CVTF - Aceite de Transmisi\u00f3n CVT | Lubrimas.pe\",\"isPartOf\":{\"@id\":\"https:\\\/\\\/lubrimas.pe\\\/tienda\\\/#website\"},\"primaryImageOfPage\":{\"@id\":\"https:\\\/\\\/lubrimas.pe\\\/tienda\\\/aceite-de-caja\\\/kixx-cvtf-aceite-de-transmision-cvt\\\/#primaryimage\"},\"image\":{\"@id\":\"https:\\\/\\\/lubrimas.pe\\\/tienda\\\/aceite-de-caja\\\/kixx-cvtf-aceite-de-transmision-cvt\\\/#primaryimage\"},\"thumbnailUrl\":\"https:\\\/\\\/lubrimas.pe\\\/tienda\\\/wp-content\\\/uploads\\\/sites\\\/3\\\/2022\\\/10\\\/lubrimaspe-lubrimasperu-com-kixx-cvtf-quarto-litro-1l-aceite-de-transmision-lima-peru-los-olivos.webp\",\"datePublished\":\"2022-10-06T14:46:46+00:00\",\"dateModified\":\"2023-09-18T16:17:40+00:00\",\"description\":\"KIXX CVTF es un fluido de alta calidad para transmisi\u00f3n, dise\u00f1ado para satisfacer el uso en una amplia gama de Transmisiones CVT.\",\"breadcrumb\":{\"@id\":\"https:\\\/\\\/lubrimas.pe\\\/tienda\\\/aceite-de-caja\\\/kixx-cvtf-aceite-de-transmision-cvt\\\/#breadcrumb\"},\"inLanguage\":\"es\",\"potentialAction\":[{\"@type\":\"ReadAction\",\"target\":[\"https:\\\/\\\/lubrimas.pe\\\/tienda\\\/aceite-de-caja\\\/kixx-cvtf-aceite-de-transmision-cvt\\\/\"]}]},{\"@type\":\"ImageObject\",\"inLanguage\":\"es\",\"@id\":\"https:\\\/\\\/lubrimas.pe\\\/tienda\\\/aceite-de-caja\\\/kixx-cvtf-aceite-de-transmision-cvt\\\/#primaryimage\",\"url\":\"https:\\\/\\\/lubrimas.pe\\\/tienda\\\/wp-content\\\/uploads\\\/sites\\\/3\\\/2022\\\/10\\\/lubrimaspe-lubrimasperu-com-kixx-cvtf-quarto-litro-1l-aceite-de-transmision-lima-peru-los-olivos.webp\",\"contentUrl\":\"https:\\\/\\\/lubrimas.pe\\\/tienda\\\/wp-content\\\/uploads\\\/sites\\\/3\\\/2022\\\/10\\\/lubrimaspe-lubrimasperu-com-kixx-cvtf-quarto-litro-1l-aceite-de-transmision-lima-peru-los-olivos.webp\",\"width\":850,\"height\":1000},{\"@type\":\"BreadcrumbList\",\"@id\":\"https:\\\/\\\/lubrimas.pe\\\/tienda\\\/aceite-de-caja\\\/kixx-cvtf-aceite-de-transmision-cvt\\\/#breadcrumb\",\"itemListElement\":[{\"@type\":\"ListItem\",\"position\":1,\"name\":\"Portada\",\"item\":\"https:\\\/\\\/lubrimas.pe\\\/tienda\\\/\"},{\"@type\":\"ListItem\",\"position\":2,\"name\":\"Cat\u00e1logo\",\"item\":\"https:\\\/\\\/lubrimas.pe\\\/tienda\\\/productos\\\/\"},{\"@type\":\"ListItem\",\"position\":3,\"name\":\"KIXX CVTF &#8211; Aceite de Transmisi\u00f3n Variable Continua\"}]},{\"@type\":\"WebSite\",\"@id\":\"https:\\\/\\\/lubrimas.pe\\\/tienda\\\/#website\",\"url\":\"https:\\\/\\\/lubrimas.pe\\\/tienda\\\/\",\"name\":\"Lubrimas.pe | Tienda Online\",\"description\":\"Tus lubricantes favoritos al mejor precio!\",\"publisher\":{\"@id\":\"https:\\\/\\\/lubrimas.pe\\\/tienda\\\/#organization\"},\"potentialAction\":[{\"@type\":\"SearchAction\",\"target\":{\"@type\":\"EntryPoint\",\"urlTemplate\":\"https:\\\/\\\/lubrimas.pe\\\/tienda\\\/?s={search_term_string}\"},\"query-input\":{\"@type\":\"PropertyValueSpecification\",\"valueRequired\":true,\"valueName\":\"search_term_string\"}}],\"inLanguage\":\"es\"},{\"@type\":\"Organization\",\"@id\":\"https:\\\/\\\/lubrimas.pe\\\/tienda\\\/#organization\",\"name\":\"Lubrimas.pe\",\"url\":\"https:\\\/\\\/lubrimas.pe\\\/tienda\\\/\",\"logo\":{\"@type\":\"ImageObject\",\"inLanguage\":\"es\",\"@id\":\"https:\\\/\\\/lubrimas.pe\\\/tienda\\\/#\\\/schema\\\/logo\\\/image\\\/\",\"url\":\"https:\\\/\\\/lubrimas.pe\\\/tienda\\\/wp-content\\\/uploads\\\/sites\\\/3\\\/2022\\\/07\\\/BANNERS-PROMO-CYBER-WOW-LUBRIMASPE-2022-07.webp\",\"contentUrl\":\"https:\\\/\\\/lubrimas.pe\\\/tienda\\\/wp-content\\\/uploads\\\/sites\\\/3\\\/2022\\\/07\\\/BANNERS-PROMO-CYBER-WOW-LUBRIMASPE-2022-07.webp\",\"width\":500,\"height\":752,\"caption\":\"Lubrimas.pe\"},\"image\":{\"@id\":\"https:\\\/\\\/lubrimas.pe\\\/tienda\\\/#\\\/schema\\\/logo\\\/image\\\/\"}}]}<\/script>\n<!-- \/ Yoast SEO plugin. -->","yoast_head_json":{"title":"KIXX CVTF - Aceite de Transmisi\u00f3n CVT | Lubrimas.pe","description":"KIXX CVTF es un fluido de alta calidad para transmisi\u00f3n, dise\u00f1ado para satisfacer el uso en una amplia gama de Transmisiones CVT.","robots":{"index":"index","follow":"follow","max-snippet":"max-snippet:-1","max-image-preview":"max-image-preview:large","max-video-preview":"max-video-preview:-1"},"canonical":"https:\/\/lubrimas.pe\/tienda\/aceite-de-caja\/kixx-cvtf-aceite-de-transmision-cvt\/","og_locale":"es_ES","og_type":"article","og_title":"KIXX CVTF - Aceite de Transmisi\u00f3n CVT | Lubrimas.pe","og_description":"KIXX CVTF es un fluido de alta calidad para transmisi\u00f3n, dise\u00f1ado para satisfacer el uso en una amplia gama de Transmisiones CVT.","og_url":"https:\/\/lubrimas.pe\/tienda\/aceite-de-caja\/kixx-cvtf-aceite-de-transmision-cvt\/","og_site_name":"Lubrimas.pe | Tienda Online","article_modified_time":"2023-09-18T16:17:40+00:00","og_image":[{"width":850,"height":1000,"url":"https:\/\/lubrimas.pe\/tienda\/wp-content\/uploads\/sites\/3\/2022\/10\/lubrimaspe-lubrimasperu-com-kixx-cvtf-quarto-litro-1l-aceite-de-transmision-lima-peru-los-olivos.webp","type":"image\/webp"}],"twitter_card":"summary_large_image","twitter_misc":{"Tiempo de lectura":"1 minuto"},"schema":{"@context":"https:\/\/schema.org","@graph":[{"@type":["WebPage","ItemPage"],"@id":"https:\/\/lubrimas.pe\/tienda\/aceite-de-caja\/kixx-cvtf-aceite-de-transmision-cvt\/","url":"https:\/\/lubrimas.pe\/tienda\/aceite-de-caja\/kixx-cvtf-aceite-de-transmision-cvt\/","name":"KIXX CVTF - Aceite de Transmisi\u00f3n CVT | Lubrimas.pe","isPartOf":{"@id":"https:\/\/lubrimas.pe\/tienda\/#website"},"primaryImageOfPage":{"@id":"https:\/\/lubrimas.pe\/tienda\/aceite-de-caja\/kixx-cvtf-aceite-de-transmision-cvt\/#primaryimage"},"image":{"@id":"https:\/\/lubrimas.pe\/tienda\/aceite-de-caja\/kixx-cvtf-aceite-de-transmision-cvt\/#primaryimage"},"thumbnailUrl":"https:\/\/lubrimas.pe\/tienda\/wp-content\/uploads\/sites\/3\/2022\/10\/lubrimaspe-lubrimasperu-com-kixx-cvtf-quarto-litro-1l-aceite-de-transmision-lima-peru-los-olivos.webp","datePublished":"2022-10-06T14:46:46+00:00","dateModified":"2023-09-18T16:17:40+00:00","description":"KIXX CVTF es un fluido de alta calidad para transmisi\u00f3n, dise\u00f1ado para satisfacer el uso en una amplia gama de Transmisiones CVT.","breadcrumb":{"@id":"https:\/\/lubrimas.pe\/tienda\/aceite-de-caja\/kixx-cvtf-aceite-de-transmision-cvt\/#breadcrumb"},"inLanguage":"es","potentialAction":[{"@type":"ReadAction","target":["https:\/\/lubrimas.pe\/tienda\/aceite-de-caja\/kixx-cvtf-aceite-de-transmision-cvt\/"]}]},{"@type":"ImageObject","inLanguage":"es","@id":"https:\/\/lubrimas.pe\/tienda\/aceite-de-caja\/kixx-cvtf-aceite-de-transmision-cvt\/#primaryimage","url":"https:\/\/lubrimas.pe\/tienda\/wp-content\/uploads\/sites\/3\/2022\/10\/lubrimaspe-lubrimasperu-com-kixx-cvtf-quarto-litro-1l-aceite-de-transmision-lima-peru-los-olivos.webp","contentUrl":"https:\/\/lubrimas.pe\/tienda\/wp-content\/uploads\/sites\/3\/2022\/10\/lubrimaspe-lubrimasperu-com-kixx-cvtf-quarto-litro-1l-aceite-de-transmision-lima-peru-los-olivos.webp","width":850,"height":1000},{"@type":"BreadcrumbList","@id":"https:\/\/lubrimas.pe\/tienda\/aceite-de-caja\/kixx-cvtf-aceite-de-transmision-cvt\/#breadcrumb","itemListElement":[{"@type":"ListItem","position":1,"name":"Portada","item":"https:\/\/lubrimas.pe\/tienda\/"},{"@type":"ListItem","position":2,"name":"Cat\u00e1logo","item":"https:\/\/lubrimas.pe\/tienda\/productos\/"},{"@type":"ListItem","position":3,"name":"KIXX CVTF &#8211; Aceite de Transmisi\u00f3n Variable Continua"}]},{"@type":"WebSite","@id":"https:\/\/lubrimas.pe\/tienda\/#website","url":"https:\/\/lubrimas.pe\/tienda\/","name":"Lubrimas.pe | Tienda Online","description":"Tus lubricantes favoritos al mejor precio!","publisher":{"@id":"https:\/\/lubrimas.pe\/tienda\/#organization"},"potentialAction":[{"@type":"SearchAction","target":{"@type":"EntryPoint","urlTemplate":"https:\/\/lubrimas.pe\/tienda\/?s={search_term_string}"},"query-input":{"@type":"PropertyValueSpecification","valueRequired":true,"valueName":"search_term_string"}}],"inLanguage":"es"},{"@type":"Organization","@id":"https:\/\/lubrimas.pe\/tienda\/#organization","name":"Lubrimas.pe","url":"https:\/\/lubrimas.pe\/tienda\/","logo":{"@type":"ImageObject","inLanguage":"es","@id":"https:\/\/lubrimas.pe\/tienda\/#\/schema\/logo\/image\/","url":"https:\/\/lubrimas.pe\/tienda\/wp-content\/uploads\/sites\/3\/2022\/07\/BANNERS-PROMO-CYBER-WOW-LUBRIMASPE-2022-07.webp","contentUrl":"https:\/\/lubrimas.pe\/tienda\/wp-content\/uploads\/sites\/3\/2022\/07\/BANNERS-PROMO-CYBER-WOW-LUBRIMASPE-2022-07.webp","width":500,"height":752,"caption":"Lubrimas.pe"},"image":{"@id":"https:\/\/lubrimas.pe\/tienda\/#\/schema\/logo\/image\/"}}]}},"_links":{"self":[{"href":"https:\/\/lubrimas.pe\/tienda\/wp-json\/wp\/v2\/product\/12673","targetHints":{"allow":["GET"]}}],"collection":[{"href":"https:\/\/lubrimas.pe\/tienda\/wp-json\/wp\/v2\/product"}],"about":[{"href":"https:\/\/lubrimas.pe\/tienda\/wp-json\/wp\/v2\/types\/product"}],"wp:featuredmedia":[{"embeddable":true,"href":"https:\/\/lubrimas.pe\/tienda\/wp-json\/wp\/v2\/media\/12675"}],"wp:attachment":[{"href":"https:\/\/lubrimas.pe\/tienda\/wp-json\/wp\/v2\/media?parent=12673"}],"wp:term":[{"taxonomy":"product_brand","embeddable":true,"href":"https:\/\/lubrimas.pe\/tienda\/wp-json\/wp\/v2\/product_brand?post=12673"},{"taxonomy":"product_cat","embeddable":true,"href":"https:\/\/lubrimas.pe\/tienda\/wp-json\/wp\/v2\/product_cat?post=12673"},{"taxonomy":"product_tag","embeddable":true,"href":"https:\/\/lubrimas.pe\/tienda\/wp-json\/wp\/v2\/product_tag?post=12673"}],"curies":[{"name":"wp","href":"https:\/\/api.w.org\/{rel}","templated":true}]}}