{"id":12809,"date":"2022-11-09T08:57:51","date_gmt":"2022-11-09T13:57:51","guid":{"rendered":"https:\/\/lubrimas.pe\/tienda\/?post_type=product&#038;p=12809"},"modified":"2025-01-21T11:38:46","modified_gmt":"2025-01-21T16:38:46","slug":"mannol-fwd-getriebeoel-75w85-gl-4-8101","status":"publish","type":"product","link":"https:\/\/lubrimas.pe\/tienda\/aceite-de-caja\/mannol-fwd-getriebeoel-75w85-gl-4-8101\/","title":{"rendered":"MANNOL 75W85 GL-4 FWD GETRIEBEOEL [8101] &#8211; Aceite de Transmisi\u00f3n Mec\u00e1nica"},"content":{"rendered":"<p><strong>MANNOL 75W85 GL-4 FWD GETRIEBEOEL <\/strong>es un aceite semisint\u00e9tico para engranajes de \u00faltima generaci\u00f3n que conserva energ\u00eda para todas las estaciones para transmisiones manuales.\u00a0Se recomienda su uso en todo tipo de transmisiones manuales sincronizadas (incluidas las transmisiones con diferencial incorporado en los veh\u00edculos con tracci\u00f3n delantera) y en las transmisiones manuales, cajas de transferencia y engranajes principales no sincronizados de servicio pesado, en los que la aplicaci\u00f3n del est\u00e1ndar GL -4 y\/o MT-1 est\u00e1 prescrito.<\/p>\n<p><strong>CARACTER\u00cdSTICAS PRINCIPALES<\/strong><\/p>\n<ul>\n<li>La base semisint\u00e9tica \u00fanica de la m\u00e1s alta calidad con una viscosidad ideal en una amplia gama de temperaturas en combinaci\u00f3n con un paquete de aditivos de \u00faltima generaci\u00f3n asegura propiedades antifricci\u00f3n superiores asegurando as\u00ed una importante econom\u00eda de combustible y la suavidad del cambio de transmisi\u00f3n.<\/li>\n<li>Debido a su composici\u00f3n \u00fanica, asegura excelentes propiedades antidesgaste y anti-rozaduras que prolongan significativamente la vida \u00fatil esperada del equipo t\u00e9cnico en todos los modos de operaci\u00f3n, incluso en los m\u00e1s extremos, en una amplia gama de temperaturas ambientales. La pel\u00edcula de aceite tiene una mayor resistencia a la presi\u00f3n elevada.<\/li>\n<li>Asegura propiedades superiores a baja temperatura que aseguran un arranque f\u00e1cil, una lubricaci\u00f3n confiable, as\u00ed como un cambio de transmisi\u00f3n f\u00e1cil y preciso a las temperaturas ambiente m\u00e1s bajas (hasta -45 \u00b0C) y m\u00e1s altas (hasta +45 \u00b0C).<\/li>\n<li>Posee mayor estabilidad termooxidativa y resistencia a la degradaci\u00f3n t\u00e9rmica, lo que permite aumentar el tiempo entre los cambios de aceite y reducir los costos de mantenimiento de los equipos.<\/li>\n<li>Protege las partes met\u00e1licas de la corrosi\u00f3n.<\/li>\n<li>Es compatible con los materiales de sellado, evita que se hinchen, endurezcan y encojan, reduce su desgaste permitiendo as\u00ed la reducci\u00f3n de gastos en repuestos.<\/li>\n<\/ul>\n<h5><strong>RECOMENDACIONES \/ APLICACI\u00d3N<\/strong><\/h5>\n<p>Se recomienda el uso de MANNOL 75W85 GL-4 FWD GETRIEBEOEL\u00a0en transmisiones manuales de turismos y transmisiones manuales de carga pesada de carretera (camiones de carga, autobuses, etc.), todo terreno (construcci\u00f3n, miner\u00eda, agricultura) y veh\u00edculos especiales producidos por fabricantes europeos, americanos y asi\u00e1ticos. en el que el nivel requerido de caracter\u00edsticas de servicio es GL-4 y\/o MT-1.<br \/>\nCumplir con las instrucciones del fabricante proporcionadas en el manual del usuario.<\/p>\n<h5><strong>ESPECIFICACIONES \/ APROBACIONES<\/strong><\/h5>\n<div class=\"spec1\">\n<div class=\"specifications_category\">SAE 75W-85, API GL-4, API MT-1, MIL L 2105<\/div>\n<div>\n<h5><strong>INFORMACI\u00d3N ADICIONAL<\/strong><\/h5>\n<div class=\"aditional-info-tecnical-lp\"><a href=\"https:\/\/lubrimas.pe\/tienda\/wp-content\/uploads\/sites\/3\/2022\/11\/FICHA-TECNICA-ACEITE-DE-TRANSMISION-MANUAL-MECANICA-SEMI-SINTETICO-MANNOL-FWD-75W-85-GL4-LUBRIMASPE-LOS-OLIVOS-LIMA-PERU.pdf\" target=\"_blank\" rel=\"noopener\">FICHA T\u00c9CNICA<\/a><br \/>\n<a href=\"https:\/\/www.mannol.de\/products\/gear-oils1\/mannol-fwd-75w-85-gl-4\" target=\"_blank\" rel=\"noopener\">SITIO OFICIAL<\/a><\/div>\n<\/div>\n<\/div>\n","protected":false},"excerpt":{"rendered":"<p>MANNOL 75W85 GL-4 FWD GETRIEBEOEL es un aceite semisint\u00e9tico para engranajes de \u00faltima generaci\u00f3n que conserva energ\u00eda para todas las estaciones para transmisiones manuales.\u00a0Se recomienda su uso en todo tipo<\/p>\n","protected":false},"featured_media":12812,"template":"","meta":[],"product_brand":[],"product_cat":[27,28],"product_tag":[],"class_list":{"0":"post-12809","1":"product","2":"type-product","3":"status-publish","4":"has-post-thumbnail","6":"product_cat-aceite-de-caja","7":"product_cat-caja-manual-mecanica","8":"pa_engranaje-gl-4","9":"pa_especificaciones-mil-l-2105","10":"pa_grado-75w85","11":"pa_marca-mannol","13":"first","14":"instock","15":"shipping-taxable","16":"purchasable","17":"product-type-variable","18":"has-default-attributes"},"yoast_head":"<!-- This site is optimized with the Yoast SEO plugin v27.5 - https:\/\/yoast.com\/product\/yoast-seo-wordpress\/ -->\n<title>MANNOL 75W85 GL-4 FWD GETRIEBEOEL [8101] | Lubrimas.pe<\/title>\n<meta name=\"description\" content=\"MANNOL 75W85 GL-4 FWD GETRIEBEOEL es un aceite semisint\u00e9tico para engranajes de \u00faltima generaci\u00f3n, cumple con API GL-4 \/o MT-1.\" \/>\n<meta name=\"robots\" content=\"index, follow, max-snippet:-1, max-image-preview:large, max-video-preview:-1\" \/>\n<link rel=\"canonical\" href=\"https:\/\/lubrimas.pe\/tienda\/aceite-de-caja\/mannol-fwd-getriebeoel-75w85-gl-4-8101\/\" \/>\n<meta property=\"og:locale\" content=\"es_ES\" \/>\n<meta property=\"og:type\" content=\"article\" \/>\n<meta property=\"og:title\" content=\"MANNOL 75W85 GL-4 FWD GETRIEBEOEL [8101] | Lubrimas.pe\" \/>\n<meta property=\"og:description\" content=\"MANNOL 75W85 GL-4 FWD GETRIEBEOEL es un aceite semisint\u00e9tico para engranajes de \u00faltima generaci\u00f3n, cumple con API GL-4 \/o MT-1.\" \/>\n<meta property=\"og:url\" content=\"https:\/\/lubrimas.pe\/tienda\/aceite-de-caja\/mannol-fwd-getriebeoel-75w85-gl-4-8101\/\" \/>\n<meta property=\"og:site_name\" content=\"Lubrimas.pe | Tienda Online\" \/>\n<meta property=\"article:modified_time\" content=\"2025-01-21T16:38:46+00:00\" \/>\n<meta property=\"og:image\" content=\"https:\/\/lubrimas.pe\/tienda\/wp-content\/uploads\/sites\/3\/2022\/11\/lubrimaspe-lubrimasperu-aceite-de-caja-de-transmision-mecanica-manual-mannol-hypoid-getriebeoel-75w85-gl4-hidrolina-1l-litro-losolivos-lima-peru.webp\" \/>\n\t<meta property=\"og:image:width\" content=\"850\" \/>\n\t<meta property=\"og:image:height\" content=\"1000\" \/>\n\t<meta property=\"og:image:type\" content=\"image\/webp\" \/>\n<meta name=\"twitter:card\" content=\"summary_large_image\" \/>\n<meta name=\"twitter:label1\" content=\"Tiempo de lectura\" \/>\n\t<meta name=\"twitter:data1\" content=\"1 minuto\" \/>\n<script type=\"application\/ld+json\" class=\"yoast-schema-graph\">{\"@context\":\"https:\\\/\\\/schema.org\",\"@graph\":[{\"@type\":[\"WebPage\",\"ItemPage\"],\"@id\":\"https:\\\/\\\/lubrimas.pe\\\/tienda\\\/aceite-de-caja\\\/mannol-fwd-getriebeoel-75w85-gl-4-8101\\\/\",\"url\":\"https:\\\/\\\/lubrimas.pe\\\/tienda\\\/aceite-de-caja\\\/mannol-fwd-getriebeoel-75w85-gl-4-8101\\\/\",\"name\":\"MANNOL 75W85 GL-4 FWD GETRIEBEOEL [8101] | Lubrimas.pe\",\"isPartOf\":{\"@id\":\"https:\\\/\\\/lubrimas.pe\\\/tienda\\\/#website\"},\"primaryImageOfPage\":{\"@id\":\"https:\\\/\\\/lubrimas.pe\\\/tienda\\\/aceite-de-caja\\\/mannol-fwd-getriebeoel-75w85-gl-4-8101\\\/#primaryimage\"},\"image\":{\"@id\":\"https:\\\/\\\/lubrimas.pe\\\/tienda\\\/aceite-de-caja\\\/mannol-fwd-getriebeoel-75w85-gl-4-8101\\\/#primaryimage\"},\"thumbnailUrl\":\"https:\\\/\\\/lubrimas.pe\\\/tienda\\\/wp-content\\\/uploads\\\/sites\\\/3\\\/2022\\\/11\\\/lubrimaspe-lubrimasperu-aceite-de-caja-de-transmision-mecanica-manual-mannol-hypoid-getriebeoel-75w85-gl4-hidrolina-1l-litro-losolivos-lima-peru.webp\",\"datePublished\":\"2022-11-09T13:57:51+00:00\",\"dateModified\":\"2025-01-21T16:38:46+00:00\",\"description\":\"MANNOL 75W85 GL-4 FWD GETRIEBEOEL es un aceite semisint\u00e9tico para engranajes de \u00faltima generaci\u00f3n, cumple con API GL-4 \\\/o MT-1.\",\"breadcrumb\":{\"@id\":\"https:\\\/\\\/lubrimas.pe\\\/tienda\\\/aceite-de-caja\\\/mannol-fwd-getriebeoel-75w85-gl-4-8101\\\/#breadcrumb\"},\"inLanguage\":\"es\",\"potentialAction\":[{\"@type\":\"ReadAction\",\"target\":[\"https:\\\/\\\/lubrimas.pe\\\/tienda\\\/aceite-de-caja\\\/mannol-fwd-getriebeoel-75w85-gl-4-8101\\\/\"]}]},{\"@type\":\"ImageObject\",\"inLanguage\":\"es\",\"@id\":\"https:\\\/\\\/lubrimas.pe\\\/tienda\\\/aceite-de-caja\\\/mannol-fwd-getriebeoel-75w85-gl-4-8101\\\/#primaryimage\",\"url\":\"https:\\\/\\\/lubrimas.pe\\\/tienda\\\/wp-content\\\/uploads\\\/sites\\\/3\\\/2022\\\/11\\\/lubrimaspe-lubrimasperu-aceite-de-caja-de-transmision-mecanica-manual-mannol-hypoid-getriebeoel-75w85-gl4-hidrolina-1l-litro-losolivos-lima-peru.webp\",\"contentUrl\":\"https:\\\/\\\/lubrimas.pe\\\/tienda\\\/wp-content\\\/uploads\\\/sites\\\/3\\\/2022\\\/11\\\/lubrimaspe-lubrimasperu-aceite-de-caja-de-transmision-mecanica-manual-mannol-hypoid-getriebeoel-75w85-gl4-hidrolina-1l-litro-losolivos-lima-peru.webp\",\"width\":850,\"height\":1000},{\"@type\":\"BreadcrumbList\",\"@id\":\"https:\\\/\\\/lubrimas.pe\\\/tienda\\\/aceite-de-caja\\\/mannol-fwd-getriebeoel-75w85-gl-4-8101\\\/#breadcrumb\",\"itemListElement\":[{\"@type\":\"ListItem\",\"position\":1,\"name\":\"Portada\",\"item\":\"https:\\\/\\\/lubrimas.pe\\\/tienda\\\/\"},{\"@type\":\"ListItem\",\"position\":2,\"name\":\"Cat\u00e1logo\",\"item\":\"https:\\\/\\\/lubrimas.pe\\\/tienda\\\/productos\\\/\"},{\"@type\":\"ListItem\",\"position\":3,\"name\":\"MANNOL 75W85 GL-4 FWD GETRIEBEOEL [8101] &#8211; Aceite de Transmisi\u00f3n Mec\u00e1nica\"}]},{\"@type\":\"WebSite\",\"@id\":\"https:\\\/\\\/lubrimas.pe\\\/tienda\\\/#website\",\"url\":\"https:\\\/\\\/lubrimas.pe\\\/tienda\\\/\",\"name\":\"Lubrimas.pe | Tienda Online\",\"description\":\"Tus lubricantes favoritos al mejor precio!\",\"publisher\":{\"@id\":\"https:\\\/\\\/lubrimas.pe\\\/tienda\\\/#organization\"},\"potentialAction\":[{\"@type\":\"SearchAction\",\"target\":{\"@type\":\"EntryPoint\",\"urlTemplate\":\"https:\\\/\\\/lubrimas.pe\\\/tienda\\\/?s={search_term_string}\"},\"query-input\":{\"@type\":\"PropertyValueSpecification\",\"valueRequired\":true,\"valueName\":\"search_term_string\"}}],\"inLanguage\":\"es\"},{\"@type\":\"Organization\",\"@id\":\"https:\\\/\\\/lubrimas.pe\\\/tienda\\\/#organization\",\"name\":\"Lubrimas.pe\",\"url\":\"https:\\\/\\\/lubrimas.pe\\\/tienda\\\/\",\"logo\":{\"@type\":\"ImageObject\",\"inLanguage\":\"es\",\"@id\":\"https:\\\/\\\/lubrimas.pe\\\/tienda\\\/#\\\/schema\\\/logo\\\/image\\\/\",\"url\":\"https:\\\/\\\/lubrimas.pe\\\/tienda\\\/wp-content\\\/uploads\\\/sites\\\/3\\\/2022\\\/07\\\/BANNERS-PROMO-CYBER-WOW-LUBRIMASPE-2022-07.webp\",\"contentUrl\":\"https:\\\/\\\/lubrimas.pe\\\/tienda\\\/wp-content\\\/uploads\\\/sites\\\/3\\\/2022\\\/07\\\/BANNERS-PROMO-CYBER-WOW-LUBRIMASPE-2022-07.webp\",\"width\":500,\"height\":752,\"caption\":\"Lubrimas.pe\"},\"image\":{\"@id\":\"https:\\\/\\\/lubrimas.pe\\\/tienda\\\/#\\\/schema\\\/logo\\\/image\\\/\"}}]}<\/script>\n<!-- \/ Yoast SEO plugin. -->","yoast_head_json":{"title":"MANNOL 75W85 GL-4 FWD GETRIEBEOEL [8101] | Lubrimas.pe","description":"MANNOL 75W85 GL-4 FWD GETRIEBEOEL es un aceite semisint\u00e9tico para engranajes de \u00faltima generaci\u00f3n, cumple con API GL-4 \/o MT-1.","robots":{"index":"index","follow":"follow","max-snippet":"max-snippet:-1","max-image-preview":"max-image-preview:large","max-video-preview":"max-video-preview:-1"},"canonical":"https:\/\/lubrimas.pe\/tienda\/aceite-de-caja\/mannol-fwd-getriebeoel-75w85-gl-4-8101\/","og_locale":"es_ES","og_type":"article","og_title":"MANNOL 75W85 GL-4 FWD GETRIEBEOEL [8101] | Lubrimas.pe","og_description":"MANNOL 75W85 GL-4 FWD GETRIEBEOEL es un aceite semisint\u00e9tico para engranajes de \u00faltima generaci\u00f3n, cumple con API GL-4 \/o MT-1.","og_url":"https:\/\/lubrimas.pe\/tienda\/aceite-de-caja\/mannol-fwd-getriebeoel-75w85-gl-4-8101\/","og_site_name":"Lubrimas.pe | Tienda Online","article_modified_time":"2025-01-21T16:38:46+00:00","og_image":[{"width":850,"height":1000,"url":"https:\/\/lubrimas.pe\/tienda\/wp-content\/uploads\/sites\/3\/2022\/11\/lubrimaspe-lubrimasperu-aceite-de-caja-de-transmision-mecanica-manual-mannol-hypoid-getriebeoel-75w85-gl4-hidrolina-1l-litro-losolivos-lima-peru.webp","type":"image\/webp"}],"twitter_card":"summary_large_image","twitter_misc":{"Tiempo de lectura":"1 minuto"},"schema":{"@context":"https:\/\/schema.org","@graph":[{"@type":["WebPage","ItemPage"],"@id":"https:\/\/lubrimas.pe\/tienda\/aceite-de-caja\/mannol-fwd-getriebeoel-75w85-gl-4-8101\/","url":"https:\/\/lubrimas.pe\/tienda\/aceite-de-caja\/mannol-fwd-getriebeoel-75w85-gl-4-8101\/","name":"MANNOL 75W85 GL-4 FWD GETRIEBEOEL [8101] | Lubrimas.pe","isPartOf":{"@id":"https:\/\/lubrimas.pe\/tienda\/#website"},"primaryImageOfPage":{"@id":"https:\/\/lubrimas.pe\/tienda\/aceite-de-caja\/mannol-fwd-getriebeoel-75w85-gl-4-8101\/#primaryimage"},"image":{"@id":"https:\/\/lubrimas.pe\/tienda\/aceite-de-caja\/mannol-fwd-getriebeoel-75w85-gl-4-8101\/#primaryimage"},"thumbnailUrl":"https:\/\/lubrimas.pe\/tienda\/wp-content\/uploads\/sites\/3\/2022\/11\/lubrimaspe-lubrimasperu-aceite-de-caja-de-transmision-mecanica-manual-mannol-hypoid-getriebeoel-75w85-gl4-hidrolina-1l-litro-losolivos-lima-peru.webp","datePublished":"2022-11-09T13:57:51+00:00","dateModified":"2025-01-21T16:38:46+00:00","description":"MANNOL 75W85 GL-4 FWD GETRIEBEOEL es un aceite semisint\u00e9tico para engranajes de \u00faltima generaci\u00f3n, cumple con API GL-4 \/o MT-1.","breadcrumb":{"@id":"https:\/\/lubrimas.pe\/tienda\/aceite-de-caja\/mannol-fwd-getriebeoel-75w85-gl-4-8101\/#breadcrumb"},"inLanguage":"es","potentialAction":[{"@type":"ReadAction","target":["https:\/\/lubrimas.pe\/tienda\/aceite-de-caja\/mannol-fwd-getriebeoel-75w85-gl-4-8101\/"]}]},{"@type":"ImageObject","inLanguage":"es","@id":"https:\/\/lubrimas.pe\/tienda\/aceite-de-caja\/mannol-fwd-getriebeoel-75w85-gl-4-8101\/#primaryimage","url":"https:\/\/lubrimas.pe\/tienda\/wp-content\/uploads\/sites\/3\/2022\/11\/lubrimaspe-lubrimasperu-aceite-de-caja-de-transmision-mecanica-manual-mannol-hypoid-getriebeoel-75w85-gl4-hidrolina-1l-litro-losolivos-lima-peru.webp","contentUrl":"https:\/\/lubrimas.pe\/tienda\/wp-content\/uploads\/sites\/3\/2022\/11\/lubrimaspe-lubrimasperu-aceite-de-caja-de-transmision-mecanica-manual-mannol-hypoid-getriebeoel-75w85-gl4-hidrolina-1l-litro-losolivos-lima-peru.webp","width":850,"height":1000},{"@type":"BreadcrumbList","@id":"https:\/\/lubrimas.pe\/tienda\/aceite-de-caja\/mannol-fwd-getriebeoel-75w85-gl-4-8101\/#breadcrumb","itemListElement":[{"@type":"ListItem","position":1,"name":"Portada","item":"https:\/\/lubrimas.pe\/tienda\/"},{"@type":"ListItem","position":2,"name":"Cat\u00e1logo","item":"https:\/\/lubrimas.pe\/tienda\/productos\/"},{"@type":"ListItem","position":3,"name":"MANNOL 75W85 GL-4 FWD GETRIEBEOEL [8101] &#8211; Aceite de Transmisi\u00f3n Mec\u00e1nica"}]},{"@type":"WebSite","@id":"https:\/\/lubrimas.pe\/tienda\/#website","url":"https:\/\/lubrimas.pe\/tienda\/","name":"Lubrimas.pe | Tienda Online","description":"Tus lubricantes favoritos al mejor precio!","publisher":{"@id":"https:\/\/lubrimas.pe\/tienda\/#organization"},"potentialAction":[{"@type":"SearchAction","target":{"@type":"EntryPoint","urlTemplate":"https:\/\/lubrimas.pe\/tienda\/?s={search_term_string}"},"query-input":{"@type":"PropertyValueSpecification","valueRequired":true,"valueName":"search_term_string"}}],"inLanguage":"es"},{"@type":"Organization","@id":"https:\/\/lubrimas.pe\/tienda\/#organization","name":"Lubrimas.pe","url":"https:\/\/lubrimas.pe\/tienda\/","logo":{"@type":"ImageObject","inLanguage":"es","@id":"https:\/\/lubrimas.pe\/tienda\/#\/schema\/logo\/image\/","url":"https:\/\/lubrimas.pe\/tienda\/wp-content\/uploads\/sites\/3\/2022\/07\/BANNERS-PROMO-CYBER-WOW-LUBRIMASPE-2022-07.webp","contentUrl":"https:\/\/lubrimas.pe\/tienda\/wp-content\/uploads\/sites\/3\/2022\/07\/BANNERS-PROMO-CYBER-WOW-LUBRIMASPE-2022-07.webp","width":500,"height":752,"caption":"Lubrimas.pe"},"image":{"@id":"https:\/\/lubrimas.pe\/tienda\/#\/schema\/logo\/image\/"}}]}},"_links":{"self":[{"href":"https:\/\/lubrimas.pe\/tienda\/wp-json\/wp\/v2\/product\/12809","targetHints":{"allow":["GET"]}}],"collection":[{"href":"https:\/\/lubrimas.pe\/tienda\/wp-json\/wp\/v2\/product"}],"about":[{"href":"https:\/\/lubrimas.pe\/tienda\/wp-json\/wp\/v2\/types\/product"}],"wp:featuredmedia":[{"embeddable":true,"href":"https:\/\/lubrimas.pe\/tienda\/wp-json\/wp\/v2\/media\/12812"}],"wp:attachment":[{"href":"https:\/\/lubrimas.pe\/tienda\/wp-json\/wp\/v2\/media?parent=12809"}],"wp:term":[{"taxonomy":"product_brand","embeddable":true,"href":"https:\/\/lubrimas.pe\/tienda\/wp-json\/wp\/v2\/product_brand?post=12809"},{"taxonomy":"product_cat","embeddable":true,"href":"https:\/\/lubrimas.pe\/tienda\/wp-json\/wp\/v2\/product_cat?post=12809"},{"taxonomy":"product_tag","embeddable":true,"href":"https:\/\/lubrimas.pe\/tienda\/wp-json\/wp\/v2\/product_tag?post=12809"}],"curies":[{"name":"wp","href":"https:\/\/api.w.org\/{rel}","templated":true}]}}