{"id":13265,"date":"2023-06-22T10:53:33","date_gmt":"2023-06-22T15:53:33","guid":{"rendered":"https:\/\/lubrimas.pe\/tienda\/?post_type=product&#038;p=13265"},"modified":"2025-12-03T10:41:27","modified_gmt":"2025-12-03T15:41:27","slug":"3bsi-refrigerante-50-listo-para-usar","status":"publish","type":"product","link":"https:\/\/lubrimas.pe\/tienda\/refrigerantes\/3bsi-refrigerante-50-listo-para-usar\/","title":{"rendered":"3BSI REFRIGERANTE 50% &#8211; Listo para usar"},"content":{"rendered":"<p><strong>3BSI REFRIGERANTE 50% ROJO<\/strong> es un fluido desarrollado para refrigerar cualquier motor de combusti\u00f3n interna, autom\u00f3viles, camiones, autobuses, maquinaria de obra p\u00fablica, agr\u00edcola etc.<\/p>\n<p>Se recomienda para ser usado en sistemas de enfriamiento de todo tipo de motores de combusti\u00f3n interna, de uso automotriz o industrial, enfriados por agua.<\/p>\n<h5><strong>Modo de uso<\/strong><\/h5>\n<p>Se usa puro y se aplica directamente en los radiadores de los sistemas de enfriamiento ya seanautomotrices o industriales. Reduce el punto de congelamiento hasta -36 \u00b0C. Protege todos los metales incluyendo el aluminio, adem\u00e1s de ser antioxidante. Evita la acumulaci\u00f3n de sarro que da\u00f1a prematuramente el sistema de refrigeraci\u00f3n.<\/p>\n","protected":false},"excerpt":{"rendered":"<p>3BSI REFRIGERANTE 50% ROJO es un fluido desarrollado para refrigerar cualquier motor de combusti\u00f3n interna, autom\u00f3viles, camiones, autobuses, maquinaria de obra p\u00fablica, agr\u00edcola etc. Se recomienda para ser usado en<\/p>\n","protected":false},"featured_media":14965,"template":"","meta":[],"product_brand":[],"product_cat":[38],"product_tag":[],"class_list":{"0":"post-13265","1":"product","2":"type-product","3":"status-publish","4":"has-post-thumbnail","6":"product_cat-refrigerantes","7":"pa_concentrado-154","8":"pa_marca-3bsi","10":"first","11":"outofstock","12":"shipping-taxable","13":"purchasable","14":"product-type-variable","15":"has-default-attributes"},"yoast_head":"<!-- This site is optimized with the Yoast SEO plugin v27.1.1 - https:\/\/yoast.com\/product\/yoast-seo-wordpress\/ -->\n<title>3BSI REFRIGERANTE 50% - Listo para usar | Lubrimas.pe | Tienda Online<\/title>\n<meta name=\"robots\" content=\"index, follow, max-snippet:-1, max-image-preview:large, max-video-preview:-1\" \/>\n<link rel=\"canonical\" href=\"https:\/\/lubrimas.pe\/tienda\/refrigerantes\/3bsi-refrigerante-50-listo-para-usar\/\" \/>\n<meta property=\"og:locale\" content=\"es_ES\" \/>\n<meta property=\"og:type\" content=\"article\" \/>\n<meta property=\"og:title\" content=\"3BSI REFRIGERANTE 50% - Listo para usar | Lubrimas.pe | Tienda Online\" \/>\n<meta property=\"og:description\" content=\"3BSI REFRIGERANTE 50% ROJO es un fluido desarrollado para refrigerar cualquier motor de combusti\u00f3n interna, autom\u00f3viles, camiones, autobuses, maquinaria de obra p\u00fablica, agr\u00edcola etc. Se recomienda para ser usado en\" \/>\n<meta property=\"og:url\" content=\"https:\/\/lubrimas.pe\/tienda\/refrigerantes\/3bsi-refrigerante-50-listo-para-usar\/\" \/>\n<meta property=\"og:site_name\" content=\"Lubrimas.pe | Tienda Online\" \/>\n<meta property=\"article:modified_time\" content=\"2025-12-03T15:41:27+00:00\" \/>\n<meta property=\"og:image\" content=\"https:\/\/lubrimas.pe\/tienda\/wp-content\/uploads\/sites\/3\/2023\/06\/lubrimas-liquido-refrigerante-radiador-concentracion-concentrado-50-listo-para-usar-losolivos-lima-peru-255x300-1.webp\" \/>\n\t<meta property=\"og:image:width\" content=\"850\" \/>\n\t<meta property=\"og:image:height\" content=\"1000\" \/>\n\t<meta property=\"og:image:type\" content=\"image\/webp\" \/>\n<meta name=\"twitter:card\" content=\"summary_large_image\" \/>\n<meta name=\"twitter:label1\" content=\"Tiempo de lectura\" \/>\n\t<meta name=\"twitter:data1\" content=\"1 minuto\" \/>\n<script type=\"application\/ld+json\" class=\"yoast-schema-graph\">{\"@context\":\"https:\/\/schema.org\",\"@graph\":[{\"@type\":[\"WebPage\",\"ItemPage\"],\"@id\":\"https:\/\/lubrimas.pe\/tienda\/refrigerantes\/3bsi-refrigerante-50-listo-para-usar\/\",\"url\":\"https:\/\/lubrimas.pe\/tienda\/refrigerantes\/3bsi-refrigerante-50-listo-para-usar\/\",\"name\":\"3BSI REFRIGERANTE 50% - Listo para usar | Lubrimas.pe | Tienda Online\",\"isPartOf\":{\"@id\":\"https:\/\/lubrimas.pe\/tienda\/#website\"},\"primaryImageOfPage\":{\"@id\":\"https:\/\/lubrimas.pe\/tienda\/refrigerantes\/3bsi-refrigerante-50-listo-para-usar\/#primaryimage\"},\"image\":{\"@id\":\"https:\/\/lubrimas.pe\/tienda\/refrigerantes\/3bsi-refrigerante-50-listo-para-usar\/#primaryimage\"},\"thumbnailUrl\":\"https:\/\/lubrimas.pe\/tienda\/wp-content\/uploads\/sites\/3\/2023\/06\/lubrimas-liquido-refrigerante-radiador-concentracion-concentrado-50-listo-para-usar-losolivos-lima-peru-255x300-1.webp\",\"datePublished\":\"2023-06-22T15:53:33+00:00\",\"dateModified\":\"2025-12-03T15:41:27+00:00\",\"breadcrumb\":{\"@id\":\"https:\/\/lubrimas.pe\/tienda\/refrigerantes\/3bsi-refrigerante-50-listo-para-usar\/#breadcrumb\"},\"inLanguage\":\"es\",\"potentialAction\":[{\"@type\":\"ReadAction\",\"target\":[\"https:\/\/lubrimas.pe\/tienda\/refrigerantes\/3bsi-refrigerante-50-listo-para-usar\/\"]}]},{\"@type\":\"ImageObject\",\"inLanguage\":\"es\",\"@id\":\"https:\/\/lubrimas.pe\/tienda\/refrigerantes\/3bsi-refrigerante-50-listo-para-usar\/#primaryimage\",\"url\":\"https:\/\/lubrimas.pe\/tienda\/wp-content\/uploads\/sites\/3\/2023\/06\/lubrimas-liquido-refrigerante-radiador-concentracion-concentrado-50-listo-para-usar-losolivos-lima-peru-255x300-1.webp\",\"contentUrl\":\"https:\/\/lubrimas.pe\/tienda\/wp-content\/uploads\/sites\/3\/2023\/06\/lubrimas-liquido-refrigerante-radiador-concentracion-concentrado-50-listo-para-usar-losolivos-lima-peru-255x300-1.webp\",\"width\":850,\"height\":1000},{\"@type\":\"BreadcrumbList\",\"@id\":\"https:\/\/lubrimas.pe\/tienda\/refrigerantes\/3bsi-refrigerante-50-listo-para-usar\/#breadcrumb\",\"itemListElement\":[{\"@type\":\"ListItem\",\"position\":1,\"name\":\"Portada\",\"item\":\"https:\/\/lubrimas.pe\/tienda\/\"},{\"@type\":\"ListItem\",\"position\":2,\"name\":\"Cat\u00e1logo\",\"item\":\"https:\/\/lubrimas.pe\/tienda\/productos\/\"},{\"@type\":\"ListItem\",\"position\":3,\"name\":\"3BSI REFRIGERANTE 50% &#8211; Listo para usar\"}]},{\"@type\":\"WebSite\",\"@id\":\"https:\/\/lubrimas.pe\/tienda\/#website\",\"url\":\"https:\/\/lubrimas.pe\/tienda\/\",\"name\":\"Lubrimas.pe | Tienda Online\",\"description\":\"Tus lubricantes favoritos al mejor precio!\",\"publisher\":{\"@id\":\"https:\/\/lubrimas.pe\/tienda\/#organization\"},\"potentialAction\":[{\"@type\":\"SearchAction\",\"target\":{\"@type\":\"EntryPoint\",\"urlTemplate\":\"https:\/\/lubrimas.pe\/tienda\/?s={search_term_string}\"},\"query-input\":{\"@type\":\"PropertyValueSpecification\",\"valueRequired\":true,\"valueName\":\"search_term_string\"}}],\"inLanguage\":\"es\"},{\"@type\":\"Organization\",\"@id\":\"https:\/\/lubrimas.pe\/tienda\/#organization\",\"name\":\"Lubrimas.pe\",\"url\":\"https:\/\/lubrimas.pe\/tienda\/\",\"logo\":{\"@type\":\"ImageObject\",\"inLanguage\":\"es\",\"@id\":\"https:\/\/lubrimas.pe\/tienda\/#\/schema\/logo\/image\/\",\"url\":\"https:\/\/lubrimas.pe\/tienda\/wp-content\/uploads\/sites\/3\/2022\/07\/BANNERS-PROMO-CYBER-WOW-LUBRIMASPE-2022-07.webp\",\"contentUrl\":\"https:\/\/lubrimas.pe\/tienda\/wp-content\/uploads\/sites\/3\/2022\/07\/BANNERS-PROMO-CYBER-WOW-LUBRIMASPE-2022-07.webp\",\"width\":500,\"height\":752,\"caption\":\"Lubrimas.pe\"},\"image\":{\"@id\":\"https:\/\/lubrimas.pe\/tienda\/#\/schema\/logo\/image\/\"}}]}<\/script>\n<!-- \/ Yoast SEO plugin. -->","yoast_head_json":{"title":"3BSI REFRIGERANTE 50% - Listo para usar | Lubrimas.pe | Tienda Online","robots":{"index":"index","follow":"follow","max-snippet":"max-snippet:-1","max-image-preview":"max-image-preview:large","max-video-preview":"max-video-preview:-1"},"canonical":"https:\/\/lubrimas.pe\/tienda\/refrigerantes\/3bsi-refrigerante-50-listo-para-usar\/","og_locale":"es_ES","og_type":"article","og_title":"3BSI REFRIGERANTE 50% - Listo para usar | Lubrimas.pe | Tienda Online","og_description":"3BSI REFRIGERANTE 50% ROJO es un fluido desarrollado para refrigerar cualquier motor de combusti\u00f3n interna, autom\u00f3viles, camiones, autobuses, maquinaria de obra p\u00fablica, agr\u00edcola etc. Se recomienda para ser usado en","og_url":"https:\/\/lubrimas.pe\/tienda\/refrigerantes\/3bsi-refrigerante-50-listo-para-usar\/","og_site_name":"Lubrimas.pe | Tienda Online","article_modified_time":"2025-12-03T15:41:27+00:00","og_image":[{"width":850,"height":1000,"url":"https:\/\/lubrimas.pe\/tienda\/wp-content\/uploads\/sites\/3\/2023\/06\/lubrimas-liquido-refrigerante-radiador-concentracion-concentrado-50-listo-para-usar-losolivos-lima-peru-255x300-1.webp","type":"image\/webp"}],"twitter_card":"summary_large_image","twitter_misc":{"Tiempo de lectura":"1 minuto"},"schema":{"@context":"https:\/\/schema.org","@graph":[{"@type":["WebPage","ItemPage"],"@id":"https:\/\/lubrimas.pe\/tienda\/refrigerantes\/3bsi-refrigerante-50-listo-para-usar\/","url":"https:\/\/lubrimas.pe\/tienda\/refrigerantes\/3bsi-refrigerante-50-listo-para-usar\/","name":"3BSI REFRIGERANTE 50% - Listo para usar | Lubrimas.pe | Tienda Online","isPartOf":{"@id":"https:\/\/lubrimas.pe\/tienda\/#website"},"primaryImageOfPage":{"@id":"https:\/\/lubrimas.pe\/tienda\/refrigerantes\/3bsi-refrigerante-50-listo-para-usar\/#primaryimage"},"image":{"@id":"https:\/\/lubrimas.pe\/tienda\/refrigerantes\/3bsi-refrigerante-50-listo-para-usar\/#primaryimage"},"thumbnailUrl":"https:\/\/lubrimas.pe\/tienda\/wp-content\/uploads\/sites\/3\/2023\/06\/lubrimas-liquido-refrigerante-radiador-concentracion-concentrado-50-listo-para-usar-losolivos-lima-peru-255x300-1.webp","datePublished":"2023-06-22T15:53:33+00:00","dateModified":"2025-12-03T15:41:27+00:00","breadcrumb":{"@id":"https:\/\/lubrimas.pe\/tienda\/refrigerantes\/3bsi-refrigerante-50-listo-para-usar\/#breadcrumb"},"inLanguage":"es","potentialAction":[{"@type":"ReadAction","target":["https:\/\/lubrimas.pe\/tienda\/refrigerantes\/3bsi-refrigerante-50-listo-para-usar\/"]}]},{"@type":"ImageObject","inLanguage":"es","@id":"https:\/\/lubrimas.pe\/tienda\/refrigerantes\/3bsi-refrigerante-50-listo-para-usar\/#primaryimage","url":"https:\/\/lubrimas.pe\/tienda\/wp-content\/uploads\/sites\/3\/2023\/06\/lubrimas-liquido-refrigerante-radiador-concentracion-concentrado-50-listo-para-usar-losolivos-lima-peru-255x300-1.webp","contentUrl":"https:\/\/lubrimas.pe\/tienda\/wp-content\/uploads\/sites\/3\/2023\/06\/lubrimas-liquido-refrigerante-radiador-concentracion-concentrado-50-listo-para-usar-losolivos-lima-peru-255x300-1.webp","width":850,"height":1000},{"@type":"BreadcrumbList","@id":"https:\/\/lubrimas.pe\/tienda\/refrigerantes\/3bsi-refrigerante-50-listo-para-usar\/#breadcrumb","itemListElement":[{"@type":"ListItem","position":1,"name":"Portada","item":"https:\/\/lubrimas.pe\/tienda\/"},{"@type":"ListItem","position":2,"name":"Cat\u00e1logo","item":"https:\/\/lubrimas.pe\/tienda\/productos\/"},{"@type":"ListItem","position":3,"name":"3BSI REFRIGERANTE 50% &#8211; Listo para usar"}]},{"@type":"WebSite","@id":"https:\/\/lubrimas.pe\/tienda\/#website","url":"https:\/\/lubrimas.pe\/tienda\/","name":"Lubrimas.pe | Tienda Online","description":"Tus lubricantes favoritos al mejor precio!","publisher":{"@id":"https:\/\/lubrimas.pe\/tienda\/#organization"},"potentialAction":[{"@type":"SearchAction","target":{"@type":"EntryPoint","urlTemplate":"https:\/\/lubrimas.pe\/tienda\/?s={search_term_string}"},"query-input":{"@type":"PropertyValueSpecification","valueRequired":true,"valueName":"search_term_string"}}],"inLanguage":"es"},{"@type":"Organization","@id":"https:\/\/lubrimas.pe\/tienda\/#organization","name":"Lubrimas.pe","url":"https:\/\/lubrimas.pe\/tienda\/","logo":{"@type":"ImageObject","inLanguage":"es","@id":"https:\/\/lubrimas.pe\/tienda\/#\/schema\/logo\/image\/","url":"https:\/\/lubrimas.pe\/tienda\/wp-content\/uploads\/sites\/3\/2022\/07\/BANNERS-PROMO-CYBER-WOW-LUBRIMASPE-2022-07.webp","contentUrl":"https:\/\/lubrimas.pe\/tienda\/wp-content\/uploads\/sites\/3\/2022\/07\/BANNERS-PROMO-CYBER-WOW-LUBRIMASPE-2022-07.webp","width":500,"height":752,"caption":"Lubrimas.pe"},"image":{"@id":"https:\/\/lubrimas.pe\/tienda\/#\/schema\/logo\/image\/"}}]}},"_links":{"self":[{"href":"https:\/\/lubrimas.pe\/tienda\/wp-json\/wp\/v2\/product\/13265","targetHints":{"allow":["GET"]}}],"collection":[{"href":"https:\/\/lubrimas.pe\/tienda\/wp-json\/wp\/v2\/product"}],"about":[{"href":"https:\/\/lubrimas.pe\/tienda\/wp-json\/wp\/v2\/types\/product"}],"wp:featuredmedia":[{"embeddable":true,"href":"https:\/\/lubrimas.pe\/tienda\/wp-json\/wp\/v2\/media\/14965"}],"wp:attachment":[{"href":"https:\/\/lubrimas.pe\/tienda\/wp-json\/wp\/v2\/media?parent=13265"}],"wp:term":[{"taxonomy":"product_brand","embeddable":true,"href":"https:\/\/lubrimas.pe\/tienda\/wp-json\/wp\/v2\/product_brand?post=13265"},{"taxonomy":"product_cat","embeddable":true,"href":"https:\/\/lubrimas.pe\/tienda\/wp-json\/wp\/v2\/product_cat?post=13265"},{"taxonomy":"product_tag","embeddable":true,"href":"https:\/\/lubrimas.pe\/tienda\/wp-json\/wp\/v2\/product_tag?post=13265"}],"curies":[{"name":"wp","href":"https:\/\/api.w.org\/{rel}","templated":true}]}}