{"id":13455,"date":"2023-08-17T13:47:26","date_gmt":"2023-08-17T18:47:26","guid":{"rendered":"https:\/\/lubrimas.pe\/tienda\/?post_type=product&#038;p=13455"},"modified":"2025-12-31T13:57:20","modified_gmt":"2025-12-31T18:57:20","slug":"k-po-refrigerante-33-verde-antifreeze-coolant-refrigerante-listo-para-usar","status":"publish","type":"product","link":"https:\/\/lubrimas.pe\/tienda\/refrigerantes\/k-po-refrigerante-33-verde-antifreeze-coolant-refrigerante-listo-para-usar\/","title":{"rendered":"K-PO REFRIGERANTE 33% VERDE (ANTIFREEZE + COOLANT) &#8211; Refrigerante listo para usar"},"content":{"rendered":"<p><strong>K-PO REFRIGERANTE 33%<\/strong>\u00a0es un anticongelante y refrigerante al\u00a0 (33%)..<\/p>\n<h5><strong>CARACTER\u00cdSTICAS PRINCIPALES<\/strong><\/h5>\n<ul>\n<li>Se usa puro y se aplica directamente en los radiadores de los sistemas de enfriamiento ya sean automotrices o industriales. Reduce el punto de congelamiento hasta -18\u00b0C.<\/li>\n<li>Si el sistema est\u00e1 sucio (con incrustaciones o part\u00edculas de \u00f3xido) se debe limpiar convenientemente con abundante agua.<\/li>\n<li>Apto para ser usado como l\u00edquido refrigerante o anticongelante en cualquier sistema de enfriamiento. Su importante grado de pureza, permite prevenir la formaci\u00f3n de dep\u00f3sitos e incrustaciones e n los equipos de intercambio de calor.<\/li>\n<\/ul>\n<h5><strong>INFORMACI\u00d3N ADICIONAL<\/strong><\/h5>\n<div class=\"aditional-info-tecnical-lp\"><a href=\"https:\/\/k-po.pe\/producto\/refrigerante-33-color-verde-galon\/\" target=\"_blank\" rel=\"noopener\">FICHA T\u00c9CNICA<\/a><br \/>\n<a href=\"https:\/\/k-po.pe\/producto\/refrigerante-33-color-verde-galon\/\" target=\"_blank\" rel=\"noopener\">SITIO OFICIAL<\/a><\/div>\n<p>&nbsp;<\/p>\n<blockquote><p>REFRIGERANTE , ANTICONGELANTE, LISTO PARA USAR, CONCENTRADO 33%, VERDE<\/p><\/blockquote>\n","protected":false},"excerpt":{"rendered":"<p>K-PO REFRIGERANTE 33%\u00a0es un anticongelante y refrigerante al\u00a0 (33%).. CARACTER\u00cdSTICAS PRINCIPALES Se usa puro y se aplica directamente en los radiadores de los sistemas de enfriamiento ya sean automotrices o<\/p>\n","protected":false},"featured_media":13460,"template":"","meta":[],"product_brand":[],"product_cat":[38],"product_tag":[],"class_list":{"0":"post-13455","1":"product","2":"type-product","3":"status-publish","4":"has-post-thumbnail","6":"product_cat-refrigerantes","7":"pa_concentrado-155","8":"pa_especificaciones-astm-d-3306","9":"pa_especificaciones-astm-d-4340","10":"pa_especificaciones-astm-d-4985","11":"pa_especificaciones-british-standard-6580","12":"pa_especificaciones-chrysler-ms-7170","13":"pa_especificaciones-cummins-ces-90t8-4","14":"pa_especificaciones-ford-ese-m97b44-a","15":"pa_especificaciones-gm-1825m","16":"pa_especificaciones-gm-1899m","17":"pa_especificaciones-john-deere-h24b1-c1","18":"pa_especificaciones-tmc-rp-302b","19":"pa_marca-k-po","20":"pa_ofertas-cyber","22":"first","23":"outofstock","24":"shipping-taxable","25":"purchasable","26":"product-type-variable","27":"has-default-attributes"},"yoast_head":"<!-- This site is optimized with the Yoast SEO plugin v27.4 - https:\/\/yoast.com\/product\/yoast-seo-wordpress\/ -->\n<title>K-PO REFRIGERANTE 33% VERDE (ANTIFREEZE + COOLANT) - Refrigerante listo para usar | Lubrimas.pe | Tienda Online<\/title>\n<meta name=\"robots\" content=\"index, follow, max-snippet:-1, max-image-preview:large, max-video-preview:-1\" \/>\n<link rel=\"canonical\" href=\"https:\/\/lubrimas.pe\/tienda\/refrigerantes\/k-po-refrigerante-33-verde-antifreeze-coolant-refrigerante-listo-para-usar\/\" \/>\n<meta property=\"og:locale\" content=\"es_ES\" \/>\n<meta property=\"og:type\" content=\"article\" \/>\n<meta property=\"og:title\" content=\"K-PO REFRIGERANTE 33% VERDE (ANTIFREEZE + COOLANT) - Refrigerante listo para usar | Lubrimas.pe | Tienda Online\" \/>\n<meta property=\"og:description\" content=\"K-PO REFRIGERANTE 33%\u00a0es un anticongelante y refrigerante al\u00a0 (33%).. CARACTER\u00cdSTICAS PRINCIPALES Se usa puro y se aplica directamente en los radiadores de los sistemas de enfriamiento ya sean automotrices o\" \/>\n<meta property=\"og:url\" content=\"https:\/\/lubrimas.pe\/tienda\/refrigerantes\/k-po-refrigerante-33-verde-antifreeze-coolant-refrigerante-listo-para-usar\/\" \/>\n<meta property=\"og:site_name\" content=\"Lubrimas.pe | Tienda Online\" \/>\n<meta property=\"article:modified_time\" content=\"2025-12-31T18:57:20+00:00\" \/>\n<meta property=\"og:image\" content=\"https:\/\/lubrimas.pe\/tienda\/wp-content\/uploads\/sites\/3\/2023\/08\/lubrimas_pe-lubrimasperu-refrigerante-k-po-33-losolivos-lima-peru.webp\" \/>\n\t<meta property=\"og:image:width\" content=\"850\" \/>\n\t<meta property=\"og:image:height\" content=\"1000\" \/>\n\t<meta property=\"og:image:type\" content=\"image\/webp\" \/>\n<meta name=\"twitter:card\" content=\"summary_large_image\" \/>\n<meta name=\"twitter:label1\" content=\"Tiempo de lectura\" \/>\n\t<meta name=\"twitter:data1\" content=\"1 minuto\" \/>\n<script type=\"application\/ld+json\" class=\"yoast-schema-graph\">{\"@context\":\"https:\\\/\\\/schema.org\",\"@graph\":[{\"@type\":[\"WebPage\",\"ItemPage\"],\"@id\":\"https:\\\/\\\/lubrimas.pe\\\/tienda\\\/refrigerantes\\\/k-po-refrigerante-33-verde-antifreeze-coolant-refrigerante-listo-para-usar\\\/\",\"url\":\"https:\\\/\\\/lubrimas.pe\\\/tienda\\\/refrigerantes\\\/k-po-refrigerante-33-verde-antifreeze-coolant-refrigerante-listo-para-usar\\\/\",\"name\":\"K-PO REFRIGERANTE 33% VERDE (ANTIFREEZE + COOLANT) - Refrigerante listo para usar | Lubrimas.pe | Tienda Online\",\"isPartOf\":{\"@id\":\"https:\\\/\\\/lubrimas.pe\\\/tienda\\\/#website\"},\"primaryImageOfPage\":{\"@id\":\"https:\\\/\\\/lubrimas.pe\\\/tienda\\\/refrigerantes\\\/k-po-refrigerante-33-verde-antifreeze-coolant-refrigerante-listo-para-usar\\\/#primaryimage\"},\"image\":{\"@id\":\"https:\\\/\\\/lubrimas.pe\\\/tienda\\\/refrigerantes\\\/k-po-refrigerante-33-verde-antifreeze-coolant-refrigerante-listo-para-usar\\\/#primaryimage\"},\"thumbnailUrl\":\"https:\\\/\\\/lubrimas.pe\\\/tienda\\\/wp-content\\\/uploads\\\/sites\\\/3\\\/2023\\\/08\\\/lubrimas_pe-lubrimasperu-refrigerante-k-po-33-losolivos-lima-peru.webp\",\"datePublished\":\"2023-08-17T18:47:26+00:00\",\"dateModified\":\"2025-12-31T18:57:20+00:00\",\"breadcrumb\":{\"@id\":\"https:\\\/\\\/lubrimas.pe\\\/tienda\\\/refrigerantes\\\/k-po-refrigerante-33-verde-antifreeze-coolant-refrigerante-listo-para-usar\\\/#breadcrumb\"},\"inLanguage\":\"es\",\"potentialAction\":[{\"@type\":\"ReadAction\",\"target\":[\"https:\\\/\\\/lubrimas.pe\\\/tienda\\\/refrigerantes\\\/k-po-refrigerante-33-verde-antifreeze-coolant-refrigerante-listo-para-usar\\\/\"]}]},{\"@type\":\"ImageObject\",\"inLanguage\":\"es\",\"@id\":\"https:\\\/\\\/lubrimas.pe\\\/tienda\\\/refrigerantes\\\/k-po-refrigerante-33-verde-antifreeze-coolant-refrigerante-listo-para-usar\\\/#primaryimage\",\"url\":\"https:\\\/\\\/lubrimas.pe\\\/tienda\\\/wp-content\\\/uploads\\\/sites\\\/3\\\/2023\\\/08\\\/lubrimas_pe-lubrimasperu-refrigerante-k-po-33-losolivos-lima-peru.webp\",\"contentUrl\":\"https:\\\/\\\/lubrimas.pe\\\/tienda\\\/wp-content\\\/uploads\\\/sites\\\/3\\\/2023\\\/08\\\/lubrimas_pe-lubrimasperu-refrigerante-k-po-33-losolivos-lima-peru.webp\",\"width\":850,\"height\":1000},{\"@type\":\"BreadcrumbList\",\"@id\":\"https:\\\/\\\/lubrimas.pe\\\/tienda\\\/refrigerantes\\\/k-po-refrigerante-33-verde-antifreeze-coolant-refrigerante-listo-para-usar\\\/#breadcrumb\",\"itemListElement\":[{\"@type\":\"ListItem\",\"position\":1,\"name\":\"Portada\",\"item\":\"https:\\\/\\\/lubrimas.pe\\\/tienda\\\/\"},{\"@type\":\"ListItem\",\"position\":2,\"name\":\"Cat\u00e1logo\",\"item\":\"https:\\\/\\\/lubrimas.pe\\\/tienda\\\/productos\\\/\"},{\"@type\":\"ListItem\",\"position\":3,\"name\":\"K-PO REFRIGERANTE 33% VERDE (ANTIFREEZE + COOLANT) &#8211; Refrigerante listo para usar\"}]},{\"@type\":\"WebSite\",\"@id\":\"https:\\\/\\\/lubrimas.pe\\\/tienda\\\/#website\",\"url\":\"https:\\\/\\\/lubrimas.pe\\\/tienda\\\/\",\"name\":\"Lubrimas.pe | Tienda Online\",\"description\":\"Tus lubricantes favoritos al mejor precio!\",\"publisher\":{\"@id\":\"https:\\\/\\\/lubrimas.pe\\\/tienda\\\/#organization\"},\"potentialAction\":[{\"@type\":\"SearchAction\",\"target\":{\"@type\":\"EntryPoint\",\"urlTemplate\":\"https:\\\/\\\/lubrimas.pe\\\/tienda\\\/?s={search_term_string}\"},\"query-input\":{\"@type\":\"PropertyValueSpecification\",\"valueRequired\":true,\"valueName\":\"search_term_string\"}}],\"inLanguage\":\"es\"},{\"@type\":\"Organization\",\"@id\":\"https:\\\/\\\/lubrimas.pe\\\/tienda\\\/#organization\",\"name\":\"Lubrimas.pe\",\"url\":\"https:\\\/\\\/lubrimas.pe\\\/tienda\\\/\",\"logo\":{\"@type\":\"ImageObject\",\"inLanguage\":\"es\",\"@id\":\"https:\\\/\\\/lubrimas.pe\\\/tienda\\\/#\\\/schema\\\/logo\\\/image\\\/\",\"url\":\"https:\\\/\\\/lubrimas.pe\\\/tienda\\\/wp-content\\\/uploads\\\/sites\\\/3\\\/2022\\\/07\\\/BANNERS-PROMO-CYBER-WOW-LUBRIMASPE-2022-07.webp\",\"contentUrl\":\"https:\\\/\\\/lubrimas.pe\\\/tienda\\\/wp-content\\\/uploads\\\/sites\\\/3\\\/2022\\\/07\\\/BANNERS-PROMO-CYBER-WOW-LUBRIMASPE-2022-07.webp\",\"width\":500,\"height\":752,\"caption\":\"Lubrimas.pe\"},\"image\":{\"@id\":\"https:\\\/\\\/lubrimas.pe\\\/tienda\\\/#\\\/schema\\\/logo\\\/image\\\/\"}}]}<\/script>\n<!-- \/ Yoast SEO plugin. -->","yoast_head_json":{"title":"K-PO REFRIGERANTE 33% VERDE (ANTIFREEZE + COOLANT) - Refrigerante listo para usar | Lubrimas.pe | Tienda Online","robots":{"index":"index","follow":"follow","max-snippet":"max-snippet:-1","max-image-preview":"max-image-preview:large","max-video-preview":"max-video-preview:-1"},"canonical":"https:\/\/lubrimas.pe\/tienda\/refrigerantes\/k-po-refrigerante-33-verde-antifreeze-coolant-refrigerante-listo-para-usar\/","og_locale":"es_ES","og_type":"article","og_title":"K-PO REFRIGERANTE 33% VERDE (ANTIFREEZE + COOLANT) - Refrigerante listo para usar | Lubrimas.pe | Tienda Online","og_description":"K-PO REFRIGERANTE 33%\u00a0es un anticongelante y refrigerante al\u00a0 (33%).. CARACTER\u00cdSTICAS PRINCIPALES Se usa puro y se aplica directamente en los radiadores de los sistemas de enfriamiento ya sean automotrices o","og_url":"https:\/\/lubrimas.pe\/tienda\/refrigerantes\/k-po-refrigerante-33-verde-antifreeze-coolant-refrigerante-listo-para-usar\/","og_site_name":"Lubrimas.pe | Tienda Online","article_modified_time":"2025-12-31T18:57:20+00:00","og_image":[{"width":850,"height":1000,"url":"https:\/\/lubrimas.pe\/tienda\/wp-content\/uploads\/sites\/3\/2023\/08\/lubrimas_pe-lubrimasperu-refrigerante-k-po-33-losolivos-lima-peru.webp","type":"image\/webp"}],"twitter_card":"summary_large_image","twitter_misc":{"Tiempo de lectura":"1 minuto"},"schema":{"@context":"https:\/\/schema.org","@graph":[{"@type":["WebPage","ItemPage"],"@id":"https:\/\/lubrimas.pe\/tienda\/refrigerantes\/k-po-refrigerante-33-verde-antifreeze-coolant-refrigerante-listo-para-usar\/","url":"https:\/\/lubrimas.pe\/tienda\/refrigerantes\/k-po-refrigerante-33-verde-antifreeze-coolant-refrigerante-listo-para-usar\/","name":"K-PO REFRIGERANTE 33% VERDE (ANTIFREEZE + COOLANT) - Refrigerante listo para usar | Lubrimas.pe | Tienda Online","isPartOf":{"@id":"https:\/\/lubrimas.pe\/tienda\/#website"},"primaryImageOfPage":{"@id":"https:\/\/lubrimas.pe\/tienda\/refrigerantes\/k-po-refrigerante-33-verde-antifreeze-coolant-refrigerante-listo-para-usar\/#primaryimage"},"image":{"@id":"https:\/\/lubrimas.pe\/tienda\/refrigerantes\/k-po-refrigerante-33-verde-antifreeze-coolant-refrigerante-listo-para-usar\/#primaryimage"},"thumbnailUrl":"https:\/\/lubrimas.pe\/tienda\/wp-content\/uploads\/sites\/3\/2023\/08\/lubrimas_pe-lubrimasperu-refrigerante-k-po-33-losolivos-lima-peru.webp","datePublished":"2023-08-17T18:47:26+00:00","dateModified":"2025-12-31T18:57:20+00:00","breadcrumb":{"@id":"https:\/\/lubrimas.pe\/tienda\/refrigerantes\/k-po-refrigerante-33-verde-antifreeze-coolant-refrigerante-listo-para-usar\/#breadcrumb"},"inLanguage":"es","potentialAction":[{"@type":"ReadAction","target":["https:\/\/lubrimas.pe\/tienda\/refrigerantes\/k-po-refrigerante-33-verde-antifreeze-coolant-refrigerante-listo-para-usar\/"]}]},{"@type":"ImageObject","inLanguage":"es","@id":"https:\/\/lubrimas.pe\/tienda\/refrigerantes\/k-po-refrigerante-33-verde-antifreeze-coolant-refrigerante-listo-para-usar\/#primaryimage","url":"https:\/\/lubrimas.pe\/tienda\/wp-content\/uploads\/sites\/3\/2023\/08\/lubrimas_pe-lubrimasperu-refrigerante-k-po-33-losolivos-lima-peru.webp","contentUrl":"https:\/\/lubrimas.pe\/tienda\/wp-content\/uploads\/sites\/3\/2023\/08\/lubrimas_pe-lubrimasperu-refrigerante-k-po-33-losolivos-lima-peru.webp","width":850,"height":1000},{"@type":"BreadcrumbList","@id":"https:\/\/lubrimas.pe\/tienda\/refrigerantes\/k-po-refrigerante-33-verde-antifreeze-coolant-refrigerante-listo-para-usar\/#breadcrumb","itemListElement":[{"@type":"ListItem","position":1,"name":"Portada","item":"https:\/\/lubrimas.pe\/tienda\/"},{"@type":"ListItem","position":2,"name":"Cat\u00e1logo","item":"https:\/\/lubrimas.pe\/tienda\/productos\/"},{"@type":"ListItem","position":3,"name":"K-PO REFRIGERANTE 33% VERDE (ANTIFREEZE + COOLANT) &#8211; Refrigerante listo para usar"}]},{"@type":"WebSite","@id":"https:\/\/lubrimas.pe\/tienda\/#website","url":"https:\/\/lubrimas.pe\/tienda\/","name":"Lubrimas.pe | Tienda Online","description":"Tus lubricantes favoritos al mejor precio!","publisher":{"@id":"https:\/\/lubrimas.pe\/tienda\/#organization"},"potentialAction":[{"@type":"SearchAction","target":{"@type":"EntryPoint","urlTemplate":"https:\/\/lubrimas.pe\/tienda\/?s={search_term_string}"},"query-input":{"@type":"PropertyValueSpecification","valueRequired":true,"valueName":"search_term_string"}}],"inLanguage":"es"},{"@type":"Organization","@id":"https:\/\/lubrimas.pe\/tienda\/#organization","name":"Lubrimas.pe","url":"https:\/\/lubrimas.pe\/tienda\/","logo":{"@type":"ImageObject","inLanguage":"es","@id":"https:\/\/lubrimas.pe\/tienda\/#\/schema\/logo\/image\/","url":"https:\/\/lubrimas.pe\/tienda\/wp-content\/uploads\/sites\/3\/2022\/07\/BANNERS-PROMO-CYBER-WOW-LUBRIMASPE-2022-07.webp","contentUrl":"https:\/\/lubrimas.pe\/tienda\/wp-content\/uploads\/sites\/3\/2022\/07\/BANNERS-PROMO-CYBER-WOW-LUBRIMASPE-2022-07.webp","width":500,"height":752,"caption":"Lubrimas.pe"},"image":{"@id":"https:\/\/lubrimas.pe\/tienda\/#\/schema\/logo\/image\/"}}]}},"_links":{"self":[{"href":"https:\/\/lubrimas.pe\/tienda\/wp-json\/wp\/v2\/product\/13455","targetHints":{"allow":["GET"]}}],"collection":[{"href":"https:\/\/lubrimas.pe\/tienda\/wp-json\/wp\/v2\/product"}],"about":[{"href":"https:\/\/lubrimas.pe\/tienda\/wp-json\/wp\/v2\/types\/product"}],"wp:featuredmedia":[{"embeddable":true,"href":"https:\/\/lubrimas.pe\/tienda\/wp-json\/wp\/v2\/media\/13460"}],"wp:attachment":[{"href":"https:\/\/lubrimas.pe\/tienda\/wp-json\/wp\/v2\/media?parent=13455"}],"wp:term":[{"taxonomy":"product_brand","embeddable":true,"href":"https:\/\/lubrimas.pe\/tienda\/wp-json\/wp\/v2\/product_brand?post=13455"},{"taxonomy":"product_cat","embeddable":true,"href":"https:\/\/lubrimas.pe\/tienda\/wp-json\/wp\/v2\/product_cat?post=13455"},{"taxonomy":"product_tag","embeddable":true,"href":"https:\/\/lubrimas.pe\/tienda\/wp-json\/wp\/v2\/product_tag?post=13455"}],"curies":[{"name":"wp","href":"https:\/\/api.w.org\/{rel}","templated":true}]}}