{"id":13456,"date":"2023-08-17T13:47:27","date_gmt":"2023-08-17T18:47:27","guid":{"rendered":"https:\/\/lubrimas.pe\/tienda\/?post_type=product&#038;p=13456"},"modified":"2025-12-31T13:58:17","modified_gmt":"2025-12-31T18:58:17","slug":"k-po-refrigerante-50-50-rojo-antifreeze-coolant-refrigerante-listo-para-usar","status":"publish","type":"product","link":"https:\/\/lubrimas.pe\/tienda\/refrigerantes\/k-po-refrigerante-50-50-rojo-antifreeze-coolant-refrigerante-listo-para-usar\/","title":{"rendered":"K-PO REFRIGERANTE 50\/50 ROJO (ANTIFREEZE + COOLANT) &#8211; Refrigerante listo para usar"},"content":{"rendered":"<p><strong>K-PO REFRIGERANTE 50\/50 <\/strong>es un anticongelante y refrigerante al 50\/50 (50%).<\/p>\n<h5><strong>CARACTER\u00cdSTICAS PRINCIPALES<\/strong><\/h5>\n<ul>\n<li>Se usa puro y se aplica directamente en los radiadores de los sistemas de enfriamiento ya sean automotrices o industriales.<\/li>\n<li>Reduce el punto de congelamiento hasta -36\u00b0C.<\/li>\n<li>Apto para ser usado como l\u00edquido refrigerante o anticongelante en cualquier sistema de enfriamiento. Est\u00e1 especialmente formulado para los radiadores de maquinaria pesada en zonas con condiciones ambientales extremas. Su importante grado de pureza, permite prevenir la formaci\u00f3n de dep\u00f3sitos e incrustaciones en los equipos de intercambio de calor.<\/li>\n<\/ul>\n<h5><strong>INFORMACI\u00d3N ADICIONAL<\/strong><\/h5>\n<div class=\"aditional-info-tecnical-lp\"><a href=\"https:\/\/k-po.pe\/producto\/refrigerante-50-color-rojo-galon\/\" target=\"_blank\" rel=\"noopener\">FICHA T\u00c9CNICA<\/a><br \/>\n<a href=\"https:\/\/k-po.pe\/producto\/refrigerante-50-color-rojo-galon\/\" target=\"_blank\" rel=\"noopener\">SITIO OFICIAL<\/a><\/div>\n<p>&nbsp;<\/p>\n<blockquote><p>REFRIGERANTE , LARGA DURACI\u00d3N, ANTICONGELANTE, LISTO PARA USAR, CONCENTRADO 50\/50, 50%, ROJO<\/p><\/blockquote>\n","protected":false},"excerpt":{"rendered":"<p>K-PO REFRIGERANTE 50\/50 es un anticongelante y refrigerante al 50\/50 (50%). CARACTER\u00cdSTICAS PRINCIPALES Se usa puro y se aplica directamente en los radiadores de los sistemas de enfriamiento ya sean<\/p>\n","protected":false},"featured_media":13459,"template":"","meta":[],"product_brand":[],"product_cat":[38],"product_tag":[],"class_list":{"0":"post-13456","1":"product","2":"type-product","3":"status-publish","4":"has-post-thumbnail","6":"product_cat-refrigerantes","7":"pa_concentrado-154","8":"pa_marca-k-po","9":"pa_ofertas-cyber","11":"first","12":"outofstock","13":"featured","14":"shipping-taxable","15":"purchasable","16":"product-type-variable","17":"has-default-attributes"},"yoast_head":"<!-- This site is optimized with the Yoast SEO plugin v27.4 - https:\/\/yoast.com\/product\/yoast-seo-wordpress\/ -->\n<title>K-PO REFRIGERANTE 50\/50 ROJO (ANTIFREEZE + COOLANT) - Refrigerante listo para usar | Lubrimas.pe | Tienda Online<\/title>\n<meta name=\"description\" content=\"REFRIGERANTE PEAK 50\/50 cuenta con una tecnolog\u00eda de refrigerante de larga duraci\u00f3n que es compatible para su uso en todos los autom\u00f3viles.\" \/>\n<meta name=\"robots\" content=\"index, follow, max-snippet:-1, max-image-preview:large, max-video-preview:-1\" \/>\n<link rel=\"canonical\" href=\"https:\/\/lubrimas.pe\/tienda\/refrigerantes\/k-po-refrigerante-50-50-rojo-antifreeze-coolant-refrigerante-listo-para-usar\/\" \/>\n<meta property=\"og:locale\" content=\"es_ES\" \/>\n<meta property=\"og:type\" content=\"article\" \/>\n<meta property=\"og:title\" content=\"K-PO REFRIGERANTE 50\/50 ROJO (ANTIFREEZE + COOLANT) - Refrigerante listo para usar | Lubrimas.pe | Tienda Online\" \/>\n<meta property=\"og:description\" content=\"REFRIGERANTE PEAK 50\/50 cuenta con una tecnolog\u00eda de refrigerante de larga duraci\u00f3n que es compatible para su uso en todos los autom\u00f3viles.\" \/>\n<meta property=\"og:url\" content=\"https:\/\/lubrimas.pe\/tienda\/refrigerantes\/k-po-refrigerante-50-50-rojo-antifreeze-coolant-refrigerante-listo-para-usar\/\" \/>\n<meta property=\"og:site_name\" content=\"Lubrimas.pe | Tienda Online\" \/>\n<meta property=\"article:modified_time\" content=\"2025-12-31T18:58:17+00:00\" \/>\n<meta property=\"og:image\" content=\"https:\/\/lubrimas.pe\/tienda\/wp-content\/uploads\/sites\/3\/2023\/08\/lubrimas_pe-lubrimasperu-refrigerante-k-po-50-50-losolivos-lima-peru.webp\" \/>\n\t<meta property=\"og:image:width\" content=\"850\" \/>\n\t<meta property=\"og:image:height\" content=\"1000\" \/>\n\t<meta property=\"og:image:type\" content=\"image\/webp\" \/>\n<meta name=\"twitter:card\" content=\"summary_large_image\" \/>\n<meta name=\"twitter:label1\" content=\"Tiempo de lectura\" \/>\n\t<meta name=\"twitter:data1\" content=\"1 minuto\" \/>\n<script type=\"application\/ld+json\" class=\"yoast-schema-graph\">{\"@context\":\"https:\\\/\\\/schema.org\",\"@graph\":[{\"@type\":[\"WebPage\",\"ItemPage\"],\"@id\":\"https:\\\/\\\/lubrimas.pe\\\/tienda\\\/refrigerantes\\\/k-po-refrigerante-50-50-rojo-antifreeze-coolant-refrigerante-listo-para-usar\\\/\",\"url\":\"https:\\\/\\\/lubrimas.pe\\\/tienda\\\/refrigerantes\\\/k-po-refrigerante-50-50-rojo-antifreeze-coolant-refrigerante-listo-para-usar\\\/\",\"name\":\"K-PO REFRIGERANTE 50\\\/50 ROJO (ANTIFREEZE + COOLANT) - Refrigerante listo para usar | Lubrimas.pe | Tienda Online\",\"isPartOf\":{\"@id\":\"https:\\\/\\\/lubrimas.pe\\\/tienda\\\/#website\"},\"primaryImageOfPage\":{\"@id\":\"https:\\\/\\\/lubrimas.pe\\\/tienda\\\/refrigerantes\\\/k-po-refrigerante-50-50-rojo-antifreeze-coolant-refrigerante-listo-para-usar\\\/#primaryimage\"},\"image\":{\"@id\":\"https:\\\/\\\/lubrimas.pe\\\/tienda\\\/refrigerantes\\\/k-po-refrigerante-50-50-rojo-antifreeze-coolant-refrigerante-listo-para-usar\\\/#primaryimage\"},\"thumbnailUrl\":\"https:\\\/\\\/lubrimas.pe\\\/tienda\\\/wp-content\\\/uploads\\\/sites\\\/3\\\/2023\\\/08\\\/lubrimas_pe-lubrimasperu-refrigerante-k-po-50-50-losolivos-lima-peru.webp\",\"datePublished\":\"2023-08-17T18:47:27+00:00\",\"dateModified\":\"2025-12-31T18:58:17+00:00\",\"description\":\"REFRIGERANTE PEAK 50\\\/50 cuenta con una tecnolog\u00eda de refrigerante de larga duraci\u00f3n que es compatible para su uso en todos los autom\u00f3viles.\",\"breadcrumb\":{\"@id\":\"https:\\\/\\\/lubrimas.pe\\\/tienda\\\/refrigerantes\\\/k-po-refrigerante-50-50-rojo-antifreeze-coolant-refrigerante-listo-para-usar\\\/#breadcrumb\"},\"inLanguage\":\"es\",\"potentialAction\":[{\"@type\":\"ReadAction\",\"target\":[\"https:\\\/\\\/lubrimas.pe\\\/tienda\\\/refrigerantes\\\/k-po-refrigerante-50-50-rojo-antifreeze-coolant-refrigerante-listo-para-usar\\\/\"]}]},{\"@type\":\"ImageObject\",\"inLanguage\":\"es\",\"@id\":\"https:\\\/\\\/lubrimas.pe\\\/tienda\\\/refrigerantes\\\/k-po-refrigerante-50-50-rojo-antifreeze-coolant-refrigerante-listo-para-usar\\\/#primaryimage\",\"url\":\"https:\\\/\\\/lubrimas.pe\\\/tienda\\\/wp-content\\\/uploads\\\/sites\\\/3\\\/2023\\\/08\\\/lubrimas_pe-lubrimasperu-refrigerante-k-po-50-50-losolivos-lima-peru.webp\",\"contentUrl\":\"https:\\\/\\\/lubrimas.pe\\\/tienda\\\/wp-content\\\/uploads\\\/sites\\\/3\\\/2023\\\/08\\\/lubrimas_pe-lubrimasperu-refrigerante-k-po-50-50-losolivos-lima-peru.webp\",\"width\":850,\"height\":1000},{\"@type\":\"BreadcrumbList\",\"@id\":\"https:\\\/\\\/lubrimas.pe\\\/tienda\\\/refrigerantes\\\/k-po-refrigerante-50-50-rojo-antifreeze-coolant-refrigerante-listo-para-usar\\\/#breadcrumb\",\"itemListElement\":[{\"@type\":\"ListItem\",\"position\":1,\"name\":\"Portada\",\"item\":\"https:\\\/\\\/lubrimas.pe\\\/tienda\\\/\"},{\"@type\":\"ListItem\",\"position\":2,\"name\":\"Cat\u00e1logo\",\"item\":\"https:\\\/\\\/lubrimas.pe\\\/tienda\\\/productos\\\/\"},{\"@type\":\"ListItem\",\"position\":3,\"name\":\"K-PO REFRIGERANTE 50\\\/50 ROJO (ANTIFREEZE + COOLANT) &#8211; Refrigerante listo para usar\"}]},{\"@type\":\"WebSite\",\"@id\":\"https:\\\/\\\/lubrimas.pe\\\/tienda\\\/#website\",\"url\":\"https:\\\/\\\/lubrimas.pe\\\/tienda\\\/\",\"name\":\"Lubrimas.pe | Tienda Online\",\"description\":\"Tus lubricantes favoritos al mejor precio!\",\"publisher\":{\"@id\":\"https:\\\/\\\/lubrimas.pe\\\/tienda\\\/#organization\"},\"potentialAction\":[{\"@type\":\"SearchAction\",\"target\":{\"@type\":\"EntryPoint\",\"urlTemplate\":\"https:\\\/\\\/lubrimas.pe\\\/tienda\\\/?s={search_term_string}\"},\"query-input\":{\"@type\":\"PropertyValueSpecification\",\"valueRequired\":true,\"valueName\":\"search_term_string\"}}],\"inLanguage\":\"es\"},{\"@type\":\"Organization\",\"@id\":\"https:\\\/\\\/lubrimas.pe\\\/tienda\\\/#organization\",\"name\":\"Lubrimas.pe\",\"url\":\"https:\\\/\\\/lubrimas.pe\\\/tienda\\\/\",\"logo\":{\"@type\":\"ImageObject\",\"inLanguage\":\"es\",\"@id\":\"https:\\\/\\\/lubrimas.pe\\\/tienda\\\/#\\\/schema\\\/logo\\\/image\\\/\",\"url\":\"https:\\\/\\\/lubrimas.pe\\\/tienda\\\/wp-content\\\/uploads\\\/sites\\\/3\\\/2022\\\/07\\\/BANNERS-PROMO-CYBER-WOW-LUBRIMASPE-2022-07.webp\",\"contentUrl\":\"https:\\\/\\\/lubrimas.pe\\\/tienda\\\/wp-content\\\/uploads\\\/sites\\\/3\\\/2022\\\/07\\\/BANNERS-PROMO-CYBER-WOW-LUBRIMASPE-2022-07.webp\",\"width\":500,\"height\":752,\"caption\":\"Lubrimas.pe\"},\"image\":{\"@id\":\"https:\\\/\\\/lubrimas.pe\\\/tienda\\\/#\\\/schema\\\/logo\\\/image\\\/\"}}]}<\/script>\n<!-- \/ Yoast SEO plugin. -->","yoast_head_json":{"title":"K-PO REFRIGERANTE 50\/50 ROJO (ANTIFREEZE + COOLANT) - Refrigerante listo para usar | Lubrimas.pe | Tienda Online","description":"REFRIGERANTE PEAK 50\/50 cuenta con una tecnolog\u00eda de refrigerante de larga duraci\u00f3n que es compatible para su uso en todos los autom\u00f3viles.","robots":{"index":"index","follow":"follow","max-snippet":"max-snippet:-1","max-image-preview":"max-image-preview:large","max-video-preview":"max-video-preview:-1"},"canonical":"https:\/\/lubrimas.pe\/tienda\/refrigerantes\/k-po-refrigerante-50-50-rojo-antifreeze-coolant-refrigerante-listo-para-usar\/","og_locale":"es_ES","og_type":"article","og_title":"K-PO REFRIGERANTE 50\/50 ROJO (ANTIFREEZE + COOLANT) - Refrigerante listo para usar | Lubrimas.pe | Tienda Online","og_description":"REFRIGERANTE PEAK 50\/50 cuenta con una tecnolog\u00eda de refrigerante de larga duraci\u00f3n que es compatible para su uso en todos los autom\u00f3viles.","og_url":"https:\/\/lubrimas.pe\/tienda\/refrigerantes\/k-po-refrigerante-50-50-rojo-antifreeze-coolant-refrigerante-listo-para-usar\/","og_site_name":"Lubrimas.pe | Tienda Online","article_modified_time":"2025-12-31T18:58:17+00:00","og_image":[{"width":850,"height":1000,"url":"https:\/\/lubrimas.pe\/tienda\/wp-content\/uploads\/sites\/3\/2023\/08\/lubrimas_pe-lubrimasperu-refrigerante-k-po-50-50-losolivos-lima-peru.webp","type":"image\/webp"}],"twitter_card":"summary_large_image","twitter_misc":{"Tiempo de lectura":"1 minuto"},"schema":{"@context":"https:\/\/schema.org","@graph":[{"@type":["WebPage","ItemPage"],"@id":"https:\/\/lubrimas.pe\/tienda\/refrigerantes\/k-po-refrigerante-50-50-rojo-antifreeze-coolant-refrigerante-listo-para-usar\/","url":"https:\/\/lubrimas.pe\/tienda\/refrigerantes\/k-po-refrigerante-50-50-rojo-antifreeze-coolant-refrigerante-listo-para-usar\/","name":"K-PO REFRIGERANTE 50\/50 ROJO (ANTIFREEZE + COOLANT) - Refrigerante listo para usar | Lubrimas.pe | Tienda Online","isPartOf":{"@id":"https:\/\/lubrimas.pe\/tienda\/#website"},"primaryImageOfPage":{"@id":"https:\/\/lubrimas.pe\/tienda\/refrigerantes\/k-po-refrigerante-50-50-rojo-antifreeze-coolant-refrigerante-listo-para-usar\/#primaryimage"},"image":{"@id":"https:\/\/lubrimas.pe\/tienda\/refrigerantes\/k-po-refrigerante-50-50-rojo-antifreeze-coolant-refrigerante-listo-para-usar\/#primaryimage"},"thumbnailUrl":"https:\/\/lubrimas.pe\/tienda\/wp-content\/uploads\/sites\/3\/2023\/08\/lubrimas_pe-lubrimasperu-refrigerante-k-po-50-50-losolivos-lima-peru.webp","datePublished":"2023-08-17T18:47:27+00:00","dateModified":"2025-12-31T18:58:17+00:00","description":"REFRIGERANTE PEAK 50\/50 cuenta con una tecnolog\u00eda de refrigerante de larga duraci\u00f3n que es compatible para su uso en todos los autom\u00f3viles.","breadcrumb":{"@id":"https:\/\/lubrimas.pe\/tienda\/refrigerantes\/k-po-refrigerante-50-50-rojo-antifreeze-coolant-refrigerante-listo-para-usar\/#breadcrumb"},"inLanguage":"es","potentialAction":[{"@type":"ReadAction","target":["https:\/\/lubrimas.pe\/tienda\/refrigerantes\/k-po-refrigerante-50-50-rojo-antifreeze-coolant-refrigerante-listo-para-usar\/"]}]},{"@type":"ImageObject","inLanguage":"es","@id":"https:\/\/lubrimas.pe\/tienda\/refrigerantes\/k-po-refrigerante-50-50-rojo-antifreeze-coolant-refrigerante-listo-para-usar\/#primaryimage","url":"https:\/\/lubrimas.pe\/tienda\/wp-content\/uploads\/sites\/3\/2023\/08\/lubrimas_pe-lubrimasperu-refrigerante-k-po-50-50-losolivos-lima-peru.webp","contentUrl":"https:\/\/lubrimas.pe\/tienda\/wp-content\/uploads\/sites\/3\/2023\/08\/lubrimas_pe-lubrimasperu-refrigerante-k-po-50-50-losolivos-lima-peru.webp","width":850,"height":1000},{"@type":"BreadcrumbList","@id":"https:\/\/lubrimas.pe\/tienda\/refrigerantes\/k-po-refrigerante-50-50-rojo-antifreeze-coolant-refrigerante-listo-para-usar\/#breadcrumb","itemListElement":[{"@type":"ListItem","position":1,"name":"Portada","item":"https:\/\/lubrimas.pe\/tienda\/"},{"@type":"ListItem","position":2,"name":"Cat\u00e1logo","item":"https:\/\/lubrimas.pe\/tienda\/productos\/"},{"@type":"ListItem","position":3,"name":"K-PO REFRIGERANTE 50\/50 ROJO (ANTIFREEZE + COOLANT) &#8211; Refrigerante listo para usar"}]},{"@type":"WebSite","@id":"https:\/\/lubrimas.pe\/tienda\/#website","url":"https:\/\/lubrimas.pe\/tienda\/","name":"Lubrimas.pe | Tienda Online","description":"Tus lubricantes favoritos al mejor precio!","publisher":{"@id":"https:\/\/lubrimas.pe\/tienda\/#organization"},"potentialAction":[{"@type":"SearchAction","target":{"@type":"EntryPoint","urlTemplate":"https:\/\/lubrimas.pe\/tienda\/?s={search_term_string}"},"query-input":{"@type":"PropertyValueSpecification","valueRequired":true,"valueName":"search_term_string"}}],"inLanguage":"es"},{"@type":"Organization","@id":"https:\/\/lubrimas.pe\/tienda\/#organization","name":"Lubrimas.pe","url":"https:\/\/lubrimas.pe\/tienda\/","logo":{"@type":"ImageObject","inLanguage":"es","@id":"https:\/\/lubrimas.pe\/tienda\/#\/schema\/logo\/image\/","url":"https:\/\/lubrimas.pe\/tienda\/wp-content\/uploads\/sites\/3\/2022\/07\/BANNERS-PROMO-CYBER-WOW-LUBRIMASPE-2022-07.webp","contentUrl":"https:\/\/lubrimas.pe\/tienda\/wp-content\/uploads\/sites\/3\/2022\/07\/BANNERS-PROMO-CYBER-WOW-LUBRIMASPE-2022-07.webp","width":500,"height":752,"caption":"Lubrimas.pe"},"image":{"@id":"https:\/\/lubrimas.pe\/tienda\/#\/schema\/logo\/image\/"}}]}},"_links":{"self":[{"href":"https:\/\/lubrimas.pe\/tienda\/wp-json\/wp\/v2\/product\/13456","targetHints":{"allow":["GET"]}}],"collection":[{"href":"https:\/\/lubrimas.pe\/tienda\/wp-json\/wp\/v2\/product"}],"about":[{"href":"https:\/\/lubrimas.pe\/tienda\/wp-json\/wp\/v2\/types\/product"}],"wp:featuredmedia":[{"embeddable":true,"href":"https:\/\/lubrimas.pe\/tienda\/wp-json\/wp\/v2\/media\/13459"}],"wp:attachment":[{"href":"https:\/\/lubrimas.pe\/tienda\/wp-json\/wp\/v2\/media?parent=13456"}],"wp:term":[{"taxonomy":"product_brand","embeddable":true,"href":"https:\/\/lubrimas.pe\/tienda\/wp-json\/wp\/v2\/product_brand?post=13456"},{"taxonomy":"product_cat","embeddable":true,"href":"https:\/\/lubrimas.pe\/tienda\/wp-json\/wp\/v2\/product_cat?post=13456"},{"taxonomy":"product_tag","embeddable":true,"href":"https:\/\/lubrimas.pe\/tienda\/wp-json\/wp\/v2\/product_tag?post=13456"}],"curies":[{"name":"wp","href":"https:\/\/api.w.org\/{rel}","templated":true}]}}