{"id":13569,"date":"2023-11-03T10:27:10","date_gmt":"2023-11-03T15:27:10","guid":{"rendered":"https:\/\/lubrimas.pe\/tienda\/?post_type=product&#038;p=13569"},"modified":"2024-09-13T11:13:29","modified_gmt":"2024-09-13T16:13:29","slug":"motul-limpieza-interna-de-motor-aditivo-de-limpieza-de-motor","status":"publish","type":"product","link":"https:\/\/lubrimas.pe\/tienda\/aditivos\/motul-limpieza-interna-de-motor-aditivo-de-limpieza-de-motor\/","title":{"rendered":"MOTUL ENGINE CLEAN &#8211; Aditivo de limpieza interna de motor"},"content":{"rendered":"<p><strong>MOTUL ENGINE CLEAN &#8211; LIMPIEZA INTERNA DE MOTOR<\/strong> est\u00e1 dise\u00f1ado para ser usado en todo tipo de motores Gasolina y Diesel, atmosf\u00e9ricos o turbo, con o sin sistemas de postratamiento de gases de escape, compatible con toda clase de combustibles. MOTUL LIMPIEZA INTERNA DE MOTOR limpia efectivamente dep\u00f3sitos y obstrucciones que aparecen en el motor. Las micropart\u00edculas removidas son evacuadas en el momento del cambio de aceite. MOTUL LIMPIEZA INTERIOR DE MOTOR proporciona una perfecta lubricaci\u00f3n durante el proceso de limpieza.<\/p>\n<p><strong>MOTUL LIMPIEZA INTERNA DE MOTOR <\/strong>es un aditivo para a\u00f1adir al aceite del motor antes del cambio Para motor Gasolina y\/o Diesel de turismo.<\/p>\n<blockquote><p>110793,110793,110793, ADITIVOS, MOTUL, ADITIVOS LUBRICANTES ALEMANES<\/p><\/blockquote>\n","protected":false},"excerpt":{"rendered":"<p>MOTUL ENGINE CLEAN &#8211; LIMPIEZA INTERNA DE MOTOR est\u00e1 dise\u00f1ado para ser usado en todo tipo de motores Gasolina y Diesel, atmosf\u00e9ricos o turbo, con o sin sistemas de postratamiento<\/p>\n","protected":false},"featured_media":14154,"template":"","meta":[],"product_brand":[],"product_cat":[152],"product_tag":[23,24,25],"class_list":{"0":"post-13569","1":"product","2":"type-product","3":"status-publish","4":"has-post-thumbnail","6":"product_cat-aditivos","7":"product_tag-aditivos-lubricantes-alemanes","8":"product_tag-liqui-moly","9":"product_tag-liquimoly","10":"pa_marca-liquimoly","11":"pa_ofertas-cyber","13":"first","14":"instock","15":"shipping-taxable","16":"purchasable","17":"product-type-variable","18":"has-default-attributes"},"yoast_head":"<!-- This site is optimized with the Yoast SEO plugin v27.4 - https:\/\/yoast.com\/product\/yoast-seo-wordpress\/ -->\n<title>MOTUL ENGINE CLEAN - Aditivo de limpieza interna de motor | Lubrimas.pe | Tienda Online<\/title>\n<meta name=\"robots\" content=\"index, follow, max-snippet:-1, max-image-preview:large, max-video-preview:-1\" \/>\n<link rel=\"canonical\" href=\"https:\/\/lubrimas.pe\/tienda\/aditivos\/motul-limpieza-interna-de-motor-aditivo-de-limpieza-de-motor\/\" \/>\n<meta property=\"og:locale\" content=\"es_ES\" \/>\n<meta property=\"og:type\" content=\"article\" \/>\n<meta property=\"og:title\" content=\"MOTUL ENGINE CLEAN - Aditivo de limpieza interna de motor | Lubrimas.pe | Tienda Online\" \/>\n<meta property=\"og:description\" content=\"MOTUL ENGINE CLEAN &#8211; LIMPIEZA INTERNA DE MOTOR est\u00e1 dise\u00f1ado para ser usado en todo tipo de motores Gasolina y Diesel, atmosf\u00e9ricos o turbo, con o sin sistemas de postratamiento\" \/>\n<meta property=\"og:url\" content=\"https:\/\/lubrimas.pe\/tienda\/aditivos\/motul-limpieza-interna-de-motor-aditivo-de-limpieza-de-motor\/\" \/>\n<meta property=\"og:site_name\" content=\"Lubrimas.pe | Tienda Online\" \/>\n<meta property=\"article:modified_time\" content=\"2024-09-13T16:13:29+00:00\" \/>\n<meta property=\"og:image\" content=\"https:\/\/lubrimas.pe\/tienda\/wp-content\/uploads\/sites\/3\/2023\/11\/lubrimas_pe-lubrimasperu-aditivo-limpieza-intenra-motor-motul-engine-clean-losolivos-lima-peru.webp\" \/>\n\t<meta property=\"og:image:width\" content=\"850\" \/>\n\t<meta property=\"og:image:height\" content=\"1000\" \/>\n\t<meta property=\"og:image:type\" content=\"image\/webp\" \/>\n<meta name=\"twitter:card\" content=\"summary_large_image\" \/>\n<meta name=\"twitter:label1\" content=\"Tiempo de lectura\" \/>\n\t<meta name=\"twitter:data1\" content=\"1 minuto\" \/>\n<script type=\"application\/ld+json\" class=\"yoast-schema-graph\">{\"@context\":\"https:\\\/\\\/schema.org\",\"@graph\":[{\"@type\":[\"WebPage\",\"ItemPage\"],\"@id\":\"https:\\\/\\\/lubrimas.pe\\\/tienda\\\/aditivos\\\/motul-limpieza-interna-de-motor-aditivo-de-limpieza-de-motor\\\/\",\"url\":\"https:\\\/\\\/lubrimas.pe\\\/tienda\\\/aditivos\\\/motul-limpieza-interna-de-motor-aditivo-de-limpieza-de-motor\\\/\",\"name\":\"MOTUL ENGINE CLEAN - Aditivo de limpieza interna de motor | Lubrimas.pe | Tienda Online\",\"isPartOf\":{\"@id\":\"https:\\\/\\\/lubrimas.pe\\\/tienda\\\/#website\"},\"primaryImageOfPage\":{\"@id\":\"https:\\\/\\\/lubrimas.pe\\\/tienda\\\/aditivos\\\/motul-limpieza-interna-de-motor-aditivo-de-limpieza-de-motor\\\/#primaryimage\"},\"image\":{\"@id\":\"https:\\\/\\\/lubrimas.pe\\\/tienda\\\/aditivos\\\/motul-limpieza-interna-de-motor-aditivo-de-limpieza-de-motor\\\/#primaryimage\"},\"thumbnailUrl\":\"https:\\\/\\\/lubrimas.pe\\\/tienda\\\/wp-content\\\/uploads\\\/sites\\\/3\\\/2023\\\/11\\\/lubrimas_pe-lubrimasperu-aditivo-limpieza-intenra-motor-motul-engine-clean-losolivos-lima-peru.webp\",\"datePublished\":\"2023-11-03T15:27:10+00:00\",\"dateModified\":\"2024-09-13T16:13:29+00:00\",\"breadcrumb\":{\"@id\":\"https:\\\/\\\/lubrimas.pe\\\/tienda\\\/aditivos\\\/motul-limpieza-interna-de-motor-aditivo-de-limpieza-de-motor\\\/#breadcrumb\"},\"inLanguage\":\"es\",\"potentialAction\":[{\"@type\":\"ReadAction\",\"target\":[\"https:\\\/\\\/lubrimas.pe\\\/tienda\\\/aditivos\\\/motul-limpieza-interna-de-motor-aditivo-de-limpieza-de-motor\\\/\"]}]},{\"@type\":\"ImageObject\",\"inLanguage\":\"es\",\"@id\":\"https:\\\/\\\/lubrimas.pe\\\/tienda\\\/aditivos\\\/motul-limpieza-interna-de-motor-aditivo-de-limpieza-de-motor\\\/#primaryimage\",\"url\":\"https:\\\/\\\/lubrimas.pe\\\/tienda\\\/wp-content\\\/uploads\\\/sites\\\/3\\\/2023\\\/11\\\/lubrimas_pe-lubrimasperu-aditivo-limpieza-intenra-motor-motul-engine-clean-losolivos-lima-peru.webp\",\"contentUrl\":\"https:\\\/\\\/lubrimas.pe\\\/tienda\\\/wp-content\\\/uploads\\\/sites\\\/3\\\/2023\\\/11\\\/lubrimas_pe-lubrimasperu-aditivo-limpieza-intenra-motor-motul-engine-clean-losolivos-lima-peru.webp\",\"width\":850,\"height\":1000},{\"@type\":\"BreadcrumbList\",\"@id\":\"https:\\\/\\\/lubrimas.pe\\\/tienda\\\/aditivos\\\/motul-limpieza-interna-de-motor-aditivo-de-limpieza-de-motor\\\/#breadcrumb\",\"itemListElement\":[{\"@type\":\"ListItem\",\"position\":1,\"name\":\"Portada\",\"item\":\"https:\\\/\\\/lubrimas.pe\\\/tienda\\\/\"},{\"@type\":\"ListItem\",\"position\":2,\"name\":\"Cat\u00e1logo\",\"item\":\"https:\\\/\\\/lubrimas.pe\\\/tienda\\\/productos\\\/\"},{\"@type\":\"ListItem\",\"position\":3,\"name\":\"MOTUL ENGINE CLEAN &#8211; Aditivo de limpieza interna de motor\"}]},{\"@type\":\"WebSite\",\"@id\":\"https:\\\/\\\/lubrimas.pe\\\/tienda\\\/#website\",\"url\":\"https:\\\/\\\/lubrimas.pe\\\/tienda\\\/\",\"name\":\"Lubrimas.pe | Tienda Online\",\"description\":\"Tus lubricantes favoritos al mejor precio!\",\"publisher\":{\"@id\":\"https:\\\/\\\/lubrimas.pe\\\/tienda\\\/#organization\"},\"potentialAction\":[{\"@type\":\"SearchAction\",\"target\":{\"@type\":\"EntryPoint\",\"urlTemplate\":\"https:\\\/\\\/lubrimas.pe\\\/tienda\\\/?s={search_term_string}\"},\"query-input\":{\"@type\":\"PropertyValueSpecification\",\"valueRequired\":true,\"valueName\":\"search_term_string\"}}],\"inLanguage\":\"es\"},{\"@type\":\"Organization\",\"@id\":\"https:\\\/\\\/lubrimas.pe\\\/tienda\\\/#organization\",\"name\":\"Lubrimas.pe\",\"url\":\"https:\\\/\\\/lubrimas.pe\\\/tienda\\\/\",\"logo\":{\"@type\":\"ImageObject\",\"inLanguage\":\"es\",\"@id\":\"https:\\\/\\\/lubrimas.pe\\\/tienda\\\/#\\\/schema\\\/logo\\\/image\\\/\",\"url\":\"https:\\\/\\\/lubrimas.pe\\\/tienda\\\/wp-content\\\/uploads\\\/sites\\\/3\\\/2022\\\/07\\\/BANNERS-PROMO-CYBER-WOW-LUBRIMASPE-2022-07.webp\",\"contentUrl\":\"https:\\\/\\\/lubrimas.pe\\\/tienda\\\/wp-content\\\/uploads\\\/sites\\\/3\\\/2022\\\/07\\\/BANNERS-PROMO-CYBER-WOW-LUBRIMASPE-2022-07.webp\",\"width\":500,\"height\":752,\"caption\":\"Lubrimas.pe\"},\"image\":{\"@id\":\"https:\\\/\\\/lubrimas.pe\\\/tienda\\\/#\\\/schema\\\/logo\\\/image\\\/\"}}]}<\/script>\n<!-- \/ Yoast SEO plugin. -->","yoast_head_json":{"title":"MOTUL ENGINE CLEAN - Aditivo de limpieza interna de motor | Lubrimas.pe | Tienda Online","robots":{"index":"index","follow":"follow","max-snippet":"max-snippet:-1","max-image-preview":"max-image-preview:large","max-video-preview":"max-video-preview:-1"},"canonical":"https:\/\/lubrimas.pe\/tienda\/aditivos\/motul-limpieza-interna-de-motor-aditivo-de-limpieza-de-motor\/","og_locale":"es_ES","og_type":"article","og_title":"MOTUL ENGINE CLEAN - Aditivo de limpieza interna de motor | Lubrimas.pe | Tienda Online","og_description":"MOTUL ENGINE CLEAN &#8211; LIMPIEZA INTERNA DE MOTOR est\u00e1 dise\u00f1ado para ser usado en todo tipo de motores Gasolina y Diesel, atmosf\u00e9ricos o turbo, con o sin sistemas de postratamiento","og_url":"https:\/\/lubrimas.pe\/tienda\/aditivos\/motul-limpieza-interna-de-motor-aditivo-de-limpieza-de-motor\/","og_site_name":"Lubrimas.pe | Tienda Online","article_modified_time":"2024-09-13T16:13:29+00:00","og_image":[{"width":850,"height":1000,"url":"https:\/\/lubrimas.pe\/tienda\/wp-content\/uploads\/sites\/3\/2023\/11\/lubrimas_pe-lubrimasperu-aditivo-limpieza-intenra-motor-motul-engine-clean-losolivos-lima-peru.webp","type":"image\/webp"}],"twitter_card":"summary_large_image","twitter_misc":{"Tiempo de lectura":"1 minuto"},"schema":{"@context":"https:\/\/schema.org","@graph":[{"@type":["WebPage","ItemPage"],"@id":"https:\/\/lubrimas.pe\/tienda\/aditivos\/motul-limpieza-interna-de-motor-aditivo-de-limpieza-de-motor\/","url":"https:\/\/lubrimas.pe\/tienda\/aditivos\/motul-limpieza-interna-de-motor-aditivo-de-limpieza-de-motor\/","name":"MOTUL ENGINE CLEAN - Aditivo de limpieza interna de motor | Lubrimas.pe | Tienda Online","isPartOf":{"@id":"https:\/\/lubrimas.pe\/tienda\/#website"},"primaryImageOfPage":{"@id":"https:\/\/lubrimas.pe\/tienda\/aditivos\/motul-limpieza-interna-de-motor-aditivo-de-limpieza-de-motor\/#primaryimage"},"image":{"@id":"https:\/\/lubrimas.pe\/tienda\/aditivos\/motul-limpieza-interna-de-motor-aditivo-de-limpieza-de-motor\/#primaryimage"},"thumbnailUrl":"https:\/\/lubrimas.pe\/tienda\/wp-content\/uploads\/sites\/3\/2023\/11\/lubrimas_pe-lubrimasperu-aditivo-limpieza-intenra-motor-motul-engine-clean-losolivos-lima-peru.webp","datePublished":"2023-11-03T15:27:10+00:00","dateModified":"2024-09-13T16:13:29+00:00","breadcrumb":{"@id":"https:\/\/lubrimas.pe\/tienda\/aditivos\/motul-limpieza-interna-de-motor-aditivo-de-limpieza-de-motor\/#breadcrumb"},"inLanguage":"es","potentialAction":[{"@type":"ReadAction","target":["https:\/\/lubrimas.pe\/tienda\/aditivos\/motul-limpieza-interna-de-motor-aditivo-de-limpieza-de-motor\/"]}]},{"@type":"ImageObject","inLanguage":"es","@id":"https:\/\/lubrimas.pe\/tienda\/aditivos\/motul-limpieza-interna-de-motor-aditivo-de-limpieza-de-motor\/#primaryimage","url":"https:\/\/lubrimas.pe\/tienda\/wp-content\/uploads\/sites\/3\/2023\/11\/lubrimas_pe-lubrimasperu-aditivo-limpieza-intenra-motor-motul-engine-clean-losolivos-lima-peru.webp","contentUrl":"https:\/\/lubrimas.pe\/tienda\/wp-content\/uploads\/sites\/3\/2023\/11\/lubrimas_pe-lubrimasperu-aditivo-limpieza-intenra-motor-motul-engine-clean-losolivos-lima-peru.webp","width":850,"height":1000},{"@type":"BreadcrumbList","@id":"https:\/\/lubrimas.pe\/tienda\/aditivos\/motul-limpieza-interna-de-motor-aditivo-de-limpieza-de-motor\/#breadcrumb","itemListElement":[{"@type":"ListItem","position":1,"name":"Portada","item":"https:\/\/lubrimas.pe\/tienda\/"},{"@type":"ListItem","position":2,"name":"Cat\u00e1logo","item":"https:\/\/lubrimas.pe\/tienda\/productos\/"},{"@type":"ListItem","position":3,"name":"MOTUL ENGINE CLEAN &#8211; Aditivo de limpieza interna de motor"}]},{"@type":"WebSite","@id":"https:\/\/lubrimas.pe\/tienda\/#website","url":"https:\/\/lubrimas.pe\/tienda\/","name":"Lubrimas.pe | Tienda Online","description":"Tus lubricantes favoritos al mejor precio!","publisher":{"@id":"https:\/\/lubrimas.pe\/tienda\/#organization"},"potentialAction":[{"@type":"SearchAction","target":{"@type":"EntryPoint","urlTemplate":"https:\/\/lubrimas.pe\/tienda\/?s={search_term_string}"},"query-input":{"@type":"PropertyValueSpecification","valueRequired":true,"valueName":"search_term_string"}}],"inLanguage":"es"},{"@type":"Organization","@id":"https:\/\/lubrimas.pe\/tienda\/#organization","name":"Lubrimas.pe","url":"https:\/\/lubrimas.pe\/tienda\/","logo":{"@type":"ImageObject","inLanguage":"es","@id":"https:\/\/lubrimas.pe\/tienda\/#\/schema\/logo\/image\/","url":"https:\/\/lubrimas.pe\/tienda\/wp-content\/uploads\/sites\/3\/2022\/07\/BANNERS-PROMO-CYBER-WOW-LUBRIMASPE-2022-07.webp","contentUrl":"https:\/\/lubrimas.pe\/tienda\/wp-content\/uploads\/sites\/3\/2022\/07\/BANNERS-PROMO-CYBER-WOW-LUBRIMASPE-2022-07.webp","width":500,"height":752,"caption":"Lubrimas.pe"},"image":{"@id":"https:\/\/lubrimas.pe\/tienda\/#\/schema\/logo\/image\/"}}]}},"_links":{"self":[{"href":"https:\/\/lubrimas.pe\/tienda\/wp-json\/wp\/v2\/product\/13569","targetHints":{"allow":["GET"]}}],"collection":[{"href":"https:\/\/lubrimas.pe\/tienda\/wp-json\/wp\/v2\/product"}],"about":[{"href":"https:\/\/lubrimas.pe\/tienda\/wp-json\/wp\/v2\/types\/product"}],"wp:featuredmedia":[{"embeddable":true,"href":"https:\/\/lubrimas.pe\/tienda\/wp-json\/wp\/v2\/media\/14154"}],"wp:attachment":[{"href":"https:\/\/lubrimas.pe\/tienda\/wp-json\/wp\/v2\/media?parent=13569"}],"wp:term":[{"taxonomy":"product_brand","embeddable":true,"href":"https:\/\/lubrimas.pe\/tienda\/wp-json\/wp\/v2\/product_brand?post=13569"},{"taxonomy":"product_cat","embeddable":true,"href":"https:\/\/lubrimas.pe\/tienda\/wp-json\/wp\/v2\/product_cat?post=13569"},{"taxonomy":"product_tag","embeddable":true,"href":"https:\/\/lubrimas.pe\/tienda\/wp-json\/wp\/v2\/product_tag?post=13569"}],"curies":[{"name":"wp","href":"https:\/\/api.w.org\/{rel}","templated":true}]}}