{"id":13734,"date":"2024-01-19T16:47:44","date_gmt":"2024-01-19T21:47:44","guid":{"rendered":"https:\/\/lubrimas.pe\/tienda\/?post_type=product&#038;p=13734"},"modified":"2025-08-18T13:55:26","modified_gmt":"2025-08-18T18:55:26","slug":"mannol-molibden-additive-9991","status":"publish","type":"product","link":"https:\/\/lubrimas.pe\/tienda\/caja-manual-mecanica\/mannol-molibden-additive-9991\/","title":{"rendered":"MANNOL Molibden Additive 9991"},"content":{"rendered":"<p>Un aditivo en aceite de motor y\/o transmisi\u00f3n (para transmisiones mec\u00e1nicas) para reducir la fricci\u00f3n y el desgaste, que es proporcionado por una dispersi\u00f3n coloidal extremadamente estable de disulfuro de molibdeno natural (MoS2) en el aceite base.\u00a0Forma una fuerte pel\u00edcula en capas con un efecto antifricci\u00f3n sin igual en todas las superficies de fricci\u00f3n, que persiste incluso cuando el aceite se pierde por completo.<\/p>\n<p><strong>Propiedades del producto:<\/strong><\/p>\n<ul>\n<li>Reduce de forma efectiva el coeficiente de fricci\u00f3n, reduciendo as\u00ed el par y, en consecuencia, la p\u00e9rdida de energ\u00eda, lo que permite un ahorro significativo de combustible;<\/li>\n<li>Reduce el desgaste y evita los atascos incluso con presiones y cargas elevadas, lo que prolonga significativamente la vida \u00fatil del motor y\/o de los componentes de la transmisi\u00f3n mec\u00e1nica;<\/li>\n<li>Tiene una alta estabilidad t\u00e9rmica, resistente a las altas temperaturas \u2013 hasta 350 \u00b0C;<\/li>\n<li>No forma dep\u00f3sitos y sedimentos;<\/li>\n<li>Compatible con todos los filtros (no obstruye sus poros) y sellos;<\/li>\n<li>Se mezcla con todo tipo de aceites (minerales, sint\u00e9ticos, etc.) y es adecuado para todos los motores de gasolina y di\u00e9sel de cuatro tiempos (atmosf\u00e9ricos o turboalimentados), con o sin sistemas de tratamiento de gases de escape;<\/li>\n<li>Previene da\u00f1os al motor y\/o transmisi\u00f3n como consecuencia de circunstancias extremas (fugas de aceite, cargas muy elevadas, sobrecalentamiento, etc.);<\/li>\n<li>Reduce el ruido del motor y\/o de la transmisi\u00f3n;<\/li>\n<li>Especialmente recomendado para equipos de generaciones anteriores.<\/li>\n<\/ul>\n<p>\u00a1Atenci\u00f3n!\u00a0El bisulfuro de molibdeno no es aplicable en algunas unidades, lo que siempre se advierte en las instrucciones de funcionamiento del equipo.<br \/>\n\u00a1Para la correcta aplicaci\u00f3n del aditivo, lea atentamente las instrucciones de funcionamiento del equipo!<br \/>\n\u00a1No lo use en transmisiones autom\u00e1ticas o en transmisiones con embragues h\u00famedos!<\/p>\n<p><strong>Aplicaci\u00f3n:<\/strong><\/p>\n<ul>\n<li>A\u00f1adir al motor o aceite de transmisi\u00f3n en cualquier momento arbitrario.<\/li>\n<\/ul>\n<p><strong>Recomendado para uso regular:<\/strong><\/p>\n<ul>\n<li>Agregue aditivo fresco al aceite cada cambio de aceite.<\/li>\n<\/ul>\n","protected":false},"excerpt":{"rendered":"<p>Un aditivo en aceite de motor y\/o transmisi\u00f3n (para transmisiones mec\u00e1nicas) para reducir la fricci\u00f3n y el desgaste, que es proporcionado por una dispersi\u00f3n coloidal extremadamente estable de disulfuro de<\/p>\n","protected":false},"featured_media":13736,"template":"","meta":[],"product_brand":[],"product_cat":[152,28],"product_tag":[],"class_list":{"0":"post-13734","1":"product","2":"type-product","3":"status-publish","4":"has-post-thumbnail","6":"product_cat-aditivos","7":"product_cat-caja-manual-mecanica","8":"pa_marca-mannol","10":"first","11":"outofstock","12":"shipping-taxable","13":"purchasable","14":"product-type-variable","15":"has-default-attributes"},"yoast_head":"<!-- This site is optimized with the Yoast SEO plugin v27.5 - https:\/\/yoast.com\/product\/yoast-seo-wordpress\/ -->\n<title>MANNOL Molibden Additive 9991 | Lubrimas.pe | Tienda Online<\/title>\n<meta name=\"robots\" content=\"index, follow, max-snippet:-1, max-image-preview:large, max-video-preview:-1\" \/>\n<link rel=\"canonical\" href=\"https:\/\/lubrimas.pe\/tienda\/caja-manual-mecanica\/mannol-molibden-additive-9991\/\" \/>\n<meta property=\"og:locale\" content=\"es_ES\" \/>\n<meta property=\"og:type\" content=\"article\" \/>\n<meta property=\"og:title\" content=\"MANNOL Molibden Additive 9991 | Lubrimas.pe | Tienda Online\" \/>\n<meta property=\"og:description\" content=\"Un aditivo en aceite de motor y\/o transmisi\u00f3n (para transmisiones mec\u00e1nicas) para reducir la fricci\u00f3n y el desgaste, que es proporcionado por una dispersi\u00f3n coloidal extremadamente estable de disulfuro de\" \/>\n<meta property=\"og:url\" content=\"https:\/\/lubrimas.pe\/tienda\/caja-manual-mecanica\/mannol-molibden-additive-9991\/\" \/>\n<meta property=\"og:site_name\" content=\"Lubrimas.pe | Tienda Online\" \/>\n<meta property=\"article:modified_time\" content=\"2025-08-18T18:55:26+00:00\" \/>\n<meta property=\"og:image\" content=\"https:\/\/lubrimas.pe\/tienda\/wp-content\/uploads\/sites\/3\/2024\/01\/lubrimaspe-mannol-molibden-additive-9991.webp\" \/>\n\t<meta property=\"og:image:width\" content=\"850\" \/>\n\t<meta property=\"og:image:height\" content=\"1000\" \/>\n\t<meta property=\"og:image:type\" content=\"image\/webp\" \/>\n<meta name=\"twitter:card\" content=\"summary_large_image\" \/>\n<meta name=\"twitter:label1\" content=\"Tiempo de lectura\" \/>\n\t<meta name=\"twitter:data1\" content=\"2 minutos\" \/>\n<script type=\"application\/ld+json\" class=\"yoast-schema-graph\">{\"@context\":\"https:\\\/\\\/schema.org\",\"@graph\":[{\"@type\":[\"WebPage\",\"ItemPage\"],\"@id\":\"https:\\\/\\\/lubrimas.pe\\\/tienda\\\/caja-manual-mecanica\\\/mannol-molibden-additive-9991\\\/\",\"url\":\"https:\\\/\\\/lubrimas.pe\\\/tienda\\\/caja-manual-mecanica\\\/mannol-molibden-additive-9991\\\/\",\"name\":\"MANNOL Molibden Additive 9991 | Lubrimas.pe | Tienda Online\",\"isPartOf\":{\"@id\":\"https:\\\/\\\/lubrimas.pe\\\/tienda\\\/#website\"},\"primaryImageOfPage\":{\"@id\":\"https:\\\/\\\/lubrimas.pe\\\/tienda\\\/caja-manual-mecanica\\\/mannol-molibden-additive-9991\\\/#primaryimage\"},\"image\":{\"@id\":\"https:\\\/\\\/lubrimas.pe\\\/tienda\\\/caja-manual-mecanica\\\/mannol-molibden-additive-9991\\\/#primaryimage\"},\"thumbnailUrl\":\"https:\\\/\\\/lubrimas.pe\\\/tienda\\\/wp-content\\\/uploads\\\/sites\\\/3\\\/2024\\\/01\\\/lubrimaspe-mannol-molibden-additive-9991.webp\",\"datePublished\":\"2024-01-19T21:47:44+00:00\",\"dateModified\":\"2025-08-18T18:55:26+00:00\",\"breadcrumb\":{\"@id\":\"https:\\\/\\\/lubrimas.pe\\\/tienda\\\/caja-manual-mecanica\\\/mannol-molibden-additive-9991\\\/#breadcrumb\"},\"inLanguage\":\"es\",\"potentialAction\":[{\"@type\":\"ReadAction\",\"target\":[\"https:\\\/\\\/lubrimas.pe\\\/tienda\\\/caja-manual-mecanica\\\/mannol-molibden-additive-9991\\\/\"]}]},{\"@type\":\"ImageObject\",\"inLanguage\":\"es\",\"@id\":\"https:\\\/\\\/lubrimas.pe\\\/tienda\\\/caja-manual-mecanica\\\/mannol-molibden-additive-9991\\\/#primaryimage\",\"url\":\"https:\\\/\\\/lubrimas.pe\\\/tienda\\\/wp-content\\\/uploads\\\/sites\\\/3\\\/2024\\\/01\\\/lubrimaspe-mannol-molibden-additive-9991.webp\",\"contentUrl\":\"https:\\\/\\\/lubrimas.pe\\\/tienda\\\/wp-content\\\/uploads\\\/sites\\\/3\\\/2024\\\/01\\\/lubrimaspe-mannol-molibden-additive-9991.webp\",\"width\":850,\"height\":1000},{\"@type\":\"BreadcrumbList\",\"@id\":\"https:\\\/\\\/lubrimas.pe\\\/tienda\\\/caja-manual-mecanica\\\/mannol-molibden-additive-9991\\\/#breadcrumb\",\"itemListElement\":[{\"@type\":\"ListItem\",\"position\":1,\"name\":\"Portada\",\"item\":\"https:\\\/\\\/lubrimas.pe\\\/tienda\\\/\"},{\"@type\":\"ListItem\",\"position\":2,\"name\":\"Cat\u00e1logo\",\"item\":\"https:\\\/\\\/lubrimas.pe\\\/tienda\\\/productos\\\/\"},{\"@type\":\"ListItem\",\"position\":3,\"name\":\"MANNOL Molibden Additive 9991\"}]},{\"@type\":\"WebSite\",\"@id\":\"https:\\\/\\\/lubrimas.pe\\\/tienda\\\/#website\",\"url\":\"https:\\\/\\\/lubrimas.pe\\\/tienda\\\/\",\"name\":\"Lubrimas.pe | Tienda Online\",\"description\":\"Tus lubricantes favoritos al mejor precio!\",\"publisher\":{\"@id\":\"https:\\\/\\\/lubrimas.pe\\\/tienda\\\/#organization\"},\"potentialAction\":[{\"@type\":\"SearchAction\",\"target\":{\"@type\":\"EntryPoint\",\"urlTemplate\":\"https:\\\/\\\/lubrimas.pe\\\/tienda\\\/?s={search_term_string}\"},\"query-input\":{\"@type\":\"PropertyValueSpecification\",\"valueRequired\":true,\"valueName\":\"search_term_string\"}}],\"inLanguage\":\"es\"},{\"@type\":\"Organization\",\"@id\":\"https:\\\/\\\/lubrimas.pe\\\/tienda\\\/#organization\",\"name\":\"Lubrimas.pe\",\"url\":\"https:\\\/\\\/lubrimas.pe\\\/tienda\\\/\",\"logo\":{\"@type\":\"ImageObject\",\"inLanguage\":\"es\",\"@id\":\"https:\\\/\\\/lubrimas.pe\\\/tienda\\\/#\\\/schema\\\/logo\\\/image\\\/\",\"url\":\"https:\\\/\\\/lubrimas.pe\\\/tienda\\\/wp-content\\\/uploads\\\/sites\\\/3\\\/2022\\\/07\\\/BANNERS-PROMO-CYBER-WOW-LUBRIMASPE-2022-07.webp\",\"contentUrl\":\"https:\\\/\\\/lubrimas.pe\\\/tienda\\\/wp-content\\\/uploads\\\/sites\\\/3\\\/2022\\\/07\\\/BANNERS-PROMO-CYBER-WOW-LUBRIMASPE-2022-07.webp\",\"width\":500,\"height\":752,\"caption\":\"Lubrimas.pe\"},\"image\":{\"@id\":\"https:\\\/\\\/lubrimas.pe\\\/tienda\\\/#\\\/schema\\\/logo\\\/image\\\/\"}}]}<\/script>\n<!-- \/ Yoast SEO plugin. -->","yoast_head_json":{"title":"MANNOL Molibden Additive 9991 | Lubrimas.pe | Tienda Online","robots":{"index":"index","follow":"follow","max-snippet":"max-snippet:-1","max-image-preview":"max-image-preview:large","max-video-preview":"max-video-preview:-1"},"canonical":"https:\/\/lubrimas.pe\/tienda\/caja-manual-mecanica\/mannol-molibden-additive-9991\/","og_locale":"es_ES","og_type":"article","og_title":"MANNOL Molibden Additive 9991 | Lubrimas.pe | Tienda Online","og_description":"Un aditivo en aceite de motor y\/o transmisi\u00f3n (para transmisiones mec\u00e1nicas) para reducir la fricci\u00f3n y el desgaste, que es proporcionado por una dispersi\u00f3n coloidal extremadamente estable de disulfuro de","og_url":"https:\/\/lubrimas.pe\/tienda\/caja-manual-mecanica\/mannol-molibden-additive-9991\/","og_site_name":"Lubrimas.pe | Tienda Online","article_modified_time":"2025-08-18T18:55:26+00:00","og_image":[{"width":850,"height":1000,"url":"https:\/\/lubrimas.pe\/tienda\/wp-content\/uploads\/sites\/3\/2024\/01\/lubrimaspe-mannol-molibden-additive-9991.webp","type":"image\/webp"}],"twitter_card":"summary_large_image","twitter_misc":{"Tiempo de lectura":"2 minutos"},"schema":{"@context":"https:\/\/schema.org","@graph":[{"@type":["WebPage","ItemPage"],"@id":"https:\/\/lubrimas.pe\/tienda\/caja-manual-mecanica\/mannol-molibden-additive-9991\/","url":"https:\/\/lubrimas.pe\/tienda\/caja-manual-mecanica\/mannol-molibden-additive-9991\/","name":"MANNOL Molibden Additive 9991 | Lubrimas.pe | Tienda Online","isPartOf":{"@id":"https:\/\/lubrimas.pe\/tienda\/#website"},"primaryImageOfPage":{"@id":"https:\/\/lubrimas.pe\/tienda\/caja-manual-mecanica\/mannol-molibden-additive-9991\/#primaryimage"},"image":{"@id":"https:\/\/lubrimas.pe\/tienda\/caja-manual-mecanica\/mannol-molibden-additive-9991\/#primaryimage"},"thumbnailUrl":"https:\/\/lubrimas.pe\/tienda\/wp-content\/uploads\/sites\/3\/2024\/01\/lubrimaspe-mannol-molibden-additive-9991.webp","datePublished":"2024-01-19T21:47:44+00:00","dateModified":"2025-08-18T18:55:26+00:00","breadcrumb":{"@id":"https:\/\/lubrimas.pe\/tienda\/caja-manual-mecanica\/mannol-molibden-additive-9991\/#breadcrumb"},"inLanguage":"es","potentialAction":[{"@type":"ReadAction","target":["https:\/\/lubrimas.pe\/tienda\/caja-manual-mecanica\/mannol-molibden-additive-9991\/"]}]},{"@type":"ImageObject","inLanguage":"es","@id":"https:\/\/lubrimas.pe\/tienda\/caja-manual-mecanica\/mannol-molibden-additive-9991\/#primaryimage","url":"https:\/\/lubrimas.pe\/tienda\/wp-content\/uploads\/sites\/3\/2024\/01\/lubrimaspe-mannol-molibden-additive-9991.webp","contentUrl":"https:\/\/lubrimas.pe\/tienda\/wp-content\/uploads\/sites\/3\/2024\/01\/lubrimaspe-mannol-molibden-additive-9991.webp","width":850,"height":1000},{"@type":"BreadcrumbList","@id":"https:\/\/lubrimas.pe\/tienda\/caja-manual-mecanica\/mannol-molibden-additive-9991\/#breadcrumb","itemListElement":[{"@type":"ListItem","position":1,"name":"Portada","item":"https:\/\/lubrimas.pe\/tienda\/"},{"@type":"ListItem","position":2,"name":"Cat\u00e1logo","item":"https:\/\/lubrimas.pe\/tienda\/productos\/"},{"@type":"ListItem","position":3,"name":"MANNOL Molibden Additive 9991"}]},{"@type":"WebSite","@id":"https:\/\/lubrimas.pe\/tienda\/#website","url":"https:\/\/lubrimas.pe\/tienda\/","name":"Lubrimas.pe | Tienda Online","description":"Tus lubricantes favoritos al mejor precio!","publisher":{"@id":"https:\/\/lubrimas.pe\/tienda\/#organization"},"potentialAction":[{"@type":"SearchAction","target":{"@type":"EntryPoint","urlTemplate":"https:\/\/lubrimas.pe\/tienda\/?s={search_term_string}"},"query-input":{"@type":"PropertyValueSpecification","valueRequired":true,"valueName":"search_term_string"}}],"inLanguage":"es"},{"@type":"Organization","@id":"https:\/\/lubrimas.pe\/tienda\/#organization","name":"Lubrimas.pe","url":"https:\/\/lubrimas.pe\/tienda\/","logo":{"@type":"ImageObject","inLanguage":"es","@id":"https:\/\/lubrimas.pe\/tienda\/#\/schema\/logo\/image\/","url":"https:\/\/lubrimas.pe\/tienda\/wp-content\/uploads\/sites\/3\/2022\/07\/BANNERS-PROMO-CYBER-WOW-LUBRIMASPE-2022-07.webp","contentUrl":"https:\/\/lubrimas.pe\/tienda\/wp-content\/uploads\/sites\/3\/2022\/07\/BANNERS-PROMO-CYBER-WOW-LUBRIMASPE-2022-07.webp","width":500,"height":752,"caption":"Lubrimas.pe"},"image":{"@id":"https:\/\/lubrimas.pe\/tienda\/#\/schema\/logo\/image\/"}}]}},"_links":{"self":[{"href":"https:\/\/lubrimas.pe\/tienda\/wp-json\/wp\/v2\/product\/13734","targetHints":{"allow":["GET"]}}],"collection":[{"href":"https:\/\/lubrimas.pe\/tienda\/wp-json\/wp\/v2\/product"}],"about":[{"href":"https:\/\/lubrimas.pe\/tienda\/wp-json\/wp\/v2\/types\/product"}],"wp:featuredmedia":[{"embeddable":true,"href":"https:\/\/lubrimas.pe\/tienda\/wp-json\/wp\/v2\/media\/13736"}],"wp:attachment":[{"href":"https:\/\/lubrimas.pe\/tienda\/wp-json\/wp\/v2\/media?parent=13734"}],"wp:term":[{"taxonomy":"product_brand","embeddable":true,"href":"https:\/\/lubrimas.pe\/tienda\/wp-json\/wp\/v2\/product_brand?post=13734"},{"taxonomy":"product_cat","embeddable":true,"href":"https:\/\/lubrimas.pe\/tienda\/wp-json\/wp\/v2\/product_cat?post=13734"},{"taxonomy":"product_tag","embeddable":true,"href":"https:\/\/lubrimas.pe\/tienda\/wp-json\/wp\/v2\/product_tag?post=13734"}],"curies":[{"name":"wp","href":"https:\/\/api.w.org\/{rel}","templated":true}]}}