{"id":14046,"date":"2024-07-05T11:44:57","date_gmt":"2024-07-05T16:44:57","guid":{"rendered":"https:\/\/lubrimas.pe\/tienda\/?post_type=product&#038;p=14046"},"modified":"2024-09-20T16:45:13","modified_gmt":"2024-09-20T21:45:13","slug":"motul-8100-5w40-x-cess-gen2-aceite-full-sintetico","status":"publish","type":"product","link":"https:\/\/lubrimas.pe\/tienda\/aceite-de-motor\/motul-8100-5w40-x-cess-gen2-aceite-full-sintetico\/","title":{"rendered":"MOTUL 8100 5W40 X-CESS GEN2 &#8211; Aceite Full Sint\u00e9tico"},"content":{"rendered":"<p><strong>MOTUL 8100 5W40 X-CESS<\/strong>\u00a0es un lubricante de altas prestaciones 100% sint\u00e9tico, especialmente dise\u00f1ado para veh\u00edculos antiguos y modernos, equipados con motores de gran cilindrada, gasolina y di\u00e9sel, turbo o atmosf\u00e9ricos, inyecci\u00f3n directa o indirecta.<br \/>\nLas numerosas homologaciones de fabricantes hacen de \u00e9l un producto polivalente recomendado para casi cualquier veh\u00edculo en periodo de garant\u00eda oficial.<br \/>\nMOTUL 8100 5W40 X-CESS es recomendado para todo tipo de combustibles, gasolina con o sin plomo, etanol, GPL, di\u00e9sel y biocombustibles.<br \/>\nCompatible con catalizadores (CAT).<\/p>\n<ul>\n<li class=\"columns small-6 medium-3\"><strong>VISCOSIDAD:<\/strong> 5W-40<\/li>\n<li class=\"columns small-6 medium-3\"><strong>NORMATIVAS ACEA:<\/strong> ACEA A3\/B4<\/li>\n<li class=\"columns small-6 medium-3\"><strong>NORMATIVAS API:<\/strong> API SERVICE SP<\/li>\n<li class=\"columns small-6 medium-3\"><strong>HOMOLOGACIONES OEM:<\/strong> BMW LL-01, MERCEDES-BENZ MB-APPROVAL 229.5, MERCEDES-BENZ MB-APPROVAL 226.5, PORSCHE A40, RENAULT RN0710 &#8211; RN0700, VW 502 00 505 00<\/li>\n<li class=\"columns small-6 medium-3\"><strong>OEM PERFORMANCES:<\/strong>SCHRYSLER MS 12991, FIAT 9.55535-H2, FIAT 9.55535-M2, FIAT 9.55535-N2, FIAT 9.55535-Z2, GENERAL MOTORS GM LL-B-025 (DIESEL), PSA GROUPE PSA B71 2296<\/li>\n<\/ul>\n<h5><strong>INFORMACI\u00d3N ADICIONAL<\/strong><\/h5>\n<div class=\"aditional-info-tecnical-lp\"><a href=\"https:\/\/azupim01.motul.com\/media\/motulData\/DO\/base\/8100_x-cess_gen2_5w-40_en_de_motul_17603_20240614.pdf\" target=\"_blank\" rel=\"noopener\">FICHA T\u00c9CNICA<\/a><br \/>\n<a href=\"https:\/\/www.motul.com\/mx\/es\/products\/8100-x-cess-gen2-5w-40\" target=\"_blank\" rel=\"noopener\">SITIO OFICIAL<\/a><\/div>\n<p>&nbsp;<\/p>\n<blockquote>\n<div>XCLEAN, X-CLEAN, X CLEAN, EX CLIN, 109774 ; 109775 ; 109776 ; 109777 ; 109778 ; 109779 ; 109780 ; 110270 ; 111107<\/div>\n<\/blockquote>\n","protected":false},"excerpt":{"rendered":"<p>MOTUL 8100 5W40 X-CESS\u00a0es un lubricante de altas prestaciones 100% sint\u00e9tico, especialmente dise\u00f1ado para veh\u00edculos antiguos y modernos, equipados con motores de gran cilindrada, gasolina y di\u00e9sel, turbo o atmosf\u00e9ricos,<\/p>\n","protected":false},"featured_media":14040,"template":"","meta":[],"product_brand":[],"product_cat":[16,22],"product_tag":[],"class_list":{"0":"post-14046","1":"product","2":"type-product","3":"status-publish","4":"has-post-thumbnail","6":"product_cat-aceite-de-motor","7":"product_cat-motor-gasolina-gas","8":"pa_grado-5w40","9":"pa_marca-motul","11":"first","12":"outofstock","13":"shipping-taxable","14":"purchasable","15":"product-type-variable","16":"has-default-attributes"},"yoast_head":"<!-- This site is optimized with the Yoast SEO plugin v27.1.1 - https:\/\/yoast.com\/product\/yoast-seo-wordpress\/ -->\n<title>MOTUL 8100 5W40 X-CESS - Exclusivo de Lubrimas.pe | Tienda Online<\/title>\n<meta name=\"description\" content=\"MOTUL 8100 5W40 X-CESS es un lubricante de altas prestaciones, recomendado para todo tipo de combustibles, gasolina, GPL, di\u00e9sel y m\u00e1s!\" \/>\n<meta name=\"robots\" content=\"index, follow, max-snippet:-1, max-image-preview:large, max-video-preview:-1\" \/>\n<link rel=\"canonical\" href=\"https:\/\/lubrimas.pe\/tienda\/aceite-de-motor\/motul-8100-5w40-x-cess-gen2-aceite-full-sintetico\/\" \/>\n<meta property=\"og:locale\" content=\"es_ES\" \/>\n<meta property=\"og:type\" content=\"article\" \/>\n<meta property=\"og:title\" content=\"MOTUL 8100 5W40 X-CESS - Exclusivo de Lubrimas.pe | Tienda Online\" \/>\n<meta property=\"og:description\" content=\"MOTUL 8100 5W40 X-CESS es un lubricante de altas prestaciones, recomendado para todo tipo de combustibles, gasolina, GPL, di\u00e9sel y m\u00e1s!\" \/>\n<meta property=\"og:url\" content=\"https:\/\/lubrimas.pe\/tienda\/aceite-de-motor\/motul-8100-5w40-x-cess-gen2-aceite-full-sintetico\/\" \/>\n<meta property=\"og:site_name\" content=\"Lubrimas.pe | Tienda Online\" \/>\n<meta property=\"article:modified_time\" content=\"2024-09-20T21:45:13+00:00\" \/>\n<meta property=\"og:image\" content=\"https:\/\/lubrimas.pe\/tienda\/wp-content\/uploads\/sites\/3\/2024\/07\/lubrimaspe_lubrimaspe_lubrimasperu-aceite-de-motor-motul-8100-x-cess-gen2-5w40-100-full-sintetico-4l-losolivos-lima-peru-1.webp\" \/>\n\t<meta property=\"og:image:width\" content=\"850\" \/>\n\t<meta property=\"og:image:height\" content=\"1000\" \/>\n\t<meta property=\"og:image:type\" content=\"image\/webp\" \/>\n<meta name=\"twitter:card\" content=\"summary_large_image\" \/>\n<meta name=\"twitter:label1\" content=\"Tiempo de lectura\" \/>\n\t<meta name=\"twitter:data1\" content=\"1 minuto\" \/>\n<script type=\"application\/ld+json\" class=\"yoast-schema-graph\">{\"@context\":\"https:\/\/schema.org\",\"@graph\":[{\"@type\":[\"WebPage\",\"ItemPage\"],\"@id\":\"https:\/\/lubrimas.pe\/tienda\/aceite-de-motor\/motul-8100-5w40-x-cess-gen2-aceite-full-sintetico\/\",\"url\":\"https:\/\/lubrimas.pe\/tienda\/aceite-de-motor\/motul-8100-5w40-x-cess-gen2-aceite-full-sintetico\/\",\"name\":\"MOTUL 8100 5W40 X-CESS - Exclusivo de Lubrimas.pe | Tienda Online\",\"isPartOf\":{\"@id\":\"https:\/\/lubrimas.pe\/tienda\/#website\"},\"primaryImageOfPage\":{\"@id\":\"https:\/\/lubrimas.pe\/tienda\/aceite-de-motor\/motul-8100-5w40-x-cess-gen2-aceite-full-sintetico\/#primaryimage\"},\"image\":{\"@id\":\"https:\/\/lubrimas.pe\/tienda\/aceite-de-motor\/motul-8100-5w40-x-cess-gen2-aceite-full-sintetico\/#primaryimage\"},\"thumbnailUrl\":\"https:\/\/lubrimas.pe\/tienda\/wp-content\/uploads\/sites\/3\/2024\/07\/lubrimaspe_lubrimaspe_lubrimasperu-aceite-de-motor-motul-8100-x-cess-gen2-5w40-100-full-sintetico-4l-losolivos-lima-peru-1.webp\",\"datePublished\":\"2024-07-05T16:44:57+00:00\",\"dateModified\":\"2024-09-20T21:45:13+00:00\",\"description\":\"MOTUL 8100 5W40 X-CESS es un lubricante de altas prestaciones, recomendado para todo tipo de combustibles, gasolina, GPL, di\u00e9sel y m\u00e1s!\",\"breadcrumb\":{\"@id\":\"https:\/\/lubrimas.pe\/tienda\/aceite-de-motor\/motul-8100-5w40-x-cess-gen2-aceite-full-sintetico\/#breadcrumb\"},\"inLanguage\":\"es\",\"potentialAction\":[{\"@type\":\"ReadAction\",\"target\":[\"https:\/\/lubrimas.pe\/tienda\/aceite-de-motor\/motul-8100-5w40-x-cess-gen2-aceite-full-sintetico\/\"]}]},{\"@type\":\"ImageObject\",\"inLanguage\":\"es\",\"@id\":\"https:\/\/lubrimas.pe\/tienda\/aceite-de-motor\/motul-8100-5w40-x-cess-gen2-aceite-full-sintetico\/#primaryimage\",\"url\":\"https:\/\/lubrimas.pe\/tienda\/wp-content\/uploads\/sites\/3\/2024\/07\/lubrimaspe_lubrimaspe_lubrimasperu-aceite-de-motor-motul-8100-x-cess-gen2-5w40-100-full-sintetico-4l-losolivos-lima-peru-1.webp\",\"contentUrl\":\"https:\/\/lubrimas.pe\/tienda\/wp-content\/uploads\/sites\/3\/2024\/07\/lubrimaspe_lubrimaspe_lubrimasperu-aceite-de-motor-motul-8100-x-cess-gen2-5w40-100-full-sintetico-4l-losolivos-lima-peru-1.webp\",\"width\":850,\"height\":1000},{\"@type\":\"BreadcrumbList\",\"@id\":\"https:\/\/lubrimas.pe\/tienda\/aceite-de-motor\/motul-8100-5w40-x-cess-gen2-aceite-full-sintetico\/#breadcrumb\",\"itemListElement\":[{\"@type\":\"ListItem\",\"position\":1,\"name\":\"Portada\",\"item\":\"https:\/\/lubrimas.pe\/tienda\/\"},{\"@type\":\"ListItem\",\"position\":2,\"name\":\"Cat\u00e1logo\",\"item\":\"https:\/\/lubrimas.pe\/tienda\/productos\/\"},{\"@type\":\"ListItem\",\"position\":3,\"name\":\"MOTUL 8100 5W40 X-CESS GEN2 &#8211; Aceite Full Sint\u00e9tico\"}]},{\"@type\":\"WebSite\",\"@id\":\"https:\/\/lubrimas.pe\/tienda\/#website\",\"url\":\"https:\/\/lubrimas.pe\/tienda\/\",\"name\":\"Lubrimas.pe | Tienda Online\",\"description\":\"Tus lubricantes favoritos al mejor precio!\",\"publisher\":{\"@id\":\"https:\/\/lubrimas.pe\/tienda\/#organization\"},\"potentialAction\":[{\"@type\":\"SearchAction\",\"target\":{\"@type\":\"EntryPoint\",\"urlTemplate\":\"https:\/\/lubrimas.pe\/tienda\/?s={search_term_string}\"},\"query-input\":{\"@type\":\"PropertyValueSpecification\",\"valueRequired\":true,\"valueName\":\"search_term_string\"}}],\"inLanguage\":\"es\"},{\"@type\":\"Organization\",\"@id\":\"https:\/\/lubrimas.pe\/tienda\/#organization\",\"name\":\"Lubrimas.pe\",\"url\":\"https:\/\/lubrimas.pe\/tienda\/\",\"logo\":{\"@type\":\"ImageObject\",\"inLanguage\":\"es\",\"@id\":\"https:\/\/lubrimas.pe\/tienda\/#\/schema\/logo\/image\/\",\"url\":\"https:\/\/lubrimas.pe\/tienda\/wp-content\/uploads\/sites\/3\/2022\/07\/BANNERS-PROMO-CYBER-WOW-LUBRIMASPE-2022-07.webp\",\"contentUrl\":\"https:\/\/lubrimas.pe\/tienda\/wp-content\/uploads\/sites\/3\/2022\/07\/BANNERS-PROMO-CYBER-WOW-LUBRIMASPE-2022-07.webp\",\"width\":500,\"height\":752,\"caption\":\"Lubrimas.pe\"},\"image\":{\"@id\":\"https:\/\/lubrimas.pe\/tienda\/#\/schema\/logo\/image\/\"}}]}<\/script>\n<!-- \/ Yoast SEO plugin. -->","yoast_head_json":{"title":"MOTUL 8100 5W40 X-CESS - Exclusivo de Lubrimas.pe | Tienda Online","description":"MOTUL 8100 5W40 X-CESS es un lubricante de altas prestaciones, recomendado para todo tipo de combustibles, gasolina, GPL, di\u00e9sel y m\u00e1s!","robots":{"index":"index","follow":"follow","max-snippet":"max-snippet:-1","max-image-preview":"max-image-preview:large","max-video-preview":"max-video-preview:-1"},"canonical":"https:\/\/lubrimas.pe\/tienda\/aceite-de-motor\/motul-8100-5w40-x-cess-gen2-aceite-full-sintetico\/","og_locale":"es_ES","og_type":"article","og_title":"MOTUL 8100 5W40 X-CESS - Exclusivo de Lubrimas.pe | Tienda Online","og_description":"MOTUL 8100 5W40 X-CESS es un lubricante de altas prestaciones, recomendado para todo tipo de combustibles, gasolina, GPL, di\u00e9sel y m\u00e1s!","og_url":"https:\/\/lubrimas.pe\/tienda\/aceite-de-motor\/motul-8100-5w40-x-cess-gen2-aceite-full-sintetico\/","og_site_name":"Lubrimas.pe | Tienda Online","article_modified_time":"2024-09-20T21:45:13+00:00","og_image":[{"width":850,"height":1000,"url":"https:\/\/lubrimas.pe\/tienda\/wp-content\/uploads\/sites\/3\/2024\/07\/lubrimaspe_lubrimaspe_lubrimasperu-aceite-de-motor-motul-8100-x-cess-gen2-5w40-100-full-sintetico-4l-losolivos-lima-peru-1.webp","type":"image\/webp"}],"twitter_card":"summary_large_image","twitter_misc":{"Tiempo de lectura":"1 minuto"},"schema":{"@context":"https:\/\/schema.org","@graph":[{"@type":["WebPage","ItemPage"],"@id":"https:\/\/lubrimas.pe\/tienda\/aceite-de-motor\/motul-8100-5w40-x-cess-gen2-aceite-full-sintetico\/","url":"https:\/\/lubrimas.pe\/tienda\/aceite-de-motor\/motul-8100-5w40-x-cess-gen2-aceite-full-sintetico\/","name":"MOTUL 8100 5W40 X-CESS - Exclusivo de Lubrimas.pe | Tienda Online","isPartOf":{"@id":"https:\/\/lubrimas.pe\/tienda\/#website"},"primaryImageOfPage":{"@id":"https:\/\/lubrimas.pe\/tienda\/aceite-de-motor\/motul-8100-5w40-x-cess-gen2-aceite-full-sintetico\/#primaryimage"},"image":{"@id":"https:\/\/lubrimas.pe\/tienda\/aceite-de-motor\/motul-8100-5w40-x-cess-gen2-aceite-full-sintetico\/#primaryimage"},"thumbnailUrl":"https:\/\/lubrimas.pe\/tienda\/wp-content\/uploads\/sites\/3\/2024\/07\/lubrimaspe_lubrimaspe_lubrimasperu-aceite-de-motor-motul-8100-x-cess-gen2-5w40-100-full-sintetico-4l-losolivos-lima-peru-1.webp","datePublished":"2024-07-05T16:44:57+00:00","dateModified":"2024-09-20T21:45:13+00:00","description":"MOTUL 8100 5W40 X-CESS es un lubricante de altas prestaciones, recomendado para todo tipo de combustibles, gasolina, GPL, di\u00e9sel y m\u00e1s!","breadcrumb":{"@id":"https:\/\/lubrimas.pe\/tienda\/aceite-de-motor\/motul-8100-5w40-x-cess-gen2-aceite-full-sintetico\/#breadcrumb"},"inLanguage":"es","potentialAction":[{"@type":"ReadAction","target":["https:\/\/lubrimas.pe\/tienda\/aceite-de-motor\/motul-8100-5w40-x-cess-gen2-aceite-full-sintetico\/"]}]},{"@type":"ImageObject","inLanguage":"es","@id":"https:\/\/lubrimas.pe\/tienda\/aceite-de-motor\/motul-8100-5w40-x-cess-gen2-aceite-full-sintetico\/#primaryimage","url":"https:\/\/lubrimas.pe\/tienda\/wp-content\/uploads\/sites\/3\/2024\/07\/lubrimaspe_lubrimaspe_lubrimasperu-aceite-de-motor-motul-8100-x-cess-gen2-5w40-100-full-sintetico-4l-losolivos-lima-peru-1.webp","contentUrl":"https:\/\/lubrimas.pe\/tienda\/wp-content\/uploads\/sites\/3\/2024\/07\/lubrimaspe_lubrimaspe_lubrimasperu-aceite-de-motor-motul-8100-x-cess-gen2-5w40-100-full-sintetico-4l-losolivos-lima-peru-1.webp","width":850,"height":1000},{"@type":"BreadcrumbList","@id":"https:\/\/lubrimas.pe\/tienda\/aceite-de-motor\/motul-8100-5w40-x-cess-gen2-aceite-full-sintetico\/#breadcrumb","itemListElement":[{"@type":"ListItem","position":1,"name":"Portada","item":"https:\/\/lubrimas.pe\/tienda\/"},{"@type":"ListItem","position":2,"name":"Cat\u00e1logo","item":"https:\/\/lubrimas.pe\/tienda\/productos\/"},{"@type":"ListItem","position":3,"name":"MOTUL 8100 5W40 X-CESS GEN2 &#8211; Aceite Full Sint\u00e9tico"}]},{"@type":"WebSite","@id":"https:\/\/lubrimas.pe\/tienda\/#website","url":"https:\/\/lubrimas.pe\/tienda\/","name":"Lubrimas.pe | Tienda Online","description":"Tus lubricantes favoritos al mejor precio!","publisher":{"@id":"https:\/\/lubrimas.pe\/tienda\/#organization"},"potentialAction":[{"@type":"SearchAction","target":{"@type":"EntryPoint","urlTemplate":"https:\/\/lubrimas.pe\/tienda\/?s={search_term_string}"},"query-input":{"@type":"PropertyValueSpecification","valueRequired":true,"valueName":"search_term_string"}}],"inLanguage":"es"},{"@type":"Organization","@id":"https:\/\/lubrimas.pe\/tienda\/#organization","name":"Lubrimas.pe","url":"https:\/\/lubrimas.pe\/tienda\/","logo":{"@type":"ImageObject","inLanguage":"es","@id":"https:\/\/lubrimas.pe\/tienda\/#\/schema\/logo\/image\/","url":"https:\/\/lubrimas.pe\/tienda\/wp-content\/uploads\/sites\/3\/2022\/07\/BANNERS-PROMO-CYBER-WOW-LUBRIMASPE-2022-07.webp","contentUrl":"https:\/\/lubrimas.pe\/tienda\/wp-content\/uploads\/sites\/3\/2022\/07\/BANNERS-PROMO-CYBER-WOW-LUBRIMASPE-2022-07.webp","width":500,"height":752,"caption":"Lubrimas.pe"},"image":{"@id":"https:\/\/lubrimas.pe\/tienda\/#\/schema\/logo\/image\/"}}]}},"_links":{"self":[{"href":"https:\/\/lubrimas.pe\/tienda\/wp-json\/wp\/v2\/product\/14046","targetHints":{"allow":["GET"]}}],"collection":[{"href":"https:\/\/lubrimas.pe\/tienda\/wp-json\/wp\/v2\/product"}],"about":[{"href":"https:\/\/lubrimas.pe\/tienda\/wp-json\/wp\/v2\/types\/product"}],"wp:featuredmedia":[{"embeddable":true,"href":"https:\/\/lubrimas.pe\/tienda\/wp-json\/wp\/v2\/media\/14040"}],"wp:attachment":[{"href":"https:\/\/lubrimas.pe\/tienda\/wp-json\/wp\/v2\/media?parent=14046"}],"wp:term":[{"taxonomy":"product_brand","embeddable":true,"href":"https:\/\/lubrimas.pe\/tienda\/wp-json\/wp\/v2\/product_brand?post=14046"},{"taxonomy":"product_cat","embeddable":true,"href":"https:\/\/lubrimas.pe\/tienda\/wp-json\/wp\/v2\/product_cat?post=14046"},{"taxonomy":"product_tag","embeddable":true,"href":"https:\/\/lubrimas.pe\/tienda\/wp-json\/wp\/v2\/product_tag?post=14046"}],"curies":[{"name":"wp","href":"https:\/\/api.w.org\/{rel}","templated":true}]}}