{"id":14260,"date":"2024-11-29T08:19:42","date_gmt":"2024-11-29T13:19:42","guid":{"rendered":"https:\/\/lubrimas.pe\/tienda\/?post_type=product&#038;p=14260"},"modified":"2026-04-25T11:23:42","modified_gmt":"2026-04-25T16:23:42","slug":"liqui-moly-leichtlauf-performance-5w30-aceite-de-motor","status":"publish","type":"product","link":"https:\/\/lubrimas.pe\/tienda\/aceite-de-motor\/liqui-moly-leichtlauf-performance-5w30-aceite-de-motor\/","title":{"rendered":"LIQUI MOLY LEICHTLAUF PERFORMANCE 5W30 &#8211; Aceite de Motor"},"content":{"rendered":"<p><strong>LIQUI MOLY LEICHTLAUF PERFORMANCE 5W30<\/strong> de motor antifricci\u00f3n para veh\u00edculos de gasolina y di\u00e9sel con y sin filtro de part\u00edculas di\u00e9sel (DPF) y turbocompresor por gases de escape. Ofrece una excelente protecci\u00f3n antidesgaste, reduce el consumo de aceite y de combustible y garantiza una r\u00e1pida lubricaci\u00f3n integral del motor.<br \/>\n<strong>LIQUI MOLY LEICHTLAUF PERFORMANCE 5W30<\/strong> es un aceite para todo el a\u00f1o para motores de gasolina y di\u00e9sel, incluyendo la tecnolog\u00eda Common Rail. Particularmente indicado para veh\u00edculos que funcionan con gas (GNC\/GLP) y veh\u00edculos con filtro de part\u00edculas di\u00e9sel (DPF), tambi\u00e9n en caso de equipamiento posterior. Sometido a prueba en turbocompresores y catalizadores.<\/p>\n<h5 class=\"type\"><strong>CARACTER\u00cdSTICAS PRINCIPALES<\/strong><\/h5>\n<ul class=\"check-list\">\n<li style=\"list-style-type: none;\">\n<ul class=\"check-list\">\n<li class=\"value\">Excelente limpieza del motor<\/li>\n<li class=\"value\">Excelente protecci\u00f3n contra el desgaste<\/li>\n<li class=\"value\">Alta estabilidad de cizallamiento<\/li>\n<li class=\"value\">Alta seguridad de lubricaci\u00f3n<\/li>\n<li class=\"value\">Larga vida \u00fatil del motor<\/li>\n<li class=\"value\">Funcionamiento suave del motor<\/li>\n<li class=\"value\">\u00d3ptima resistencia al envejecimiento<\/li>\n<li class=\"value\">Presi\u00f3n de aceite \u00f3ptima bajo todas las condiciones de servicio<\/li>\n<li class=\"value\">Reduce la emisi\u00f3n de contaminantes<\/li>\n<li class=\"value\">R\u00e1pida alimentaci\u00f3n de aceite con temperaturas bajas<\/li>\n<li class=\"value\">Disminuye el consumo de combustible<\/li>\n<li class=\"value\">Probado en turbocompresores y catalizadores<\/li>\n<li class=\"value\">Eficacia \u00f3ptima sin mezclar<\/li>\n<\/ul>\n<\/li>\n<\/ul>\n<p><span class=\"value\">Se han de observar las instrucciones de uso de los fabricantes de veh\u00edculos y de motores.<br \/>\n<strong>La eficacia completa solamente se garantiza en el uso sin mezclar.<\/strong><\/span><\/p>\n<h5><strong>APROBACIONES \/ ESPECIFICACIONES OEM<\/strong><\/h5>\n<p>ACEA C3, API SP, ACEA C2, MB 229.31<\/p>\n<h5><strong>INFORMACI\u00d3N ADICIONAL<\/strong><\/h5>\n<div class=\"aditional-info-tecnical-lp\"><a href=\"https:\/\/www.liqui-moly.com\/es\/leichtlauf-performance-5w-30-p004849.html#tab-label-approvalsandspecifications-title\" target=\"_blank\" rel=\"noopener\">SITIO OFICIAL<\/a><br \/>\n<a href=\"https:\/\/pim.liqui-moly.de\/ws\/pi\/article\/21363?language=es\" target=\"_blank\" rel=\"noopener\">FICHA T\u00c9CNICA<\/a><\/div>\n<div id=\"showMore-product-info-overview-properties\"><\/div>\n<div><\/div>\n<p>&nbsp;<\/p>\n<blockquote><p>LM 21592, LM-21592, LM21592, LIQUIMOLY, LIQUI MOLY, ADITIVOS LUBRICANTES ALEMANES<\/p><\/blockquote>\n","protected":false},"excerpt":{"rendered":"<p>LIQUI MOLY LEICHTLAUF PERFORMANCE 5W30 de motor antifricci\u00f3n para veh\u00edculos de gasolina y di\u00e9sel con y sin filtro de part\u00edculas di\u00e9sel (DPF) y turbocompresor por gases de escape. Ofrece una<\/p>\n","protected":false},"featured_media":14265,"template":"","meta":[],"product_brand":[],"product_cat":[16,26,22],"product_tag":[],"class_list":{"0":"post-14260","1":"product","2":"type-product","3":"status-publish","4":"has-post-thumbnail","6":"product_cat-aceite-de-motor","7":"product_cat-motor-diesel","8":"product_cat-motor-gasolina-gas","9":"pa_calidad-sintetico-tecnologia-sintetica","10":"pa_envio-envio-gratis","11":"pa_especificaciones-acea-c2","12":"pa_especificaciones-acea-c3","13":"pa_grado-5w30","14":"pa_marca-liquimoly","16":"first","17":"instock","18":"shipping-taxable","19":"purchasable","20":"product-type-variable","21":"has-default-attributes"},"yoast_head":"<!-- This site is optimized with the Yoast SEO plugin v27.4 - https:\/\/yoast.com\/product\/yoast-seo-wordpress\/ -->\n<title>LIQUI MOLY LEICHTLAUF PERFORMANCE 5W30 - Aceite de Motor | Lubrimas.pe | Tienda Online<\/title>\n<meta name=\"description\" content=\"Aceite Liqui Moly Leichtlauf Performance 5W30 ofrece alta protecci\u00f3n, limpieza interna y eficiencia en motores modernos a gasolina y di\u00e9sel.\" \/>\n<meta name=\"robots\" content=\"index, follow, max-snippet:-1, max-image-preview:large, max-video-preview:-1\" \/>\n<link rel=\"canonical\" href=\"https:\/\/lubrimas.pe\/tienda\/aceite-de-motor\/liqui-moly-leichtlauf-performance-5w30-aceite-de-motor\/\" \/>\n<meta property=\"og:locale\" content=\"es_ES\" \/>\n<meta property=\"og:type\" content=\"article\" \/>\n<meta property=\"og:title\" content=\"LIQUI MOLY LEICHTLAUF PERFORMANCE 5W30 - Aceite de Motor | Lubrimas.pe | Tienda Online\" \/>\n<meta property=\"og:description\" content=\"Aceite Liqui Moly Leichtlauf Performance 5W30 ofrece alta protecci\u00f3n, limpieza interna y eficiencia en motores modernos a gasolina y di\u00e9sel.\" \/>\n<meta property=\"og:url\" content=\"https:\/\/lubrimas.pe\/tienda\/aceite-de-motor\/liqui-moly-leichtlauf-performance-5w30-aceite-de-motor\/\" \/>\n<meta property=\"og:site_name\" content=\"Lubrimas.pe | Tienda Online\" \/>\n<meta property=\"article:modified_time\" content=\"2026-04-25T16:23:42+00:00\" \/>\n<meta property=\"og:image\" content=\"https:\/\/lubrimas.pe\/tienda\/wp-content\/uploads\/sites\/3\/2022\/11\/lubrimaspe_lubrimaspe_lubrimasperu-aceite-de-MOTOR-LIQUIMOLY-LEICHTLAUF-PERFORMANCE-5W30-losolivos-lima-peru.webp\" \/>\n\t<meta property=\"og:image:width\" content=\"850\" \/>\n\t<meta property=\"og:image:height\" content=\"1000\" \/>\n\t<meta property=\"og:image:type\" content=\"image\/webp\" \/>\n<meta name=\"twitter:card\" content=\"summary_large_image\" \/>\n<meta name=\"twitter:label1\" content=\"Tiempo de lectura\" \/>\n\t<meta name=\"twitter:data1\" content=\"1 minuto\" \/>\n<script type=\"application\/ld+json\" class=\"yoast-schema-graph\">{\"@context\":\"https:\\\/\\\/schema.org\",\"@graph\":[{\"@type\":[\"WebPage\",\"ItemPage\"],\"@id\":\"https:\\\/\\\/lubrimas.pe\\\/tienda\\\/aceite-de-motor\\\/liqui-moly-leichtlauf-performance-5w30-aceite-de-motor\\\/\",\"url\":\"https:\\\/\\\/lubrimas.pe\\\/tienda\\\/aceite-de-motor\\\/liqui-moly-leichtlauf-performance-5w30-aceite-de-motor\\\/\",\"name\":\"LIQUI MOLY LEICHTLAUF PERFORMANCE 5W30 - Aceite de Motor | Lubrimas.pe | Tienda Online\",\"isPartOf\":{\"@id\":\"https:\\\/\\\/lubrimas.pe\\\/tienda\\\/#website\"},\"primaryImageOfPage\":{\"@id\":\"https:\\\/\\\/lubrimas.pe\\\/tienda\\\/aceite-de-motor\\\/liqui-moly-leichtlauf-performance-5w30-aceite-de-motor\\\/#primaryimage\"},\"image\":{\"@id\":\"https:\\\/\\\/lubrimas.pe\\\/tienda\\\/aceite-de-motor\\\/liqui-moly-leichtlauf-performance-5w30-aceite-de-motor\\\/#primaryimage\"},\"thumbnailUrl\":\"https:\\\/\\\/lubrimas.pe\\\/tienda\\\/wp-content\\\/uploads\\\/sites\\\/3\\\/2022\\\/11\\\/lubrimaspe_lubrimaspe_lubrimasperu-aceite-de-MOTOR-LIQUIMOLY-LEICHTLAUF-PERFORMANCE-5W30-losolivos-lima-peru.webp\",\"datePublished\":\"2024-11-29T13:19:42+00:00\",\"dateModified\":\"2026-04-25T16:23:42+00:00\",\"description\":\"Aceite Liqui Moly Leichtlauf Performance 5W30 ofrece alta protecci\u00f3n, limpieza interna y eficiencia en motores modernos a gasolina y di\u00e9sel.\",\"breadcrumb\":{\"@id\":\"https:\\\/\\\/lubrimas.pe\\\/tienda\\\/aceite-de-motor\\\/liqui-moly-leichtlauf-performance-5w30-aceite-de-motor\\\/#breadcrumb\"},\"inLanguage\":\"es\",\"potentialAction\":[{\"@type\":\"ReadAction\",\"target\":[\"https:\\\/\\\/lubrimas.pe\\\/tienda\\\/aceite-de-motor\\\/liqui-moly-leichtlauf-performance-5w30-aceite-de-motor\\\/\"]}]},{\"@type\":\"ImageObject\",\"inLanguage\":\"es\",\"@id\":\"https:\\\/\\\/lubrimas.pe\\\/tienda\\\/aceite-de-motor\\\/liqui-moly-leichtlauf-performance-5w30-aceite-de-motor\\\/#primaryimage\",\"url\":\"https:\\\/\\\/lubrimas.pe\\\/tienda\\\/wp-content\\\/uploads\\\/sites\\\/3\\\/2022\\\/11\\\/lubrimaspe_lubrimaspe_lubrimasperu-aceite-de-MOTOR-LIQUIMOLY-LEICHTLAUF-PERFORMANCE-5W30-losolivos-lima-peru.webp\",\"contentUrl\":\"https:\\\/\\\/lubrimas.pe\\\/tienda\\\/wp-content\\\/uploads\\\/sites\\\/3\\\/2022\\\/11\\\/lubrimaspe_lubrimaspe_lubrimasperu-aceite-de-MOTOR-LIQUIMOLY-LEICHTLAUF-PERFORMANCE-5W30-losolivos-lima-peru.webp\",\"width\":850,\"height\":1000},{\"@type\":\"BreadcrumbList\",\"@id\":\"https:\\\/\\\/lubrimas.pe\\\/tienda\\\/aceite-de-motor\\\/liqui-moly-leichtlauf-performance-5w30-aceite-de-motor\\\/#breadcrumb\",\"itemListElement\":[{\"@type\":\"ListItem\",\"position\":1,\"name\":\"Portada\",\"item\":\"https:\\\/\\\/lubrimas.pe\\\/tienda\\\/\"},{\"@type\":\"ListItem\",\"position\":2,\"name\":\"Cat\u00e1logo\",\"item\":\"https:\\\/\\\/lubrimas.pe\\\/tienda\\\/productos\\\/\"},{\"@type\":\"ListItem\",\"position\":3,\"name\":\"LIQUI MOLY LEICHTLAUF PERFORMANCE 5W30 &#8211; Aceite de Motor\"}]},{\"@type\":\"WebSite\",\"@id\":\"https:\\\/\\\/lubrimas.pe\\\/tienda\\\/#website\",\"url\":\"https:\\\/\\\/lubrimas.pe\\\/tienda\\\/\",\"name\":\"Lubrimas.pe | Tienda Online\",\"description\":\"Tus lubricantes favoritos al mejor precio!\",\"publisher\":{\"@id\":\"https:\\\/\\\/lubrimas.pe\\\/tienda\\\/#organization\"},\"potentialAction\":[{\"@type\":\"SearchAction\",\"target\":{\"@type\":\"EntryPoint\",\"urlTemplate\":\"https:\\\/\\\/lubrimas.pe\\\/tienda\\\/?s={search_term_string}\"},\"query-input\":{\"@type\":\"PropertyValueSpecification\",\"valueRequired\":true,\"valueName\":\"search_term_string\"}}],\"inLanguage\":\"es\"},{\"@type\":\"Organization\",\"@id\":\"https:\\\/\\\/lubrimas.pe\\\/tienda\\\/#organization\",\"name\":\"Lubrimas.pe\",\"url\":\"https:\\\/\\\/lubrimas.pe\\\/tienda\\\/\",\"logo\":{\"@type\":\"ImageObject\",\"inLanguage\":\"es\",\"@id\":\"https:\\\/\\\/lubrimas.pe\\\/tienda\\\/#\\\/schema\\\/logo\\\/image\\\/\",\"url\":\"https:\\\/\\\/lubrimas.pe\\\/tienda\\\/wp-content\\\/uploads\\\/sites\\\/3\\\/2022\\\/07\\\/BANNERS-PROMO-CYBER-WOW-LUBRIMASPE-2022-07.webp\",\"contentUrl\":\"https:\\\/\\\/lubrimas.pe\\\/tienda\\\/wp-content\\\/uploads\\\/sites\\\/3\\\/2022\\\/07\\\/BANNERS-PROMO-CYBER-WOW-LUBRIMASPE-2022-07.webp\",\"width\":500,\"height\":752,\"caption\":\"Lubrimas.pe\"},\"image\":{\"@id\":\"https:\\\/\\\/lubrimas.pe\\\/tienda\\\/#\\\/schema\\\/logo\\\/image\\\/\"}}]}<\/script>\n<!-- \/ Yoast SEO plugin. -->","yoast_head_json":{"title":"LIQUI MOLY LEICHTLAUF PERFORMANCE 5W30 - Aceite de Motor | Lubrimas.pe | Tienda Online","description":"Aceite Liqui Moly Leichtlauf Performance 5W30 ofrece alta protecci\u00f3n, limpieza interna y eficiencia en motores modernos a gasolina y di\u00e9sel.","robots":{"index":"index","follow":"follow","max-snippet":"max-snippet:-1","max-image-preview":"max-image-preview:large","max-video-preview":"max-video-preview:-1"},"canonical":"https:\/\/lubrimas.pe\/tienda\/aceite-de-motor\/liqui-moly-leichtlauf-performance-5w30-aceite-de-motor\/","og_locale":"es_ES","og_type":"article","og_title":"LIQUI MOLY LEICHTLAUF PERFORMANCE 5W30 - Aceite de Motor | Lubrimas.pe | Tienda Online","og_description":"Aceite Liqui Moly Leichtlauf Performance 5W30 ofrece alta protecci\u00f3n, limpieza interna y eficiencia en motores modernos a gasolina y di\u00e9sel.","og_url":"https:\/\/lubrimas.pe\/tienda\/aceite-de-motor\/liqui-moly-leichtlauf-performance-5w30-aceite-de-motor\/","og_site_name":"Lubrimas.pe | Tienda Online","article_modified_time":"2026-04-25T16:23:42+00:00","og_image":[{"width":850,"height":1000,"url":"https:\/\/lubrimas.pe\/tienda\/wp-content\/uploads\/sites\/3\/2022\/11\/lubrimaspe_lubrimaspe_lubrimasperu-aceite-de-MOTOR-LIQUIMOLY-LEICHTLAUF-PERFORMANCE-5W30-losolivos-lima-peru.webp","type":"image\/webp"}],"twitter_card":"summary_large_image","twitter_misc":{"Tiempo de lectura":"1 minuto"},"schema":{"@context":"https:\/\/schema.org","@graph":[{"@type":["WebPage","ItemPage"],"@id":"https:\/\/lubrimas.pe\/tienda\/aceite-de-motor\/liqui-moly-leichtlauf-performance-5w30-aceite-de-motor\/","url":"https:\/\/lubrimas.pe\/tienda\/aceite-de-motor\/liqui-moly-leichtlauf-performance-5w30-aceite-de-motor\/","name":"LIQUI MOLY LEICHTLAUF PERFORMANCE 5W30 - Aceite de Motor | Lubrimas.pe | Tienda Online","isPartOf":{"@id":"https:\/\/lubrimas.pe\/tienda\/#website"},"primaryImageOfPage":{"@id":"https:\/\/lubrimas.pe\/tienda\/aceite-de-motor\/liqui-moly-leichtlauf-performance-5w30-aceite-de-motor\/#primaryimage"},"image":{"@id":"https:\/\/lubrimas.pe\/tienda\/aceite-de-motor\/liqui-moly-leichtlauf-performance-5w30-aceite-de-motor\/#primaryimage"},"thumbnailUrl":"https:\/\/lubrimas.pe\/tienda\/wp-content\/uploads\/sites\/3\/2022\/11\/lubrimaspe_lubrimaspe_lubrimasperu-aceite-de-MOTOR-LIQUIMOLY-LEICHTLAUF-PERFORMANCE-5W30-losolivos-lima-peru.webp","datePublished":"2024-11-29T13:19:42+00:00","dateModified":"2026-04-25T16:23:42+00:00","description":"Aceite Liqui Moly Leichtlauf Performance 5W30 ofrece alta protecci\u00f3n, limpieza interna y eficiencia en motores modernos a gasolina y di\u00e9sel.","breadcrumb":{"@id":"https:\/\/lubrimas.pe\/tienda\/aceite-de-motor\/liqui-moly-leichtlauf-performance-5w30-aceite-de-motor\/#breadcrumb"},"inLanguage":"es","potentialAction":[{"@type":"ReadAction","target":["https:\/\/lubrimas.pe\/tienda\/aceite-de-motor\/liqui-moly-leichtlauf-performance-5w30-aceite-de-motor\/"]}]},{"@type":"ImageObject","inLanguage":"es","@id":"https:\/\/lubrimas.pe\/tienda\/aceite-de-motor\/liqui-moly-leichtlauf-performance-5w30-aceite-de-motor\/#primaryimage","url":"https:\/\/lubrimas.pe\/tienda\/wp-content\/uploads\/sites\/3\/2022\/11\/lubrimaspe_lubrimaspe_lubrimasperu-aceite-de-MOTOR-LIQUIMOLY-LEICHTLAUF-PERFORMANCE-5W30-losolivos-lima-peru.webp","contentUrl":"https:\/\/lubrimas.pe\/tienda\/wp-content\/uploads\/sites\/3\/2022\/11\/lubrimaspe_lubrimaspe_lubrimasperu-aceite-de-MOTOR-LIQUIMOLY-LEICHTLAUF-PERFORMANCE-5W30-losolivos-lima-peru.webp","width":850,"height":1000},{"@type":"BreadcrumbList","@id":"https:\/\/lubrimas.pe\/tienda\/aceite-de-motor\/liqui-moly-leichtlauf-performance-5w30-aceite-de-motor\/#breadcrumb","itemListElement":[{"@type":"ListItem","position":1,"name":"Portada","item":"https:\/\/lubrimas.pe\/tienda\/"},{"@type":"ListItem","position":2,"name":"Cat\u00e1logo","item":"https:\/\/lubrimas.pe\/tienda\/productos\/"},{"@type":"ListItem","position":3,"name":"LIQUI MOLY LEICHTLAUF PERFORMANCE 5W30 &#8211; Aceite de Motor"}]},{"@type":"WebSite","@id":"https:\/\/lubrimas.pe\/tienda\/#website","url":"https:\/\/lubrimas.pe\/tienda\/","name":"Lubrimas.pe | Tienda Online","description":"Tus lubricantes favoritos al mejor precio!","publisher":{"@id":"https:\/\/lubrimas.pe\/tienda\/#organization"},"potentialAction":[{"@type":"SearchAction","target":{"@type":"EntryPoint","urlTemplate":"https:\/\/lubrimas.pe\/tienda\/?s={search_term_string}"},"query-input":{"@type":"PropertyValueSpecification","valueRequired":true,"valueName":"search_term_string"}}],"inLanguage":"es"},{"@type":"Organization","@id":"https:\/\/lubrimas.pe\/tienda\/#organization","name":"Lubrimas.pe","url":"https:\/\/lubrimas.pe\/tienda\/","logo":{"@type":"ImageObject","inLanguage":"es","@id":"https:\/\/lubrimas.pe\/tienda\/#\/schema\/logo\/image\/","url":"https:\/\/lubrimas.pe\/tienda\/wp-content\/uploads\/sites\/3\/2022\/07\/BANNERS-PROMO-CYBER-WOW-LUBRIMASPE-2022-07.webp","contentUrl":"https:\/\/lubrimas.pe\/tienda\/wp-content\/uploads\/sites\/3\/2022\/07\/BANNERS-PROMO-CYBER-WOW-LUBRIMASPE-2022-07.webp","width":500,"height":752,"caption":"Lubrimas.pe"},"image":{"@id":"https:\/\/lubrimas.pe\/tienda\/#\/schema\/logo\/image\/"}}]}},"_links":{"self":[{"href":"https:\/\/lubrimas.pe\/tienda\/wp-json\/wp\/v2\/product\/14260","targetHints":{"allow":["GET"]}}],"collection":[{"href":"https:\/\/lubrimas.pe\/tienda\/wp-json\/wp\/v2\/product"}],"about":[{"href":"https:\/\/lubrimas.pe\/tienda\/wp-json\/wp\/v2\/types\/product"}],"wp:featuredmedia":[{"embeddable":true,"href":"https:\/\/lubrimas.pe\/tienda\/wp-json\/wp\/v2\/media\/14265"}],"wp:attachment":[{"href":"https:\/\/lubrimas.pe\/tienda\/wp-json\/wp\/v2\/media?parent=14260"}],"wp:term":[{"taxonomy":"product_brand","embeddable":true,"href":"https:\/\/lubrimas.pe\/tienda\/wp-json\/wp\/v2\/product_brand?post=14260"},{"taxonomy":"product_cat","embeddable":true,"href":"https:\/\/lubrimas.pe\/tienda\/wp-json\/wp\/v2\/product_cat?post=14260"},{"taxonomy":"product_tag","embeddable":true,"href":"https:\/\/lubrimas.pe\/tienda\/wp-json\/wp\/v2\/product_tag?post=14260"}],"curies":[{"name":"wp","href":"https:\/\/api.w.org\/{rel}","templated":true}]}}