{"id":15107,"date":"2025-12-19T17:25:36","date_gmt":"2025-12-19T22:25:36","guid":{"rendered":"https:\/\/lubrimas.pe\/tienda\/?post_type=product&#038;p=15107"},"modified":"2025-12-23T10:13:12","modified_gmt":"2025-12-23T15:13:12","slug":"mannol-dexron-iii-8206-aceite-de-transmision-automatica","status":"publish","type":"product","link":"https:\/\/lubrimas.pe\/tienda\/aceite-de-caja\/mannol-dexron-iii-8206-aceite-de-transmision-automatica\/","title":{"rendered":"MANNOL DEXRON III 8206 &#8211; Aceite de Transmisi\u00f3n Autom\u00e1tica"},"content":{"rendered":"<p><strong data-start=\"1033\" data-end=\"1059\">Mannol Dexron III 8206<\/strong> es un fluido para transmisiones autom\u00e1ticas (ATF) formulado para ofrecer un funcionamiento suave, excelente protecci\u00f3n y larga vida \u00fatil del sistema de transmisi\u00f3n. Este fluido es compatible con las especificaciones tradicionales Dexron III, lo que lo hace ideal para veh\u00edculos que requieren este tipo de aceite de transmisi\u00f3n autom\u00e1tica.<\/p>\n<h5>CARACTER\u00cdSTICAS PRINCIPALES<\/h5>\n<p>Mannol Dexron III 8206 tiene una base sint\u00e9tica universal para todas las estaciones para cajas de cambios autom\u00e1ticas, convertidores hidr\u00e1ulicos, sistemas de direcci\u00f3n asistida hidr\u00e1ulica, embragues hidr\u00e1ulicos de autom\u00f3viles y otros dispositivos hidr\u00e1ulicos, incluidos los que funcionan en condiciones de trabajo pesado en camiones y veh\u00edculos todoterreno. Asegura un funcionamiento impecable de una caja de cambios autom\u00e1tica, garantiza un desgaste m\u00ednimo, una vida \u00fatil duradera de las transmisiones y econom\u00eda de combustible. Fue desarrollado sobre la base de los requisitos establecidos por los grupos GM y Ford.<\/p>\n<p>Se recomienda para cajas de cambios autom\u00e1ticas de turismos y veh\u00edculos comerciales que requieran aceite de calidad ATF Tipo Dexron-III H\/G\/F o Dexron-II E o FORD MERCON V. Est\u00e1 dise\u00f1ado para la mayor\u00eda de cajas de cambios autom\u00e1ticas de General Motors, Ford Company y otras marcas fabricadas hasta 2006.<\/p>\n<p><strong>Color rojo.<\/strong><\/p>\n<h5><strong>Especificaciones \/ Aprobaciones<\/strong><\/h5>\n<p>ALLISON C4, CATERPILLAR TO-2, FORD Mercon V, FORD ESP-M2C138-CJ, FORD ESP-M2C166-H, GM Dexron III H, GM Dexron III G, GM Dexron III F, MB 236.1, VOITH H 55.6335.xx (G607), ZF TE-ML 09, ZF TE-ML 11, ZF TE-ML 14<\/p>\n<h5><strong>INFORMACI\u00d3N ADICIONAL<\/strong><\/h5>\n<p><a href=\"https:\/\/mannol.ec\/producto\/mannol-automatic-plus-atf-dexron-iii-8206\/\" target=\"_blank\" rel=\"noopener\">SITIO OFICIAL<\/a><\/p>\n","protected":false},"excerpt":{"rendered":"<p>Mannol Dexron III 8206 es un fluido para transmisiones autom\u00e1ticas (ATF) formulado para ofrecer un funcionamiento suave, excelente protecci\u00f3n y larga vida \u00fatil del sistema de transmisi\u00f3n. Este fluido es<\/p>\n","protected":false},"featured_media":15109,"template":"","meta":[],"product_brand":[],"product_cat":[27,32],"product_tag":[],"class_list":{"0":"post-15107","1":"product","2":"type-product","3":"status-publish","4":"has-post-thumbnail","6":"product_cat-aceite-de-caja","7":"product_cat-caja-automatica","8":"pa_engranaje-gl-4","9":"pa_engranaje-gl-5","10":"pa_marca-mannol","12":"first","13":"instock","14":"shipping-taxable","15":"purchasable","16":"product-type-variable","17":"has-default-attributes"},"yoast_head":"<!-- This site is optimized with the Yoast SEO plugin v27.4 - https:\/\/yoast.com\/product\/yoast-seo-wordpress\/ -->\n<title>MANNOL DEXRON III 8206 - Aceite de Transmisi\u00f3n Autom\u00e1tica | Lubrimas.pe | Tienda Online<\/title>\n<meta name=\"robots\" content=\"index, follow, max-snippet:-1, max-image-preview:large, max-video-preview:-1\" \/>\n<link rel=\"canonical\" href=\"https:\/\/lubrimas.pe\/tienda\/aceite-de-caja\/mannol-dexron-iii-8206-aceite-de-transmision-automatica\/\" \/>\n<meta property=\"og:locale\" content=\"es_ES\" \/>\n<meta property=\"og:type\" content=\"article\" \/>\n<meta property=\"og:title\" content=\"MANNOL DEXRON III 8206 - Aceite de Transmisi\u00f3n Autom\u00e1tica | Lubrimas.pe | Tienda Online\" \/>\n<meta property=\"og:description\" content=\"Mannol Dexron III 8206 es un fluido para transmisiones autom\u00e1ticas (ATF) formulado para ofrecer un funcionamiento suave, excelente protecci\u00f3n y larga vida \u00fatil del sistema de transmisi\u00f3n. Este fluido es\" \/>\n<meta property=\"og:url\" content=\"https:\/\/lubrimas.pe\/tienda\/aceite-de-caja\/mannol-dexron-iii-8206-aceite-de-transmision-automatica\/\" \/>\n<meta property=\"og:site_name\" content=\"Lubrimas.pe | Tienda Online\" \/>\n<meta property=\"article:modified_time\" content=\"2025-12-23T15:13:12+00:00\" \/>\n<meta property=\"og:image\" content=\"https:\/\/lubrimas.pe\/tienda\/wp-content\/uploads\/sites\/3\/2025\/12\/MANNOL-DEXRON-III.jpg\" \/>\n\t<meta property=\"og:image:width\" content=\"1771\" \/>\n\t<meta property=\"og:image:height\" content=\"2083\" \/>\n\t<meta property=\"og:image:type\" content=\"image\/jpeg\" \/>\n<meta name=\"twitter:card\" content=\"summary_large_image\" \/>\n<meta name=\"twitter:label1\" content=\"Tiempo de lectura\" \/>\n\t<meta name=\"twitter:data1\" content=\"1 minuto\" \/>\n<script type=\"application\/ld+json\" class=\"yoast-schema-graph\">{\"@context\":\"https:\\\/\\\/schema.org\",\"@graph\":[{\"@type\":[\"WebPage\",\"ItemPage\"],\"@id\":\"https:\\\/\\\/lubrimas.pe\\\/tienda\\\/aceite-de-caja\\\/mannol-dexron-iii-8206-aceite-de-transmision-automatica\\\/\",\"url\":\"https:\\\/\\\/lubrimas.pe\\\/tienda\\\/aceite-de-caja\\\/mannol-dexron-iii-8206-aceite-de-transmision-automatica\\\/\",\"name\":\"MANNOL DEXRON III 8206 - Aceite de Transmisi\u00f3n Autom\u00e1tica | Lubrimas.pe | Tienda Online\",\"isPartOf\":{\"@id\":\"https:\\\/\\\/lubrimas.pe\\\/tienda\\\/#website\"},\"primaryImageOfPage\":{\"@id\":\"https:\\\/\\\/lubrimas.pe\\\/tienda\\\/aceite-de-caja\\\/mannol-dexron-iii-8206-aceite-de-transmision-automatica\\\/#primaryimage\"},\"image\":{\"@id\":\"https:\\\/\\\/lubrimas.pe\\\/tienda\\\/aceite-de-caja\\\/mannol-dexron-iii-8206-aceite-de-transmision-automatica\\\/#primaryimage\"},\"thumbnailUrl\":\"https:\\\/\\\/lubrimas.pe\\\/tienda\\\/wp-content\\\/uploads\\\/sites\\\/3\\\/2025\\\/12\\\/MANNOL-DEXRON-III.jpg\",\"datePublished\":\"2025-12-19T22:25:36+00:00\",\"dateModified\":\"2025-12-23T15:13:12+00:00\",\"breadcrumb\":{\"@id\":\"https:\\\/\\\/lubrimas.pe\\\/tienda\\\/aceite-de-caja\\\/mannol-dexron-iii-8206-aceite-de-transmision-automatica\\\/#breadcrumb\"},\"inLanguage\":\"es\",\"potentialAction\":[{\"@type\":\"ReadAction\",\"target\":[\"https:\\\/\\\/lubrimas.pe\\\/tienda\\\/aceite-de-caja\\\/mannol-dexron-iii-8206-aceite-de-transmision-automatica\\\/\"]}]},{\"@type\":\"ImageObject\",\"inLanguage\":\"es\",\"@id\":\"https:\\\/\\\/lubrimas.pe\\\/tienda\\\/aceite-de-caja\\\/mannol-dexron-iii-8206-aceite-de-transmision-automatica\\\/#primaryimage\",\"url\":\"https:\\\/\\\/lubrimas.pe\\\/tienda\\\/wp-content\\\/uploads\\\/sites\\\/3\\\/2025\\\/12\\\/MANNOL-DEXRON-III.jpg\",\"contentUrl\":\"https:\\\/\\\/lubrimas.pe\\\/tienda\\\/wp-content\\\/uploads\\\/sites\\\/3\\\/2025\\\/12\\\/MANNOL-DEXRON-III.jpg\",\"width\":1771,\"height\":2083},{\"@type\":\"BreadcrumbList\",\"@id\":\"https:\\\/\\\/lubrimas.pe\\\/tienda\\\/aceite-de-caja\\\/mannol-dexron-iii-8206-aceite-de-transmision-automatica\\\/#breadcrumb\",\"itemListElement\":[{\"@type\":\"ListItem\",\"position\":1,\"name\":\"Portada\",\"item\":\"https:\\\/\\\/lubrimas.pe\\\/tienda\\\/\"},{\"@type\":\"ListItem\",\"position\":2,\"name\":\"Cat\u00e1logo\",\"item\":\"https:\\\/\\\/lubrimas.pe\\\/tienda\\\/productos\\\/\"},{\"@type\":\"ListItem\",\"position\":3,\"name\":\"MANNOL DEXRON III 8206 &#8211; Aceite de Transmisi\u00f3n Autom\u00e1tica\"}]},{\"@type\":\"WebSite\",\"@id\":\"https:\\\/\\\/lubrimas.pe\\\/tienda\\\/#website\",\"url\":\"https:\\\/\\\/lubrimas.pe\\\/tienda\\\/\",\"name\":\"Lubrimas.pe | Tienda Online\",\"description\":\"Tus lubricantes favoritos al mejor precio!\",\"publisher\":{\"@id\":\"https:\\\/\\\/lubrimas.pe\\\/tienda\\\/#organization\"},\"potentialAction\":[{\"@type\":\"SearchAction\",\"target\":{\"@type\":\"EntryPoint\",\"urlTemplate\":\"https:\\\/\\\/lubrimas.pe\\\/tienda\\\/?s={search_term_string}\"},\"query-input\":{\"@type\":\"PropertyValueSpecification\",\"valueRequired\":true,\"valueName\":\"search_term_string\"}}],\"inLanguage\":\"es\"},{\"@type\":\"Organization\",\"@id\":\"https:\\\/\\\/lubrimas.pe\\\/tienda\\\/#organization\",\"name\":\"Lubrimas.pe\",\"url\":\"https:\\\/\\\/lubrimas.pe\\\/tienda\\\/\",\"logo\":{\"@type\":\"ImageObject\",\"inLanguage\":\"es\",\"@id\":\"https:\\\/\\\/lubrimas.pe\\\/tienda\\\/#\\\/schema\\\/logo\\\/image\\\/\",\"url\":\"https:\\\/\\\/lubrimas.pe\\\/tienda\\\/wp-content\\\/uploads\\\/sites\\\/3\\\/2022\\\/07\\\/BANNERS-PROMO-CYBER-WOW-LUBRIMASPE-2022-07.webp\",\"contentUrl\":\"https:\\\/\\\/lubrimas.pe\\\/tienda\\\/wp-content\\\/uploads\\\/sites\\\/3\\\/2022\\\/07\\\/BANNERS-PROMO-CYBER-WOW-LUBRIMASPE-2022-07.webp\",\"width\":500,\"height\":752,\"caption\":\"Lubrimas.pe\"},\"image\":{\"@id\":\"https:\\\/\\\/lubrimas.pe\\\/tienda\\\/#\\\/schema\\\/logo\\\/image\\\/\"}}]}<\/script>\n<!-- \/ Yoast SEO plugin. -->","yoast_head_json":{"title":"MANNOL DEXRON III 8206 - Aceite de Transmisi\u00f3n Autom\u00e1tica | Lubrimas.pe | Tienda Online","robots":{"index":"index","follow":"follow","max-snippet":"max-snippet:-1","max-image-preview":"max-image-preview:large","max-video-preview":"max-video-preview:-1"},"canonical":"https:\/\/lubrimas.pe\/tienda\/aceite-de-caja\/mannol-dexron-iii-8206-aceite-de-transmision-automatica\/","og_locale":"es_ES","og_type":"article","og_title":"MANNOL DEXRON III 8206 - Aceite de Transmisi\u00f3n Autom\u00e1tica | Lubrimas.pe | Tienda Online","og_description":"Mannol Dexron III 8206 es un fluido para transmisiones autom\u00e1ticas (ATF) formulado para ofrecer un funcionamiento suave, excelente protecci\u00f3n y larga vida \u00fatil del sistema de transmisi\u00f3n. Este fluido es","og_url":"https:\/\/lubrimas.pe\/tienda\/aceite-de-caja\/mannol-dexron-iii-8206-aceite-de-transmision-automatica\/","og_site_name":"Lubrimas.pe | Tienda Online","article_modified_time":"2025-12-23T15:13:12+00:00","og_image":[{"width":1771,"height":2083,"url":"https:\/\/lubrimas.pe\/tienda\/wp-content\/uploads\/sites\/3\/2025\/12\/MANNOL-DEXRON-III.jpg","type":"image\/jpeg"}],"twitter_card":"summary_large_image","twitter_misc":{"Tiempo de lectura":"1 minuto"},"schema":{"@context":"https:\/\/schema.org","@graph":[{"@type":["WebPage","ItemPage"],"@id":"https:\/\/lubrimas.pe\/tienda\/aceite-de-caja\/mannol-dexron-iii-8206-aceite-de-transmision-automatica\/","url":"https:\/\/lubrimas.pe\/tienda\/aceite-de-caja\/mannol-dexron-iii-8206-aceite-de-transmision-automatica\/","name":"MANNOL DEXRON III 8206 - Aceite de Transmisi\u00f3n Autom\u00e1tica | Lubrimas.pe | Tienda Online","isPartOf":{"@id":"https:\/\/lubrimas.pe\/tienda\/#website"},"primaryImageOfPage":{"@id":"https:\/\/lubrimas.pe\/tienda\/aceite-de-caja\/mannol-dexron-iii-8206-aceite-de-transmision-automatica\/#primaryimage"},"image":{"@id":"https:\/\/lubrimas.pe\/tienda\/aceite-de-caja\/mannol-dexron-iii-8206-aceite-de-transmision-automatica\/#primaryimage"},"thumbnailUrl":"https:\/\/lubrimas.pe\/tienda\/wp-content\/uploads\/sites\/3\/2025\/12\/MANNOL-DEXRON-III.jpg","datePublished":"2025-12-19T22:25:36+00:00","dateModified":"2025-12-23T15:13:12+00:00","breadcrumb":{"@id":"https:\/\/lubrimas.pe\/tienda\/aceite-de-caja\/mannol-dexron-iii-8206-aceite-de-transmision-automatica\/#breadcrumb"},"inLanguage":"es","potentialAction":[{"@type":"ReadAction","target":["https:\/\/lubrimas.pe\/tienda\/aceite-de-caja\/mannol-dexron-iii-8206-aceite-de-transmision-automatica\/"]}]},{"@type":"ImageObject","inLanguage":"es","@id":"https:\/\/lubrimas.pe\/tienda\/aceite-de-caja\/mannol-dexron-iii-8206-aceite-de-transmision-automatica\/#primaryimage","url":"https:\/\/lubrimas.pe\/tienda\/wp-content\/uploads\/sites\/3\/2025\/12\/MANNOL-DEXRON-III.jpg","contentUrl":"https:\/\/lubrimas.pe\/tienda\/wp-content\/uploads\/sites\/3\/2025\/12\/MANNOL-DEXRON-III.jpg","width":1771,"height":2083},{"@type":"BreadcrumbList","@id":"https:\/\/lubrimas.pe\/tienda\/aceite-de-caja\/mannol-dexron-iii-8206-aceite-de-transmision-automatica\/#breadcrumb","itemListElement":[{"@type":"ListItem","position":1,"name":"Portada","item":"https:\/\/lubrimas.pe\/tienda\/"},{"@type":"ListItem","position":2,"name":"Cat\u00e1logo","item":"https:\/\/lubrimas.pe\/tienda\/productos\/"},{"@type":"ListItem","position":3,"name":"MANNOL DEXRON III 8206 &#8211; Aceite de Transmisi\u00f3n Autom\u00e1tica"}]},{"@type":"WebSite","@id":"https:\/\/lubrimas.pe\/tienda\/#website","url":"https:\/\/lubrimas.pe\/tienda\/","name":"Lubrimas.pe | Tienda Online","description":"Tus lubricantes favoritos al mejor precio!","publisher":{"@id":"https:\/\/lubrimas.pe\/tienda\/#organization"},"potentialAction":[{"@type":"SearchAction","target":{"@type":"EntryPoint","urlTemplate":"https:\/\/lubrimas.pe\/tienda\/?s={search_term_string}"},"query-input":{"@type":"PropertyValueSpecification","valueRequired":true,"valueName":"search_term_string"}}],"inLanguage":"es"},{"@type":"Organization","@id":"https:\/\/lubrimas.pe\/tienda\/#organization","name":"Lubrimas.pe","url":"https:\/\/lubrimas.pe\/tienda\/","logo":{"@type":"ImageObject","inLanguage":"es","@id":"https:\/\/lubrimas.pe\/tienda\/#\/schema\/logo\/image\/","url":"https:\/\/lubrimas.pe\/tienda\/wp-content\/uploads\/sites\/3\/2022\/07\/BANNERS-PROMO-CYBER-WOW-LUBRIMASPE-2022-07.webp","contentUrl":"https:\/\/lubrimas.pe\/tienda\/wp-content\/uploads\/sites\/3\/2022\/07\/BANNERS-PROMO-CYBER-WOW-LUBRIMASPE-2022-07.webp","width":500,"height":752,"caption":"Lubrimas.pe"},"image":{"@id":"https:\/\/lubrimas.pe\/tienda\/#\/schema\/logo\/image\/"}}]}},"_links":{"self":[{"href":"https:\/\/lubrimas.pe\/tienda\/wp-json\/wp\/v2\/product\/15107","targetHints":{"allow":["GET"]}}],"collection":[{"href":"https:\/\/lubrimas.pe\/tienda\/wp-json\/wp\/v2\/product"}],"about":[{"href":"https:\/\/lubrimas.pe\/tienda\/wp-json\/wp\/v2\/types\/product"}],"wp:featuredmedia":[{"embeddable":true,"href":"https:\/\/lubrimas.pe\/tienda\/wp-json\/wp\/v2\/media\/15109"}],"wp:attachment":[{"href":"https:\/\/lubrimas.pe\/tienda\/wp-json\/wp\/v2\/media?parent=15107"}],"wp:term":[{"taxonomy":"product_brand","embeddable":true,"href":"https:\/\/lubrimas.pe\/tienda\/wp-json\/wp\/v2\/product_brand?post=15107"},{"taxonomy":"product_cat","embeddable":true,"href":"https:\/\/lubrimas.pe\/tienda\/wp-json\/wp\/v2\/product_cat?post=15107"},{"taxonomy":"product_tag","embeddable":true,"href":"https:\/\/lubrimas.pe\/tienda\/wp-json\/wp\/v2\/product_tag?post=15107"}],"curies":[{"name":"wp","href":"https:\/\/api.w.org\/{rel}","templated":true}]}}