{"id":394,"date":"2022-01-19T20:31:25","date_gmt":"2022-01-19T20:31:25","guid":{"rendered":"https:\/\/lubrimas.pe\/tienda\/?post_type=product&#038;p=394"},"modified":"2023-07-22T16:54:40","modified_gmt":"2023-07-22T21:54:40","slug":"hyundai-xteer-hd-7000-15w40-semi-sintetico-gl","status":"publish","type":"product","link":"https:\/\/lubrimas.pe\/tienda\/aceite-de-motor\/hyundai-xteer-hd-7000-15w40-semi-sintetico-gl\/","title":{"rendered":"HYUNDAI XTEER HD 7000 15W40 SEMI SINT\u00c9TICO"},"content":{"rendered":"<p><strong>HYUNDAI XTEER HD 7000 15W40<\/strong> es el aceite de motor semi sint\u00e9tico para motores diesel de servicio pesado m\u00e1s avanzado. Dise\u00f1ado para los \u00faltimos motores diesel premium, as\u00ed como motores convencionales. Formulado para proporcionar lubricaci\u00f3n sobresaliente a los motores diesel modernos de alto rendimiento utilizados en severas aplicaciones de autopistas sin peaje. La avanzada tecnolog\u00eda de XTeer Heavy Duty ofrece un rendimiento excepcional tanto en motores diesel modernos como en modelos antiguos.<\/p>\n<h5><strong>Caracter\u00edsticas del producto<\/strong><\/h5>\n<p>XTeer HD 7000 15W40 proporciona m\u00e1xima protecci\u00f3n del motor bajo carga de trabajo severa. Proporciona un rendimiento m\u00e1ximo del motor en las condiciones m\u00e1s dif\u00edciles. Proporciona una durabilidad del motor sostenida.<\/p>\n<h5><strong>Grado de Viscosidad y Rendimiento<\/strong><\/h5>\n<p>API CI-4 \/ SL \/ MB 228.1 \/ MAN 271 \/ Volvo VDS-2 \/ Cummins 20076<\/p>\n<h5><strong>Propiedades del producto<\/strong><\/h5>\n<table width=\"751\">\n<tbody>\n<tr>\n<td rowspan=\"2\"><strong>Division<\/strong><\/td>\n<td colspan=\"2\"><strong>Centistoke, cSt<\/strong><\/td>\n<td rowspan=\"2\"><strong>Viscosity index<\/strong><\/td>\n<td rowspan=\"2\"><strong>FlashPoint<\/strong><\/td>\n<td rowspan=\"2\"><strong>PourPoint<\/strong><\/td>\n<\/tr>\n<tr>\n<td>@40\u2103<\/td>\n<td>@100\u2103<\/td>\n<\/tr>\n<tr>\n<td><strong>15W40<\/strong><\/td>\n<td>107.2<\/td>\n<td>14.76<\/td>\n<td>143<\/td>\n<td>220<\/td>\n<td>-35<\/td>\n<\/tr>\n<\/tbody>\n<\/table>\n<p>*Las cifras anteriores son el valor medio de las pruebas recientes. Poco espacio en las cifras puede ocurrir en el rango de mantener el rendimiento.<\/p>\n","protected":false},"excerpt":{"rendered":"<p>HYUNDAI XTEER HD 7000 15W40 es el aceite de motor semi sint\u00e9tico para motores diesel de servicio pesado m\u00e1s avanzado. Dise\u00f1ado para los \u00faltimos motores diesel premium, as\u00ed como motores<\/p>\n","protected":false},"featured_media":11519,"template":"","meta":[],"product_brand":[],"product_cat":[16,26],"product_tag":[],"class_list":{"0":"post-394","1":"product","2":"type-product","3":"status-publish","4":"has-post-thumbnail","6":"product_cat-aceite-de-motor","7":"product_cat-motor-diesel","8":"pa_grado-15w40","9":"pa_marca-hyundai-xteer","11":"first","12":"instock","13":"sale","14":"shipping-taxable","15":"purchasable","16":"product-type-variable","17":"has-default-attributes"},"yoast_head":"<!-- This site is optimized with the Yoast SEO plugin v27.4 - https:\/\/yoast.com\/product\/yoast-seo-wordpress\/ -->\n<title>HYUNDAI XTEER HD 7000 15W40 SEMI SINT\u00c9TICO | Lubrimas.pe | Tienda Online<\/title>\n<meta name=\"robots\" content=\"index, follow, max-snippet:-1, max-image-preview:large, max-video-preview:-1\" \/>\n<link rel=\"canonical\" href=\"https:\/\/lubrimas.pe\/tienda\/aceite-de-motor\/hyundai-xteer-hd-7000-15w40-semi-sintetico-gl\/\" \/>\n<meta property=\"og:locale\" content=\"es_ES\" \/>\n<meta property=\"og:type\" content=\"article\" \/>\n<meta property=\"og:title\" content=\"HYUNDAI XTEER HD 7000 15W40 SEMI SINT\u00c9TICO | Lubrimas.pe | Tienda Online\" \/>\n<meta property=\"og:description\" content=\"HYUNDAI XTEER HD 7000 15W40 es el aceite de motor semi sint\u00e9tico para motores diesel de servicio pesado m\u00e1s avanzado. Dise\u00f1ado para los \u00faltimos motores diesel premium, as\u00ed como motores\" \/>\n<meta property=\"og:url\" content=\"https:\/\/lubrimas.pe\/tienda\/aceite-de-motor\/hyundai-xteer-hd-7000-15w40-semi-sintetico-gl\/\" \/>\n<meta property=\"og:site_name\" content=\"Lubrimas.pe | Tienda Online\" \/>\n<meta property=\"article:modified_time\" content=\"2023-07-22T21:54:40+00:00\" \/>\n<meta property=\"og:image\" content=\"https:\/\/lubrimas.pe\/tienda\/wp-content\/uploads\/sites\/3\/2022\/01\/lubrimasperu-aceite-hyundai-xteer-hd700-15w40-koreano-sintetico-galon-4lt-losolivos-lima-peru.webp\" \/>\n\t<meta property=\"og:image:width\" content=\"850\" \/>\n\t<meta property=\"og:image:height\" content=\"1000\" \/>\n\t<meta property=\"og:image:type\" content=\"image\/webp\" \/>\n<meta name=\"twitter:card\" content=\"summary_large_image\" \/>\n<meta name=\"twitter:label1\" content=\"Tiempo de lectura\" \/>\n\t<meta name=\"twitter:data1\" content=\"1 minuto\" \/>\n<script type=\"application\/ld+json\" class=\"yoast-schema-graph\">{\"@context\":\"https:\\\/\\\/schema.org\",\"@graph\":[{\"@type\":[\"WebPage\",\"ItemPage\"],\"@id\":\"https:\\\/\\\/lubrimas.pe\\\/tienda\\\/aceite-de-motor\\\/hyundai-xteer-hd-7000-15w40-semi-sintetico-gl\\\/\",\"url\":\"https:\\\/\\\/lubrimas.pe\\\/tienda\\\/aceite-de-motor\\\/hyundai-xteer-hd-7000-15w40-semi-sintetico-gl\\\/\",\"name\":\"HYUNDAI XTEER HD 7000 15W40 SEMI SINT\u00c9TICO | Lubrimas.pe | Tienda Online\",\"isPartOf\":{\"@id\":\"https:\\\/\\\/lubrimas.pe\\\/tienda\\\/#website\"},\"primaryImageOfPage\":{\"@id\":\"https:\\\/\\\/lubrimas.pe\\\/tienda\\\/aceite-de-motor\\\/hyundai-xteer-hd-7000-15w40-semi-sintetico-gl\\\/#primaryimage\"},\"image\":{\"@id\":\"https:\\\/\\\/lubrimas.pe\\\/tienda\\\/aceite-de-motor\\\/hyundai-xteer-hd-7000-15w40-semi-sintetico-gl\\\/#primaryimage\"},\"thumbnailUrl\":\"https:\\\/\\\/lubrimas.pe\\\/tienda\\\/wp-content\\\/uploads\\\/sites\\\/3\\\/2022\\\/01\\\/lubrimasperu-aceite-hyundai-xteer-hd700-15w40-koreano-sintetico-galon-4lt-losolivos-lima-peru.webp\",\"datePublished\":\"2022-01-19T20:31:25+00:00\",\"dateModified\":\"2023-07-22T21:54:40+00:00\",\"breadcrumb\":{\"@id\":\"https:\\\/\\\/lubrimas.pe\\\/tienda\\\/aceite-de-motor\\\/hyundai-xteer-hd-7000-15w40-semi-sintetico-gl\\\/#breadcrumb\"},\"inLanguage\":\"es\",\"potentialAction\":[{\"@type\":\"ReadAction\",\"target\":[\"https:\\\/\\\/lubrimas.pe\\\/tienda\\\/aceite-de-motor\\\/hyundai-xteer-hd-7000-15w40-semi-sintetico-gl\\\/\"]}]},{\"@type\":\"ImageObject\",\"inLanguage\":\"es\",\"@id\":\"https:\\\/\\\/lubrimas.pe\\\/tienda\\\/aceite-de-motor\\\/hyundai-xteer-hd-7000-15w40-semi-sintetico-gl\\\/#primaryimage\",\"url\":\"https:\\\/\\\/lubrimas.pe\\\/tienda\\\/wp-content\\\/uploads\\\/sites\\\/3\\\/2022\\\/01\\\/lubrimasperu-aceite-hyundai-xteer-hd700-15w40-koreano-sintetico-galon-4lt-losolivos-lima-peru.webp\",\"contentUrl\":\"https:\\\/\\\/lubrimas.pe\\\/tienda\\\/wp-content\\\/uploads\\\/sites\\\/3\\\/2022\\\/01\\\/lubrimasperu-aceite-hyundai-xteer-hd700-15w40-koreano-sintetico-galon-4lt-losolivos-lima-peru.webp\",\"width\":850,\"height\":1000},{\"@type\":\"BreadcrumbList\",\"@id\":\"https:\\\/\\\/lubrimas.pe\\\/tienda\\\/aceite-de-motor\\\/hyundai-xteer-hd-7000-15w40-semi-sintetico-gl\\\/#breadcrumb\",\"itemListElement\":[{\"@type\":\"ListItem\",\"position\":1,\"name\":\"Portada\",\"item\":\"https:\\\/\\\/lubrimas.pe\\\/tienda\\\/\"},{\"@type\":\"ListItem\",\"position\":2,\"name\":\"Cat\u00e1logo\",\"item\":\"https:\\\/\\\/lubrimas.pe\\\/tienda\\\/productos\\\/\"},{\"@type\":\"ListItem\",\"position\":3,\"name\":\"HYUNDAI XTEER HD 7000 15W40 SEMI SINT\u00c9TICO\"}]},{\"@type\":\"WebSite\",\"@id\":\"https:\\\/\\\/lubrimas.pe\\\/tienda\\\/#website\",\"url\":\"https:\\\/\\\/lubrimas.pe\\\/tienda\\\/\",\"name\":\"Lubrimas.pe | Tienda Online\",\"description\":\"Tus lubricantes favoritos al mejor precio!\",\"publisher\":{\"@id\":\"https:\\\/\\\/lubrimas.pe\\\/tienda\\\/#organization\"},\"potentialAction\":[{\"@type\":\"SearchAction\",\"target\":{\"@type\":\"EntryPoint\",\"urlTemplate\":\"https:\\\/\\\/lubrimas.pe\\\/tienda\\\/?s={search_term_string}\"},\"query-input\":{\"@type\":\"PropertyValueSpecification\",\"valueRequired\":true,\"valueName\":\"search_term_string\"}}],\"inLanguage\":\"es\"},{\"@type\":\"Organization\",\"@id\":\"https:\\\/\\\/lubrimas.pe\\\/tienda\\\/#organization\",\"name\":\"Lubrimas.pe\",\"url\":\"https:\\\/\\\/lubrimas.pe\\\/tienda\\\/\",\"logo\":{\"@type\":\"ImageObject\",\"inLanguage\":\"es\",\"@id\":\"https:\\\/\\\/lubrimas.pe\\\/tienda\\\/#\\\/schema\\\/logo\\\/image\\\/\",\"url\":\"https:\\\/\\\/lubrimas.pe\\\/tienda\\\/wp-content\\\/uploads\\\/sites\\\/3\\\/2022\\\/07\\\/BANNERS-PROMO-CYBER-WOW-LUBRIMASPE-2022-07.webp\",\"contentUrl\":\"https:\\\/\\\/lubrimas.pe\\\/tienda\\\/wp-content\\\/uploads\\\/sites\\\/3\\\/2022\\\/07\\\/BANNERS-PROMO-CYBER-WOW-LUBRIMASPE-2022-07.webp\",\"width\":500,\"height\":752,\"caption\":\"Lubrimas.pe\"},\"image\":{\"@id\":\"https:\\\/\\\/lubrimas.pe\\\/tienda\\\/#\\\/schema\\\/logo\\\/image\\\/\"}}]}<\/script>\n<!-- \/ Yoast SEO plugin. -->","yoast_head_json":{"title":"HYUNDAI XTEER HD 7000 15W40 SEMI SINT\u00c9TICO | Lubrimas.pe | Tienda Online","robots":{"index":"index","follow":"follow","max-snippet":"max-snippet:-1","max-image-preview":"max-image-preview:large","max-video-preview":"max-video-preview:-1"},"canonical":"https:\/\/lubrimas.pe\/tienda\/aceite-de-motor\/hyundai-xteer-hd-7000-15w40-semi-sintetico-gl\/","og_locale":"es_ES","og_type":"article","og_title":"HYUNDAI XTEER HD 7000 15W40 SEMI SINT\u00c9TICO | Lubrimas.pe | Tienda Online","og_description":"HYUNDAI XTEER HD 7000 15W40 es el aceite de motor semi sint\u00e9tico para motores diesel de servicio pesado m\u00e1s avanzado. Dise\u00f1ado para los \u00faltimos motores diesel premium, as\u00ed como motores","og_url":"https:\/\/lubrimas.pe\/tienda\/aceite-de-motor\/hyundai-xteer-hd-7000-15w40-semi-sintetico-gl\/","og_site_name":"Lubrimas.pe | Tienda Online","article_modified_time":"2023-07-22T21:54:40+00:00","og_image":[{"width":850,"height":1000,"url":"https:\/\/lubrimas.pe\/tienda\/wp-content\/uploads\/sites\/3\/2022\/01\/lubrimasperu-aceite-hyundai-xteer-hd700-15w40-koreano-sintetico-galon-4lt-losolivos-lima-peru.webp","type":"image\/webp"}],"twitter_card":"summary_large_image","twitter_misc":{"Tiempo de lectura":"1 minuto"},"schema":{"@context":"https:\/\/schema.org","@graph":[{"@type":["WebPage","ItemPage"],"@id":"https:\/\/lubrimas.pe\/tienda\/aceite-de-motor\/hyundai-xteer-hd-7000-15w40-semi-sintetico-gl\/","url":"https:\/\/lubrimas.pe\/tienda\/aceite-de-motor\/hyundai-xteer-hd-7000-15w40-semi-sintetico-gl\/","name":"HYUNDAI XTEER HD 7000 15W40 SEMI SINT\u00c9TICO | Lubrimas.pe | Tienda Online","isPartOf":{"@id":"https:\/\/lubrimas.pe\/tienda\/#website"},"primaryImageOfPage":{"@id":"https:\/\/lubrimas.pe\/tienda\/aceite-de-motor\/hyundai-xteer-hd-7000-15w40-semi-sintetico-gl\/#primaryimage"},"image":{"@id":"https:\/\/lubrimas.pe\/tienda\/aceite-de-motor\/hyundai-xteer-hd-7000-15w40-semi-sintetico-gl\/#primaryimage"},"thumbnailUrl":"https:\/\/lubrimas.pe\/tienda\/wp-content\/uploads\/sites\/3\/2022\/01\/lubrimasperu-aceite-hyundai-xteer-hd700-15w40-koreano-sintetico-galon-4lt-losolivos-lima-peru.webp","datePublished":"2022-01-19T20:31:25+00:00","dateModified":"2023-07-22T21:54:40+00:00","breadcrumb":{"@id":"https:\/\/lubrimas.pe\/tienda\/aceite-de-motor\/hyundai-xteer-hd-7000-15w40-semi-sintetico-gl\/#breadcrumb"},"inLanguage":"es","potentialAction":[{"@type":"ReadAction","target":["https:\/\/lubrimas.pe\/tienda\/aceite-de-motor\/hyundai-xteer-hd-7000-15w40-semi-sintetico-gl\/"]}]},{"@type":"ImageObject","inLanguage":"es","@id":"https:\/\/lubrimas.pe\/tienda\/aceite-de-motor\/hyundai-xteer-hd-7000-15w40-semi-sintetico-gl\/#primaryimage","url":"https:\/\/lubrimas.pe\/tienda\/wp-content\/uploads\/sites\/3\/2022\/01\/lubrimasperu-aceite-hyundai-xteer-hd700-15w40-koreano-sintetico-galon-4lt-losolivos-lima-peru.webp","contentUrl":"https:\/\/lubrimas.pe\/tienda\/wp-content\/uploads\/sites\/3\/2022\/01\/lubrimasperu-aceite-hyundai-xteer-hd700-15w40-koreano-sintetico-galon-4lt-losolivos-lima-peru.webp","width":850,"height":1000},{"@type":"BreadcrumbList","@id":"https:\/\/lubrimas.pe\/tienda\/aceite-de-motor\/hyundai-xteer-hd-7000-15w40-semi-sintetico-gl\/#breadcrumb","itemListElement":[{"@type":"ListItem","position":1,"name":"Portada","item":"https:\/\/lubrimas.pe\/tienda\/"},{"@type":"ListItem","position":2,"name":"Cat\u00e1logo","item":"https:\/\/lubrimas.pe\/tienda\/productos\/"},{"@type":"ListItem","position":3,"name":"HYUNDAI XTEER HD 7000 15W40 SEMI SINT\u00c9TICO"}]},{"@type":"WebSite","@id":"https:\/\/lubrimas.pe\/tienda\/#website","url":"https:\/\/lubrimas.pe\/tienda\/","name":"Lubrimas.pe | Tienda Online","description":"Tus lubricantes favoritos al mejor precio!","publisher":{"@id":"https:\/\/lubrimas.pe\/tienda\/#organization"},"potentialAction":[{"@type":"SearchAction","target":{"@type":"EntryPoint","urlTemplate":"https:\/\/lubrimas.pe\/tienda\/?s={search_term_string}"},"query-input":{"@type":"PropertyValueSpecification","valueRequired":true,"valueName":"search_term_string"}}],"inLanguage":"es"},{"@type":"Organization","@id":"https:\/\/lubrimas.pe\/tienda\/#organization","name":"Lubrimas.pe","url":"https:\/\/lubrimas.pe\/tienda\/","logo":{"@type":"ImageObject","inLanguage":"es","@id":"https:\/\/lubrimas.pe\/tienda\/#\/schema\/logo\/image\/","url":"https:\/\/lubrimas.pe\/tienda\/wp-content\/uploads\/sites\/3\/2022\/07\/BANNERS-PROMO-CYBER-WOW-LUBRIMASPE-2022-07.webp","contentUrl":"https:\/\/lubrimas.pe\/tienda\/wp-content\/uploads\/sites\/3\/2022\/07\/BANNERS-PROMO-CYBER-WOW-LUBRIMASPE-2022-07.webp","width":500,"height":752,"caption":"Lubrimas.pe"},"image":{"@id":"https:\/\/lubrimas.pe\/tienda\/#\/schema\/logo\/image\/"}}]}},"_links":{"self":[{"href":"https:\/\/lubrimas.pe\/tienda\/wp-json\/wp\/v2\/product\/394","targetHints":{"allow":["GET"]}}],"collection":[{"href":"https:\/\/lubrimas.pe\/tienda\/wp-json\/wp\/v2\/product"}],"about":[{"href":"https:\/\/lubrimas.pe\/tienda\/wp-json\/wp\/v2\/types\/product"}],"wp:featuredmedia":[{"embeddable":true,"href":"https:\/\/lubrimas.pe\/tienda\/wp-json\/wp\/v2\/media\/11519"}],"wp:attachment":[{"href":"https:\/\/lubrimas.pe\/tienda\/wp-json\/wp\/v2\/media?parent=394"}],"wp:term":[{"taxonomy":"product_brand","embeddable":true,"href":"https:\/\/lubrimas.pe\/tienda\/wp-json\/wp\/v2\/product_brand?post=394"},{"taxonomy":"product_cat","embeddable":true,"href":"https:\/\/lubrimas.pe\/tienda\/wp-json\/wp\/v2\/product_cat?post=394"},{"taxonomy":"product_tag","embeddable":true,"href":"https:\/\/lubrimas.pe\/tienda\/wp-json\/wp\/v2\/product_tag?post=394"}],"curies":[{"name":"wp","href":"https:\/\/api.w.org\/{rel}","templated":true}]}}