{"id":470,"date":"2022-01-19T20:32:14","date_gmt":"2022-01-19T20:32:14","guid":{"rendered":"https:\/\/lubrimas.pe\/tienda\/?post_type=product&#038;p=470"},"modified":"2025-12-03T16:40:22","modified_gmt":"2025-12-03T21:40:22","slug":"mopar-cvtf4","status":"publish","type":"product","link":"https:\/\/lubrimas.pe\/tienda\/aceite-de-caja\/mopar-cvtf4\/","title":{"rendered":"MOPAR CVTF+4 &#8211; Aceite de Transmisi\u00f3n Original"},"content":{"rendered":"<p><strong>MOPAR CVTF+4 <\/strong><span lang=\"es\">es un fl<\/span><span lang=\"es\">uido de alta calidad espec\u00edficamente para la transmisi\u00f3n continuamente variable (CVT) JATCO utilizada en los veh\u00edculos Jeep. Aprobado por Chrysler Engineering para garantizar un funcionamiento suave y silencioso. Proporciona una lubricaci\u00f3n superior para reducir el desgaste.\u00a0<\/span>Cumple con la especificaci\u00f3n Nissan NS-2.<\/p>\n<table class=\"fitment-table\">\n<thead>\n<tr>\n<th class=\"fitment-year\" scope=\"col\"><strong>A\u00f1o<\/strong><\/th>\n<th class=\"fitment-make\" scope=\"col\"><strong>Marca<\/strong><\/th>\n<th class=\"fitment-model\" scope=\"col\"><strong>Modelo<\/strong><\/th>\n<th class=\"fitment-trim\" scope=\"col\"><strong>Versi\u00f3n<\/strong><\/th>\n<th class=\"fitment-engine\" scope=\"col\"><strong>Motor<\/strong><\/th>\n<\/tr>\n<\/thead>\n<tbody>\n<tr class=\"fitment-row \">\n<td class=\"fitment-year\">2017<\/td>\n<td class=\"fitment-make\">Jeep<\/td>\n<td class=\"fitment-model\">Compass<\/td>\n<td class=\"fitment-trim\">Latitude, Sport<\/td>\n<td class=\"fitment-engine\">2.0L L4 \u2013 Gas, 2.4L L4 \u2013 Gas<\/td>\n<\/tr>\n<tr class=\"fitment-row \">\n<td class=\"fitment-year\">2016<\/td>\n<td class=\"fitment-make\">Jeep<\/td>\n<td class=\"fitment-model\">Compass<\/td>\n<td class=\"fitment-trim\">75th Anniversary, Latitude, Sport<\/td>\n<td class=\"fitment-engine\">2.0L L4 \u2013 Gas, 2.4L L4 \u2013 Gas<\/td>\n<\/tr>\n<tr class=\"fitment-row \">\n<td class=\"fitment-year\">2015<\/td>\n<td class=\"fitment-make\">Jeep<\/td>\n<td class=\"fitment-model\">Compass<\/td>\n<td class=\"fitment-trim\">Altitude, High Altitude, Latitude, Limited, Sport<\/td>\n<td class=\"fitment-engine\">2.0L L4 \u2013 Gas, 2.4L L4 \u2013 Gas<\/td>\n<\/tr>\n<tr class=\"fitment-row fitment-hidden\">\n<td class=\"fitment-year\">2014<\/td>\n<td class=\"fitment-make\">Jeep<\/td>\n<td class=\"fitment-model\">Compass<\/td>\n<td class=\"fitment-trim\">Latitude, Limited, Sport<\/td>\n<td class=\"fitment-engine\">2.0L L4 \u2013 Gas, 2.4L L4 \u2013 Gas<\/td>\n<\/tr>\n<tr class=\"fitment-row fitment-hidden\">\n<td class=\"fitment-year\">2013<\/td>\n<td class=\"fitment-make\">Jeep<\/td>\n<td class=\"fitment-model\">Compass<\/td>\n<td class=\"fitment-trim\">Latitude, Limited, Sport<\/td>\n<td class=\"fitment-engine\">2.0L L4 \u2013 Gas, 2.4L L4 \u2013 Gas<\/td>\n<\/tr>\n<tr class=\"fitment-row fitment-hidden\">\n<td class=\"fitment-year\">2012<\/td>\n<td class=\"fitment-make\">Jeep<\/td>\n<td class=\"fitment-model\">Compass<\/td>\n<td class=\"fitment-trim\">Latitude, Limited, Sport<\/td>\n<td class=\"fitment-engine\">2.0L L4 \u2013 Gas, 2.4L L4 \u2013 Gas<\/td>\n<\/tr>\n<tr class=\"fitment-row fitment-hidden\">\n<td class=\"fitment-year\">2011<\/td>\n<td class=\"fitment-make\">Jeep<\/td>\n<td class=\"fitment-model\">Compass<\/td>\n<td class=\"fitment-trim\">Latitude, Limited<\/td>\n<td class=\"fitment-engine\">2.0L L4 \u2013 Gas, 2.4L L4 \u2013 Gas<\/td>\n<\/tr>\n<tr class=\"fitment-row fitment-hidden\">\n<td class=\"fitment-year\">2010<\/td>\n<td class=\"fitment-make\">Jeep<\/td>\n<td class=\"fitment-model\">Compass<\/td>\n<td class=\"fitment-trim\">Limited, Sport<\/td>\n<td class=\"fitment-engine\">2.0L L4 \u2013 Gas, 2.4L L4 \u2013 Gas<\/td>\n<\/tr>\n<tr class=\"fitment-row fitment-hidden\">\n<td class=\"fitment-year\">2009<\/td>\n<td class=\"fitment-make\">Jeep<\/td>\n<td class=\"fitment-model\">Compass<\/td>\n<td class=\"fitment-trim\">Limited, Sport<\/td>\n<td class=\"fitment-engine\">2.0L L4 \u2013 Gas, 2.4L L4 \u2013 Gas<\/td>\n<\/tr>\n<tr class=\"fitment-row fitment-hidden\">\n<td class=\"fitment-year\">2008<\/td>\n<td class=\"fitment-make\">Jeep<\/td>\n<td class=\"fitment-model\">Compass<\/td>\n<td class=\"fitment-trim\">Limited, Sport<\/td>\n<td class=\"fitment-engine\">2.0L L4 \u2013 Gas, 2.4L L4 \u2013 Gas<\/td>\n<\/tr>\n<tr class=\"fitment-row fitment-hidden\">\n<td class=\"fitment-year\">2007<\/td>\n<td class=\"fitment-make\">Jeep<\/td>\n<td class=\"fitment-model\">Compass<\/td>\n<td class=\"fitment-trim\">Limited, Sport<\/td>\n<td class=\"fitment-engine\">2.0L L4 \u2013 Gas, 2.4L L4 \u2013 Gas<\/td>\n<\/tr>\n<tr class=\"fitment-row \">\n<td class=\"fitment-year\">2017<\/td>\n<td class=\"fitment-make\">Jeep<\/td>\n<td class=\"fitment-model\">Patriot<\/td>\n<td class=\"fitment-trim\">Latitude, Sport<\/td>\n<td class=\"fitment-engine\">2.0L L4 \u2013 Gas, 2.4L L4 \u2013 Gas<\/td>\n<\/tr>\n<tr class=\"fitment-row \">\n<td class=\"fitment-year\">2016<\/td>\n<td class=\"fitment-make\">Jeep<\/td>\n<td class=\"fitment-model\">Patriot<\/td>\n<td class=\"fitment-trim\">75th Anniversary, Latitude, Sport<\/td>\n<td class=\"fitment-engine\">2.0L L4 \u2013 Gas, 2.4L L4 \u2013 Gas<\/td>\n<\/tr>\n<tr class=\"fitment-row fitment-hidden\">\n<td class=\"fitment-year\">2015<\/td>\n<td class=\"fitment-make\">Jeep<\/td>\n<td class=\"fitment-model\">Patriot<\/td>\n<td class=\"fitment-trim\">Latitude, Limited, Sport<\/td>\n<td class=\"fitment-engine\">2.0L L4 \u2013 Gas, 2.4L L4 \u2013 Gas<\/td>\n<\/tr>\n<tr class=\"fitment-row fitment-hidden\">\n<td class=\"fitment-year\">2014<\/td>\n<td class=\"fitment-make\">Jeep<\/td>\n<td class=\"fitment-model\">Patriot<\/td>\n<td class=\"fitment-trim\">Latitude, Limited, Sport<\/td>\n<td class=\"fitment-engine\">2.0L L4 \u2013 Gas, 2.4L L4 \u2013 Gas<\/td>\n<\/tr>\n<tr class=\"fitment-row fitment-hidden\">\n<td class=\"fitment-year\">2013<\/td>\n<td class=\"fitment-make\">Jeep<\/td>\n<td class=\"fitment-model\">Patriot<\/td>\n<td class=\"fitment-trim\">Latitude, Limited, Sport<\/td>\n<td class=\"fitment-engine\">2.0L L4 \u2013 Gas, 2.4L L4 \u2013 Gas<\/td>\n<\/tr>\n<tr class=\"fitment-row fitment-hidden\">\n<td class=\"fitment-year\">2012<\/td>\n<td class=\"fitment-make\">Jeep<\/td>\n<td class=\"fitment-model\">Patriot<\/td>\n<td class=\"fitment-trim\">Latitude, Limited, Sport<\/td>\n<td class=\"fitment-engine\">2.0L L4 \u2013 Gas, 2.4L L4 \u2013 Gas<\/td>\n<\/tr>\n<tr class=\"fitment-row fitment-hidden\">\n<td class=\"fitment-year\">2011<\/td>\n<td class=\"fitment-make\">Jeep<\/td>\n<td class=\"fitment-model\">Patriot<\/td>\n<td class=\"fitment-trim\">Latitude, Latitude X, Sport<\/td>\n<td class=\"fitment-engine\">2.0L L4 \u2013 Gas, 2.4L L4 \u2013 Gas<\/td>\n<\/tr>\n<tr class=\"fitment-row fitment-hidden\">\n<td class=\"fitment-year\">2010<\/td>\n<td class=\"fitment-make\">Jeep<\/td>\n<td class=\"fitment-model\">Patriot<\/td>\n<td class=\"fitment-trim\">Limited, Sport<\/td>\n<td class=\"fitment-engine\">2.0L L4 \u2013 Gas, 2.4L L4 \u2013 Gas<\/td>\n<\/tr>\n<tr class=\"fitment-row fitment-hidden\">\n<td class=\"fitment-year\">2009<\/td>\n<td class=\"fitment-make\">Jeep<\/td>\n<td class=\"fitment-model\">Patriot<\/td>\n<td class=\"fitment-trim\">Limited, Sport<\/td>\n<td class=\"fitment-engine\">2.0L L4 \u2013 Gas, 2.4L L4 \u2013 Gas<\/td>\n<\/tr>\n<tr class=\"fitment-row fitment-hidden\">\n<td class=\"fitment-year\">2012<\/td>\n<td class=\"fitment-make\">Dodge<\/td>\n<td class=\"fitment-model\">Caliber<\/td>\n<td class=\"fitment-trim\">SE, SXT, SXT Plus<\/td>\n<td class=\"fitment-engine\">2.0L L4 \u2013 Gas, 2.4L L4 \u2013 Gas<\/td>\n<\/tr>\n<tr class=\"fitment-row fitment-hidden\">\n<td class=\"fitment-year\">2011<\/td>\n<td class=\"fitment-make\">Dodge<\/td>\n<td class=\"fitment-model\">Caliber<\/td>\n<td class=\"fitment-trim\">Express, Heat, Mainstreet, Rush, Uptown<\/td>\n<td class=\"fitment-engine\">2.0L L4 \u2013 Gas, 2.4L L4 \u2013 Gas<\/td>\n<\/tr>\n<tr class=\"fitment-row fitment-hidden\">\n<td class=\"fitment-year\">2010<\/td>\n<td class=\"fitment-make\">Dodge<\/td>\n<td class=\"fitment-model\">Caliber<\/td>\n<td class=\"fitment-trim\">Express, Heat, Mainstreet, R\/T, Rush, SE, SXT, Uptown<\/td>\n<td class=\"fitment-engine\">2.0L L4 \u2013 Gas, 2.4L L4 \u2013 Gas<\/td>\n<\/tr>\n<tr class=\"fitment-row fitment-hidden\">\n<td class=\"fitment-year\">2009<\/td>\n<td class=\"fitment-make\">Dodge<\/td>\n<td class=\"fitment-model\">Caliber<\/td>\n<td class=\"fitment-trim\">R\/T, SE, SRT-4, SXT<\/td>\n<td class=\"fitment-engine\">1.8L L4 \u2013 Gas, 2.0L L4 \u2013 Gas, 2.4L L4 \u2013 Gas<\/td>\n<\/tr>\n<\/tbody>\n<\/table>\n","protected":false},"excerpt":{"rendered":"<p>MOPAR CVTF+4 es un fluido de alta calidad espec\u00edficamente para la transmisi\u00f3n continuamente variable (CVT) JATCO utilizada en los veh\u00edculos Jeep. Aprobado por Chrysler Engineering para garantizar un funcionamiento suave<\/p>\n","protected":false},"featured_media":11734,"template":"","meta":[],"product_brand":[],"product_cat":[27,32],"product_tag":[],"class_list":{"0":"post-470","1":"product","2":"type-product","3":"status-publish","4":"has-post-thumbnail","6":"product_cat-aceite-de-caja","7":"product_cat-caja-automatica","8":"pa_especificaciones-nissan-ns-2","9":"pa_marca-mopar","10":"pa_transmision-cvt","11":"pa_transmision-cvtf4","13":"first","14":"instock","15":"shipping-taxable","16":"purchasable","17":"product-type-variable","18":"has-default-attributes"},"yoast_head":"<!-- This site is optimized with the Yoast SEO plugin v27.1.1 - https:\/\/yoast.com\/product\/yoast-seo-wordpress\/ -->\n<title>MOPAR CVTF+4 - Aceite de Transmisi\u00f3n Original | Lubrimas.pe | Tienda Online<\/title>\n<meta name=\"description\" content=\"MOPAR CVTF+4 es un fluido de alta calidad espec\u00edficamente para la transmisi\u00f3n CVT JATCO utilizada en los veh\u00edculos Jeep.\" \/>\n<meta name=\"robots\" content=\"index, follow, max-snippet:-1, max-image-preview:large, max-video-preview:-1\" \/>\n<link rel=\"canonical\" href=\"https:\/\/lubrimas.pe\/tienda\/aceite-de-caja\/mopar-cvtf4\/\" \/>\n<meta property=\"og:locale\" content=\"es_ES\" \/>\n<meta property=\"og:type\" content=\"article\" \/>\n<meta property=\"og:title\" content=\"MOPAR CVTF+4 - Aceite de Transmisi\u00f3n Original | Lubrimas.pe | Tienda Online\" \/>\n<meta property=\"og:description\" content=\"MOPAR CVTF+4 es un fluido de alta calidad espec\u00edficamente para la transmisi\u00f3n CVT JATCO utilizada en los veh\u00edculos Jeep.\" \/>\n<meta property=\"og:url\" content=\"https:\/\/lubrimas.pe\/tienda\/aceite-de-caja\/mopar-cvtf4\/\" \/>\n<meta property=\"og:site_name\" content=\"Lubrimas.pe | Tienda Online\" \/>\n<meta property=\"article:modified_time\" content=\"2025-12-03T21:40:22+00:00\" \/>\n<meta property=\"og:image\" content=\"https:\/\/lubrimas.pe\/tienda\/wp-content\/uploads\/sites\/3\/2022\/01\/lubrimasperu-aceite-transmison-automatica-CVTF4-mopar-original-jeep-Chrysler-MS-9602-Jeep-GrandCherokee-fullsintetico-1litro-hidrolina-losolivos-peru.webp\" \/>\n\t<meta property=\"og:image:width\" content=\"850\" \/>\n\t<meta property=\"og:image:height\" content=\"1000\" \/>\n\t<meta property=\"og:image:type\" content=\"image\/webp\" \/>\n<meta name=\"twitter:card\" content=\"summary_large_image\" \/>\n<meta name=\"twitter:label1\" content=\"Tiempo de lectura\" \/>\n\t<meta name=\"twitter:data1\" content=\"1 minuto\" \/>\n<script type=\"application\/ld+json\" class=\"yoast-schema-graph\">{\"@context\":\"https:\/\/schema.org\",\"@graph\":[{\"@type\":[\"WebPage\",\"ItemPage\"],\"@id\":\"https:\/\/lubrimas.pe\/tienda\/aceite-de-caja\/mopar-cvtf4\/\",\"url\":\"https:\/\/lubrimas.pe\/tienda\/aceite-de-caja\/mopar-cvtf4\/\",\"name\":\"MOPAR CVTF+4 - Aceite de Transmisi\u00f3n Original | Lubrimas.pe | Tienda Online\",\"isPartOf\":{\"@id\":\"https:\/\/lubrimas.pe\/tienda\/#website\"},\"primaryImageOfPage\":{\"@id\":\"https:\/\/lubrimas.pe\/tienda\/aceite-de-caja\/mopar-cvtf4\/#primaryimage\"},\"image\":{\"@id\":\"https:\/\/lubrimas.pe\/tienda\/aceite-de-caja\/mopar-cvtf4\/#primaryimage\"},\"thumbnailUrl\":\"https:\/\/lubrimas.pe\/tienda\/wp-content\/uploads\/sites\/3\/2022\/01\/lubrimasperu-aceite-transmison-automatica-CVTF4-mopar-original-jeep-Chrysler-MS-9602-Jeep-GrandCherokee-fullsintetico-1litro-hidrolina-losolivos-peru.webp\",\"datePublished\":\"2022-01-19T20:32:14+00:00\",\"dateModified\":\"2025-12-03T21:40:22+00:00\",\"description\":\"MOPAR CVTF+4 es un fluido de alta calidad espec\u00edficamente para la transmisi\u00f3n CVT JATCO utilizada en los veh\u00edculos Jeep.\",\"breadcrumb\":{\"@id\":\"https:\/\/lubrimas.pe\/tienda\/aceite-de-caja\/mopar-cvtf4\/#breadcrumb\"},\"inLanguage\":\"es\",\"potentialAction\":[{\"@type\":\"ReadAction\",\"target\":[\"https:\/\/lubrimas.pe\/tienda\/aceite-de-caja\/mopar-cvtf4\/\"]}]},{\"@type\":\"ImageObject\",\"inLanguage\":\"es\",\"@id\":\"https:\/\/lubrimas.pe\/tienda\/aceite-de-caja\/mopar-cvtf4\/#primaryimage\",\"url\":\"https:\/\/lubrimas.pe\/tienda\/wp-content\/uploads\/sites\/3\/2022\/01\/lubrimasperu-aceite-transmison-automatica-CVTF4-mopar-original-jeep-Chrysler-MS-9602-Jeep-GrandCherokee-fullsintetico-1litro-hidrolina-losolivos-peru.webp\",\"contentUrl\":\"https:\/\/lubrimas.pe\/tienda\/wp-content\/uploads\/sites\/3\/2022\/01\/lubrimasperu-aceite-transmison-automatica-CVTF4-mopar-original-jeep-Chrysler-MS-9602-Jeep-GrandCherokee-fullsintetico-1litro-hidrolina-losolivos-peru.webp\",\"width\":850,\"height\":1000,\"caption\":\"MOPAR CVTF\"},{\"@type\":\"BreadcrumbList\",\"@id\":\"https:\/\/lubrimas.pe\/tienda\/aceite-de-caja\/mopar-cvtf4\/#breadcrumb\",\"itemListElement\":[{\"@type\":\"ListItem\",\"position\":1,\"name\":\"Portada\",\"item\":\"https:\/\/lubrimas.pe\/tienda\/\"},{\"@type\":\"ListItem\",\"position\":2,\"name\":\"Cat\u00e1logo\",\"item\":\"https:\/\/lubrimas.pe\/tienda\/productos\/\"},{\"@type\":\"ListItem\",\"position\":3,\"name\":\"MOPAR CVTF+4 &#8211; Aceite de Transmisi\u00f3n Original\"}]},{\"@type\":\"WebSite\",\"@id\":\"https:\/\/lubrimas.pe\/tienda\/#website\",\"url\":\"https:\/\/lubrimas.pe\/tienda\/\",\"name\":\"Lubrimas.pe | Tienda Online\",\"description\":\"Tus lubricantes favoritos al mejor precio!\",\"publisher\":{\"@id\":\"https:\/\/lubrimas.pe\/tienda\/#organization\"},\"potentialAction\":[{\"@type\":\"SearchAction\",\"target\":{\"@type\":\"EntryPoint\",\"urlTemplate\":\"https:\/\/lubrimas.pe\/tienda\/?s={search_term_string}\"},\"query-input\":{\"@type\":\"PropertyValueSpecification\",\"valueRequired\":true,\"valueName\":\"search_term_string\"}}],\"inLanguage\":\"es\"},{\"@type\":\"Organization\",\"@id\":\"https:\/\/lubrimas.pe\/tienda\/#organization\",\"name\":\"Lubrimas.pe\",\"url\":\"https:\/\/lubrimas.pe\/tienda\/\",\"logo\":{\"@type\":\"ImageObject\",\"inLanguage\":\"es\",\"@id\":\"https:\/\/lubrimas.pe\/tienda\/#\/schema\/logo\/image\/\",\"url\":\"https:\/\/lubrimas.pe\/tienda\/wp-content\/uploads\/sites\/3\/2022\/07\/BANNERS-PROMO-CYBER-WOW-LUBRIMASPE-2022-07.webp\",\"contentUrl\":\"https:\/\/lubrimas.pe\/tienda\/wp-content\/uploads\/sites\/3\/2022\/07\/BANNERS-PROMO-CYBER-WOW-LUBRIMASPE-2022-07.webp\",\"width\":500,\"height\":752,\"caption\":\"Lubrimas.pe\"},\"image\":{\"@id\":\"https:\/\/lubrimas.pe\/tienda\/#\/schema\/logo\/image\/\"}}]}<\/script>\n<!-- \/ Yoast SEO plugin. -->","yoast_head_json":{"title":"MOPAR CVTF+4 - Aceite de Transmisi\u00f3n Original | Lubrimas.pe | Tienda Online","description":"MOPAR CVTF+4 es un fluido de alta calidad espec\u00edficamente para la transmisi\u00f3n CVT JATCO utilizada en los veh\u00edculos Jeep.","robots":{"index":"index","follow":"follow","max-snippet":"max-snippet:-1","max-image-preview":"max-image-preview:large","max-video-preview":"max-video-preview:-1"},"canonical":"https:\/\/lubrimas.pe\/tienda\/aceite-de-caja\/mopar-cvtf4\/","og_locale":"es_ES","og_type":"article","og_title":"MOPAR CVTF+4 - Aceite de Transmisi\u00f3n Original | Lubrimas.pe | Tienda Online","og_description":"MOPAR CVTF+4 es un fluido de alta calidad espec\u00edficamente para la transmisi\u00f3n CVT JATCO utilizada en los veh\u00edculos Jeep.","og_url":"https:\/\/lubrimas.pe\/tienda\/aceite-de-caja\/mopar-cvtf4\/","og_site_name":"Lubrimas.pe | Tienda Online","article_modified_time":"2025-12-03T21:40:22+00:00","og_image":[{"width":850,"height":1000,"url":"https:\/\/lubrimas.pe\/tienda\/wp-content\/uploads\/sites\/3\/2022\/01\/lubrimasperu-aceite-transmison-automatica-CVTF4-mopar-original-jeep-Chrysler-MS-9602-Jeep-GrandCherokee-fullsintetico-1litro-hidrolina-losolivos-peru.webp","type":"image\/webp"}],"twitter_card":"summary_large_image","twitter_misc":{"Tiempo de lectura":"1 minuto"},"schema":{"@context":"https:\/\/schema.org","@graph":[{"@type":["WebPage","ItemPage"],"@id":"https:\/\/lubrimas.pe\/tienda\/aceite-de-caja\/mopar-cvtf4\/","url":"https:\/\/lubrimas.pe\/tienda\/aceite-de-caja\/mopar-cvtf4\/","name":"MOPAR CVTF+4 - Aceite de Transmisi\u00f3n Original | Lubrimas.pe | Tienda Online","isPartOf":{"@id":"https:\/\/lubrimas.pe\/tienda\/#website"},"primaryImageOfPage":{"@id":"https:\/\/lubrimas.pe\/tienda\/aceite-de-caja\/mopar-cvtf4\/#primaryimage"},"image":{"@id":"https:\/\/lubrimas.pe\/tienda\/aceite-de-caja\/mopar-cvtf4\/#primaryimage"},"thumbnailUrl":"https:\/\/lubrimas.pe\/tienda\/wp-content\/uploads\/sites\/3\/2022\/01\/lubrimasperu-aceite-transmison-automatica-CVTF4-mopar-original-jeep-Chrysler-MS-9602-Jeep-GrandCherokee-fullsintetico-1litro-hidrolina-losolivos-peru.webp","datePublished":"2022-01-19T20:32:14+00:00","dateModified":"2025-12-03T21:40:22+00:00","description":"MOPAR CVTF+4 es un fluido de alta calidad espec\u00edficamente para la transmisi\u00f3n CVT JATCO utilizada en los veh\u00edculos Jeep.","breadcrumb":{"@id":"https:\/\/lubrimas.pe\/tienda\/aceite-de-caja\/mopar-cvtf4\/#breadcrumb"},"inLanguage":"es","potentialAction":[{"@type":"ReadAction","target":["https:\/\/lubrimas.pe\/tienda\/aceite-de-caja\/mopar-cvtf4\/"]}]},{"@type":"ImageObject","inLanguage":"es","@id":"https:\/\/lubrimas.pe\/tienda\/aceite-de-caja\/mopar-cvtf4\/#primaryimage","url":"https:\/\/lubrimas.pe\/tienda\/wp-content\/uploads\/sites\/3\/2022\/01\/lubrimasperu-aceite-transmison-automatica-CVTF4-mopar-original-jeep-Chrysler-MS-9602-Jeep-GrandCherokee-fullsintetico-1litro-hidrolina-losolivos-peru.webp","contentUrl":"https:\/\/lubrimas.pe\/tienda\/wp-content\/uploads\/sites\/3\/2022\/01\/lubrimasperu-aceite-transmison-automatica-CVTF4-mopar-original-jeep-Chrysler-MS-9602-Jeep-GrandCherokee-fullsintetico-1litro-hidrolina-losolivos-peru.webp","width":850,"height":1000,"caption":"MOPAR CVTF"},{"@type":"BreadcrumbList","@id":"https:\/\/lubrimas.pe\/tienda\/aceite-de-caja\/mopar-cvtf4\/#breadcrumb","itemListElement":[{"@type":"ListItem","position":1,"name":"Portada","item":"https:\/\/lubrimas.pe\/tienda\/"},{"@type":"ListItem","position":2,"name":"Cat\u00e1logo","item":"https:\/\/lubrimas.pe\/tienda\/productos\/"},{"@type":"ListItem","position":3,"name":"MOPAR CVTF+4 &#8211; Aceite de Transmisi\u00f3n Original"}]},{"@type":"WebSite","@id":"https:\/\/lubrimas.pe\/tienda\/#website","url":"https:\/\/lubrimas.pe\/tienda\/","name":"Lubrimas.pe | Tienda Online","description":"Tus lubricantes favoritos al mejor precio!","publisher":{"@id":"https:\/\/lubrimas.pe\/tienda\/#organization"},"potentialAction":[{"@type":"SearchAction","target":{"@type":"EntryPoint","urlTemplate":"https:\/\/lubrimas.pe\/tienda\/?s={search_term_string}"},"query-input":{"@type":"PropertyValueSpecification","valueRequired":true,"valueName":"search_term_string"}}],"inLanguage":"es"},{"@type":"Organization","@id":"https:\/\/lubrimas.pe\/tienda\/#organization","name":"Lubrimas.pe","url":"https:\/\/lubrimas.pe\/tienda\/","logo":{"@type":"ImageObject","inLanguage":"es","@id":"https:\/\/lubrimas.pe\/tienda\/#\/schema\/logo\/image\/","url":"https:\/\/lubrimas.pe\/tienda\/wp-content\/uploads\/sites\/3\/2022\/07\/BANNERS-PROMO-CYBER-WOW-LUBRIMASPE-2022-07.webp","contentUrl":"https:\/\/lubrimas.pe\/tienda\/wp-content\/uploads\/sites\/3\/2022\/07\/BANNERS-PROMO-CYBER-WOW-LUBRIMASPE-2022-07.webp","width":500,"height":752,"caption":"Lubrimas.pe"},"image":{"@id":"https:\/\/lubrimas.pe\/tienda\/#\/schema\/logo\/image\/"}}]}},"_links":{"self":[{"href":"https:\/\/lubrimas.pe\/tienda\/wp-json\/wp\/v2\/product\/470","targetHints":{"allow":["GET"]}}],"collection":[{"href":"https:\/\/lubrimas.pe\/tienda\/wp-json\/wp\/v2\/product"}],"about":[{"href":"https:\/\/lubrimas.pe\/tienda\/wp-json\/wp\/v2\/types\/product"}],"wp:featuredmedia":[{"embeddable":true,"href":"https:\/\/lubrimas.pe\/tienda\/wp-json\/wp\/v2\/media\/11734"}],"wp:attachment":[{"href":"https:\/\/lubrimas.pe\/tienda\/wp-json\/wp\/v2\/media?parent=470"}],"wp:term":[{"taxonomy":"product_brand","embeddable":true,"href":"https:\/\/lubrimas.pe\/tienda\/wp-json\/wp\/v2\/product_brand?post=470"},{"taxonomy":"product_cat","embeddable":true,"href":"https:\/\/lubrimas.pe\/tienda\/wp-json\/wp\/v2\/product_cat?post=470"},{"taxonomy":"product_tag","embeddable":true,"href":"https:\/\/lubrimas.pe\/tienda\/wp-json\/wp\/v2\/product_tag?post=470"}],"curies":[{"name":"wp","href":"https:\/\/api.w.org\/{rel}","templated":true}]}}