{"id":484,"date":"2022-01-19T20:32:24","date_gmt":"2022-01-20T01:32:24","guid":{"rendered":"https:\/\/lubrimas.pe\/tienda\/?post_type=product&#038;p=484"},"modified":"2022-11-15T18:17:33","modified_gmt":"2022-11-15T23:17:33","slug":"prestone-refrigerante-33-antifreeze-coolant","status":"publish","type":"product","link":"https:\/\/lubrimas.pe\/tienda\/refrigerantes\/prestone-refrigerante-33-antifreeze-coolant\/","title":{"rendered":"PRESTONE REFRIGERANTE 33% &#8211; Antifreeze + Coolant"},"content":{"rendered":"<p><strong>PRESTONE REFRIGERANTE 33%<\/strong> es la manera m\u00e1s conveniente de limpiar el sistema de enfriamiento de su autom\u00f3vil con la protecci\u00f3n superior del anticongelante <strong>Prestone<\/strong>. Protegen contra la corrosi\u00f3n y ayudan a rejuvenecer el anticongelante existente de su veh\u00edculo o cami\u00f3n ligero. Esta soluci\u00f3n lista para usar ayuda a que su motor funcione por m\u00e1s tiempo. Utilice <strong>Prestone<\/strong> para mantener el sistema de enfriamiento sofisticado de hoy en d\u00eda, funcionando eficientemente.<\/p>\n<div class=\"mb3\">\n<div>\n<h5><strong>CARACTER\u00cdSTICAS PRINCIPALES<\/strong><\/h5>\n<\/div>\n<ul>\n<li><em>Color del flu\u00eddo\/l\u00edquido: Verde \/ Lim\u00f3n (Mezcla).<\/em><\/li>\n<li>Vida \u00fatil (Ideal \/ Deseable): 5 a\u00f1os \/ 240 000 kms.<\/li>\n<li>Listo para usar, no requiere mezclas adicionales ni ning\u00fan otro a\u00f1adido.<\/li>\n<\/ul>\n<\/div>\n<div class=\"mb3\">\n<div>\n<h5><strong>APLICACIONES RECOMENDADAS<\/strong><\/h5>\n<p>Todos los veh\u00edculos, marcas, modelos y a\u00f1os.<\/p>\n<h5><strong>COMPATIBILIDAD CON LA FORMULA<\/strong><\/h5>\n<\/div>\n<p>HOAT &amp; OAT<\/p>\n<h5><strong>TECNOLOG\u00cdA Y ESPECIFICACIONES DE LA FORMULA<\/strong><\/h5>\n<p>Cumple ASTM D1384, D4340 y D2809<\/p>\n<blockquote><p>ANTICONGELANTE, ANTICONGELANTES, REFRIGERANTES, REFRIGERANTE, 33%, APLICA, COMPATIBLE, CON, TODAS LAS MARCAS, A\u00d1OS, MODELOS, KIA, HYUNDAI, TOYOTA, SUZUKI, MAZDA, NISSAN, SUBARU<\/p><\/blockquote>\n<\/div>\n","protected":false},"excerpt":{"rendered":"<p>PRESTONE REFRIGERANTE 33% es la manera m\u00e1s conveniente de limpiar el sistema de enfriamiento de su autom\u00f3vil con la protecci\u00f3n superior del anticongelante Prestone. Protegen contra la corrosi\u00f3n y ayudan<\/p>\n","protected":false},"featured_media":11646,"template":"","meta":[],"product_brand":[],"product_cat":[38],"product_tag":[],"class_list":{"0":"post-484","1":"product","2":"type-product","3":"status-publish","4":"has-post-thumbnail","6":"product_cat-refrigerantes","7":"pa_concentrado-155","8":"pa_marca-prestone","10":"first","11":"instock","12":"sale","13":"shipping-taxable","14":"purchasable","15":"product-type-variable","16":"has-default-attributes"},"yoast_head":"<!-- This site is optimized with the Yoast SEO plugin v27.1.1 - https:\/\/yoast.com\/product\/yoast-seo-wordpress\/ -->\n<title>PRESTONE REFRIGERANTE 33% | Lubrimas.pe | Tienda Online<\/title>\n<meta name=\"description\" content=\"Prestone 33% es la manera m\u00e1s conveniente de limpiar el sistema de enfriamiento de su autom\u00f3vil con la protecci\u00f3n superior de Prestone.\" \/>\n<meta name=\"robots\" content=\"index, follow, max-snippet:-1, max-image-preview:large, max-video-preview:-1\" \/>\n<link rel=\"canonical\" href=\"https:\/\/lubrimas.pe\/tienda\/refrigerantes\/prestone-refrigerante-33-antifreeze-coolant\/\" \/>\n<meta property=\"og:locale\" content=\"es_ES\" \/>\n<meta property=\"og:type\" content=\"article\" \/>\n<meta property=\"og:title\" content=\"PRESTONE REFRIGERANTE 33% | Lubrimas.pe | Tienda Online\" \/>\n<meta property=\"og:description\" content=\"Prestone 33% es la manera m\u00e1s conveniente de limpiar el sistema de enfriamiento de su autom\u00f3vil con la protecci\u00f3n superior de Prestone.\" \/>\n<meta property=\"og:url\" content=\"https:\/\/lubrimas.pe\/tienda\/refrigerantes\/prestone-refrigerante-33-antifreeze-coolant\/\" \/>\n<meta property=\"og:site_name\" content=\"Lubrimas.pe | Tienda Online\" \/>\n<meta property=\"article:modified_time\" content=\"2022-11-15T23:17:33+00:00\" \/>\n<meta property=\"og:image\" content=\"https:\/\/lubrimas.pe\/tienda\/wp-content\/uploads\/sites\/3\/2022\/01\/lubrimasperu-refrigerante-anticongelante-33-prestone-galon-4l-2-losolivos-lima-peru.webp\" \/>\n\t<meta property=\"og:image:width\" content=\"850\" \/>\n\t<meta property=\"og:image:height\" content=\"1000\" \/>\n\t<meta property=\"og:image:type\" content=\"image\/webp\" \/>\n<meta name=\"twitter:card\" content=\"summary_large_image\" \/>\n<meta name=\"twitter:label1\" content=\"Tiempo de lectura\" \/>\n\t<meta name=\"twitter:data1\" content=\"1 minuto\" \/>\n<script type=\"application\/ld+json\" class=\"yoast-schema-graph\">{\"@context\":\"https:\/\/schema.org\",\"@graph\":[{\"@type\":[\"WebPage\",\"ItemPage\"],\"@id\":\"https:\/\/lubrimas.pe\/tienda\/refrigerantes\/prestone-refrigerante-33-antifreeze-coolant\/\",\"url\":\"https:\/\/lubrimas.pe\/tienda\/refrigerantes\/prestone-refrigerante-33-antifreeze-coolant\/\",\"name\":\"PRESTONE REFRIGERANTE 33% | Lubrimas.pe | Tienda Online\",\"isPartOf\":{\"@id\":\"https:\/\/lubrimas.pe\/tienda\/#website\"},\"primaryImageOfPage\":{\"@id\":\"https:\/\/lubrimas.pe\/tienda\/refrigerantes\/prestone-refrigerante-33-antifreeze-coolant\/#primaryimage\"},\"image\":{\"@id\":\"https:\/\/lubrimas.pe\/tienda\/refrigerantes\/prestone-refrigerante-33-antifreeze-coolant\/#primaryimage\"},\"thumbnailUrl\":\"https:\/\/lubrimas.pe\/tienda\/wp-content\/uploads\/sites\/3\/2022\/01\/lubrimasperu-refrigerante-anticongelante-33-prestone-galon-4l-2-losolivos-lima-peru.webp\",\"datePublished\":\"2022-01-20T01:32:24+00:00\",\"dateModified\":\"2022-11-15T23:17:33+00:00\",\"description\":\"Prestone 33% es la manera m\u00e1s conveniente de limpiar el sistema de enfriamiento de su autom\u00f3vil con la protecci\u00f3n superior de Prestone.\",\"breadcrumb\":{\"@id\":\"https:\/\/lubrimas.pe\/tienda\/refrigerantes\/prestone-refrigerante-33-antifreeze-coolant\/#breadcrumb\"},\"inLanguage\":\"es\",\"potentialAction\":[{\"@type\":\"ReadAction\",\"target\":[\"https:\/\/lubrimas.pe\/tienda\/refrigerantes\/prestone-refrigerante-33-antifreeze-coolant\/\"]}]},{\"@type\":\"ImageObject\",\"inLanguage\":\"es\",\"@id\":\"https:\/\/lubrimas.pe\/tienda\/refrigerantes\/prestone-refrigerante-33-antifreeze-coolant\/#primaryimage\",\"url\":\"https:\/\/lubrimas.pe\/tienda\/wp-content\/uploads\/sites\/3\/2022\/01\/lubrimasperu-refrigerante-anticongelante-33-prestone-galon-4l-2-losolivos-lima-peru.webp\",\"contentUrl\":\"https:\/\/lubrimas.pe\/tienda\/wp-content\/uploads\/sites\/3\/2022\/01\/lubrimasperu-refrigerante-anticongelante-33-prestone-galon-4l-2-losolivos-lima-peru.webp\",\"width\":850,\"height\":1000},{\"@type\":\"BreadcrumbList\",\"@id\":\"https:\/\/lubrimas.pe\/tienda\/refrigerantes\/prestone-refrigerante-33-antifreeze-coolant\/#breadcrumb\",\"itemListElement\":[{\"@type\":\"ListItem\",\"position\":1,\"name\":\"Portada\",\"item\":\"https:\/\/lubrimas.pe\/tienda\/\"},{\"@type\":\"ListItem\",\"position\":2,\"name\":\"Cat\u00e1logo\",\"item\":\"https:\/\/lubrimas.pe\/tienda\/productos\/\"},{\"@type\":\"ListItem\",\"position\":3,\"name\":\"PRESTONE REFRIGERANTE 33% &#8211; Antifreeze + Coolant\"}]},{\"@type\":\"WebSite\",\"@id\":\"https:\/\/lubrimas.pe\/tienda\/#website\",\"url\":\"https:\/\/lubrimas.pe\/tienda\/\",\"name\":\"Lubrimas.pe | Tienda Online\",\"description\":\"Tus lubricantes favoritos al mejor precio!\",\"publisher\":{\"@id\":\"https:\/\/lubrimas.pe\/tienda\/#organization\"},\"potentialAction\":[{\"@type\":\"SearchAction\",\"target\":{\"@type\":\"EntryPoint\",\"urlTemplate\":\"https:\/\/lubrimas.pe\/tienda\/?s={search_term_string}\"},\"query-input\":{\"@type\":\"PropertyValueSpecification\",\"valueRequired\":true,\"valueName\":\"search_term_string\"}}],\"inLanguage\":\"es\"},{\"@type\":\"Organization\",\"@id\":\"https:\/\/lubrimas.pe\/tienda\/#organization\",\"name\":\"Lubrimas.pe\",\"url\":\"https:\/\/lubrimas.pe\/tienda\/\",\"logo\":{\"@type\":\"ImageObject\",\"inLanguage\":\"es\",\"@id\":\"https:\/\/lubrimas.pe\/tienda\/#\/schema\/logo\/image\/\",\"url\":\"https:\/\/lubrimas.pe\/tienda\/wp-content\/uploads\/sites\/3\/2022\/07\/BANNERS-PROMO-CYBER-WOW-LUBRIMASPE-2022-07.webp\",\"contentUrl\":\"https:\/\/lubrimas.pe\/tienda\/wp-content\/uploads\/sites\/3\/2022\/07\/BANNERS-PROMO-CYBER-WOW-LUBRIMASPE-2022-07.webp\",\"width\":500,\"height\":752,\"caption\":\"Lubrimas.pe\"},\"image\":{\"@id\":\"https:\/\/lubrimas.pe\/tienda\/#\/schema\/logo\/image\/\"}}]}<\/script>\n<!-- \/ Yoast SEO plugin. -->","yoast_head_json":{"title":"PRESTONE REFRIGERANTE 33% | Lubrimas.pe | Tienda Online","description":"Prestone 33% es la manera m\u00e1s conveniente de limpiar el sistema de enfriamiento de su autom\u00f3vil con la protecci\u00f3n superior de Prestone.","robots":{"index":"index","follow":"follow","max-snippet":"max-snippet:-1","max-image-preview":"max-image-preview:large","max-video-preview":"max-video-preview:-1"},"canonical":"https:\/\/lubrimas.pe\/tienda\/refrigerantes\/prestone-refrigerante-33-antifreeze-coolant\/","og_locale":"es_ES","og_type":"article","og_title":"PRESTONE REFRIGERANTE 33% | Lubrimas.pe | Tienda Online","og_description":"Prestone 33% es la manera m\u00e1s conveniente de limpiar el sistema de enfriamiento de su autom\u00f3vil con la protecci\u00f3n superior de Prestone.","og_url":"https:\/\/lubrimas.pe\/tienda\/refrigerantes\/prestone-refrigerante-33-antifreeze-coolant\/","og_site_name":"Lubrimas.pe | Tienda Online","article_modified_time":"2022-11-15T23:17:33+00:00","og_image":[{"width":850,"height":1000,"url":"https:\/\/lubrimas.pe\/tienda\/wp-content\/uploads\/sites\/3\/2022\/01\/lubrimasperu-refrigerante-anticongelante-33-prestone-galon-4l-2-losolivos-lima-peru.webp","type":"image\/webp"}],"twitter_card":"summary_large_image","twitter_misc":{"Tiempo de lectura":"1 minuto"},"schema":{"@context":"https:\/\/schema.org","@graph":[{"@type":["WebPage","ItemPage"],"@id":"https:\/\/lubrimas.pe\/tienda\/refrigerantes\/prestone-refrigerante-33-antifreeze-coolant\/","url":"https:\/\/lubrimas.pe\/tienda\/refrigerantes\/prestone-refrigerante-33-antifreeze-coolant\/","name":"PRESTONE REFRIGERANTE 33% | Lubrimas.pe | Tienda Online","isPartOf":{"@id":"https:\/\/lubrimas.pe\/tienda\/#website"},"primaryImageOfPage":{"@id":"https:\/\/lubrimas.pe\/tienda\/refrigerantes\/prestone-refrigerante-33-antifreeze-coolant\/#primaryimage"},"image":{"@id":"https:\/\/lubrimas.pe\/tienda\/refrigerantes\/prestone-refrigerante-33-antifreeze-coolant\/#primaryimage"},"thumbnailUrl":"https:\/\/lubrimas.pe\/tienda\/wp-content\/uploads\/sites\/3\/2022\/01\/lubrimasperu-refrigerante-anticongelante-33-prestone-galon-4l-2-losolivos-lima-peru.webp","datePublished":"2022-01-20T01:32:24+00:00","dateModified":"2022-11-15T23:17:33+00:00","description":"Prestone 33% es la manera m\u00e1s conveniente de limpiar el sistema de enfriamiento de su autom\u00f3vil con la protecci\u00f3n superior de Prestone.","breadcrumb":{"@id":"https:\/\/lubrimas.pe\/tienda\/refrigerantes\/prestone-refrigerante-33-antifreeze-coolant\/#breadcrumb"},"inLanguage":"es","potentialAction":[{"@type":"ReadAction","target":["https:\/\/lubrimas.pe\/tienda\/refrigerantes\/prestone-refrigerante-33-antifreeze-coolant\/"]}]},{"@type":"ImageObject","inLanguage":"es","@id":"https:\/\/lubrimas.pe\/tienda\/refrigerantes\/prestone-refrigerante-33-antifreeze-coolant\/#primaryimage","url":"https:\/\/lubrimas.pe\/tienda\/wp-content\/uploads\/sites\/3\/2022\/01\/lubrimasperu-refrigerante-anticongelante-33-prestone-galon-4l-2-losolivos-lima-peru.webp","contentUrl":"https:\/\/lubrimas.pe\/tienda\/wp-content\/uploads\/sites\/3\/2022\/01\/lubrimasperu-refrigerante-anticongelante-33-prestone-galon-4l-2-losolivos-lima-peru.webp","width":850,"height":1000},{"@type":"BreadcrumbList","@id":"https:\/\/lubrimas.pe\/tienda\/refrigerantes\/prestone-refrigerante-33-antifreeze-coolant\/#breadcrumb","itemListElement":[{"@type":"ListItem","position":1,"name":"Portada","item":"https:\/\/lubrimas.pe\/tienda\/"},{"@type":"ListItem","position":2,"name":"Cat\u00e1logo","item":"https:\/\/lubrimas.pe\/tienda\/productos\/"},{"@type":"ListItem","position":3,"name":"PRESTONE REFRIGERANTE 33% &#8211; Antifreeze + Coolant"}]},{"@type":"WebSite","@id":"https:\/\/lubrimas.pe\/tienda\/#website","url":"https:\/\/lubrimas.pe\/tienda\/","name":"Lubrimas.pe | Tienda Online","description":"Tus lubricantes favoritos al mejor precio!","publisher":{"@id":"https:\/\/lubrimas.pe\/tienda\/#organization"},"potentialAction":[{"@type":"SearchAction","target":{"@type":"EntryPoint","urlTemplate":"https:\/\/lubrimas.pe\/tienda\/?s={search_term_string}"},"query-input":{"@type":"PropertyValueSpecification","valueRequired":true,"valueName":"search_term_string"}}],"inLanguage":"es"},{"@type":"Organization","@id":"https:\/\/lubrimas.pe\/tienda\/#organization","name":"Lubrimas.pe","url":"https:\/\/lubrimas.pe\/tienda\/","logo":{"@type":"ImageObject","inLanguage":"es","@id":"https:\/\/lubrimas.pe\/tienda\/#\/schema\/logo\/image\/","url":"https:\/\/lubrimas.pe\/tienda\/wp-content\/uploads\/sites\/3\/2022\/07\/BANNERS-PROMO-CYBER-WOW-LUBRIMASPE-2022-07.webp","contentUrl":"https:\/\/lubrimas.pe\/tienda\/wp-content\/uploads\/sites\/3\/2022\/07\/BANNERS-PROMO-CYBER-WOW-LUBRIMASPE-2022-07.webp","width":500,"height":752,"caption":"Lubrimas.pe"},"image":{"@id":"https:\/\/lubrimas.pe\/tienda\/#\/schema\/logo\/image\/"}}]}},"_links":{"self":[{"href":"https:\/\/lubrimas.pe\/tienda\/wp-json\/wp\/v2\/product\/484","targetHints":{"allow":["GET"]}}],"collection":[{"href":"https:\/\/lubrimas.pe\/tienda\/wp-json\/wp\/v2\/product"}],"about":[{"href":"https:\/\/lubrimas.pe\/tienda\/wp-json\/wp\/v2\/types\/product"}],"wp:featuredmedia":[{"embeddable":true,"href":"https:\/\/lubrimas.pe\/tienda\/wp-json\/wp\/v2\/media\/11646"}],"wp:attachment":[{"href":"https:\/\/lubrimas.pe\/tienda\/wp-json\/wp\/v2\/media?parent=484"}],"wp:term":[{"taxonomy":"product_brand","embeddable":true,"href":"https:\/\/lubrimas.pe\/tienda\/wp-json\/wp\/v2\/product_brand?post=484"},{"taxonomy":"product_cat","embeddable":true,"href":"https:\/\/lubrimas.pe\/tienda\/wp-json\/wp\/v2\/product_cat?post=484"},{"taxonomy":"product_tag","embeddable":true,"href":"https:\/\/lubrimas.pe\/tienda\/wp-json\/wp\/v2\/product_tag?post=484"}],"curies":[{"name":"wp","href":"https:\/\/api.w.org\/{rel}","templated":true}]}}